{"id":1053,"date":"2021-04-03T20:50:41","date_gmt":"2021-04-03T18:50:41","guid":{"rendered":"https:\/\/www.niemma.de\/shop\/?page_id=1053"},"modified":"2025-10-31T10:17:37","modified_gmt":"2025-10-31T09:17:37","slug":"mendelsche-regeln-der-vererbung","status":"publish","type":"page","link":"https:\/\/nurlernen.de\/biologie\/mendelsche-regeln-der-vererbung\/","title":{"rendered":"Anwendung der Mendelschen Regeln"},"content":{"rendered":"<h3>R\u00fcckkreuzung<\/h3>\n<p>Unter R\u00fcckkreuzung versteht man die Kreuzung eines Individuums, dessen Genotyp unbekannt ist, mit einem homozygot-rezessiven Individuum.<\/p>\n<h4>Wozu ist die R\u00fcckkreuzung gut?<\/h4>\n<p>Durch diese Kreuzung kann der Genotyp des unbekannten Individuums (mit dem dominanten Merkmal) ermittelt werden. Dazu schaut man sich die Verteilung der Nachkommen dieser Kreuzung. Falls alle Nachkommen Uniform sind, dann m\u00fcsste der Elternteil mit dem unbekannten Genotyp homozygot sein (1. Mendelsche Regel). Dagegen ist ein Verh\u00e4ltnis 1:1 ein Hinweis darauf, dass der Elternteil mit dem unbekannten Genotyp heterozygot sein m\u00fcsste.<\/p>\n<p>Betrachten wir die Farbe der Erbsen, wobei gelb (G) gegen\u00fcber gr\u00fcn (g) dominant ist. Gelbe Erbsen k\u00f6nnen also theoretisch den Genotypen GG oder Gg haben. Um den Genotyp einer gelben Erbse zu bestimmen, wird dieser mit einer homozygot-rezessiven Erbse, also mit einer gr\u00fcnen Erbse gekreuzt. Welchen Genotyp hat nun eine gr\u00fcne Erbse?<\/p>\n<p>Eine gr\u00fcne Erbse hat immer den Genotypen gg, da sie homozygot-rezessiv ist. Falls nun die Kreuzung der gr\u00fcnen Erbse mit einer gelben Erbse eine homozygote gelbe Erbse hervorbringen w\u00fcrde (Genotyp GG), wie w\u00fcrden dann die Nachkommen dieser Kreuzung aussehen?<\/p>\n<p>Die Nachkommen w\u00fcrden jeweils ein g und ein G bekommen und w\u00e4ren alle gelb mit dem Genotyp Gg.<\/p>\n<p>Falls aber die gr\u00fcne Erbse mit einer gelben Erbse gekreuzt werden w\u00fcrde und die gelbe Erbse homozygot w\u00e4re, also den Genotyp GG h\u00e4tte, dann w\u00fcrde es sich bei dieser Kreuzung exakt um die 1. Mendelsche Regel handeln, d. h. alle Nachkommen der F1-Generation w\u00e4ren gelb (Uniformit\u00e4tsregel).<\/p>\n<p>Falls die gelbe Erbse heterozygot w\u00e4re, also den Genotyp (Gg) h\u00e4tte, w\u00fcrde eine Kreuzung mit der gr\u00fcnen Erbse (Genotyp gg) sowohl gelbe als auch gr\u00fcne Erbsen liefern, und dies im Verh\u00e4ltnis von 1:1. Dies bedeutet, dass die H\u00e4lfte (50%) der Individuen der F1-Generation gelb (Genotyp: Gg) und die andere H\u00e4lfte der F1-Individuen gr\u00fcn (Genotyp: gg) sind.<\/p>\n<p>Somit ist die R\u00fcckkreuzung eine Technik, um aus dem Verh\u00e4ltnis der Nachkommen, den Genotyp eines unbekannten Individuums zu bestimmen.<\/p>\n<h3>Weitere Anwendungen der Mendelschen Regeln<\/h3>\n<p>Bei der Anwendung von Mendelschen Regeln, ist es besonders hilfreich sich die Verteilung der Nachkommen anzusehen. Dies werden wir jetzt anhand eines konkreten Beispiels besprechen.<\/p>\n<p>Wenn die Individuen der F1-Generation, d. h. die Nachkommen einer Kreuzung, bez\u00fcglich eines Merkmals alle identisch aussehen und genotypisch gleich sind, dann sind BEIDE Elternteile homozygot.<\/p>\n<p><strong>Beispiel:<\/strong> die Kreuzungen von homozygoten Individuen AA x AA, AA x aa und aa x aa ergeben Individuen, die alle genotypisch &#8211; und deshalb auch ph\u00e4notypisch &#8211; identisch sind.<\/p>\n<p>Vorsicht: Die Kreuzung AA x Aa ergibt im vollst\u00e4ndig dominanten Fall Individuen, die alle ph\u00e4notypisch identisch sind, sich aber genotypisch unterscheiden (n\u00e4mlich AA und Aa). Bei der unvollst\u00e4ndigen Dominanz existiert das Problem nicht, da AA und Aa sich auch ph\u00e4notypisch unterscheiden.<\/p>\n<p>Wenn die Individuen der F1-Generation, d. h. die Nachkommen einer Kreuzung, bez\u00fcglich eines Merkmals das Verh\u00e4ltnis 3:1 (bei der vollst\u00e4ndigen Dominanz) oder das Verh\u00e4ltnis 1:2:1 (bei der unvollst\u00e4ndigen Dominanz) zeigen, dann sind BEIDE Elternteile heterozygot.<\/p>\n<p><strong>Beispiel:<\/strong> Die Kreuzungen von heterozygoten Individuen Aa x Aa ergibt gem\u00e4\u00df der 2. Mendelschen Regel Nachkommen, die sich genotypisch im Verh\u00e4ltnis 1:2:1 aufspalten. Bei einer dominant-rezessiven Vererbung (vollst\u00e4ndige Dominanz) wird aus diesem Verh\u00e4ltnis das Ph\u00e4notypenverh\u00e4ltnis 3:1.<\/p>\n<p>Bei einem multihybriden Erbgang, wenn also die Vererbung von mehreren Merkmalen untersucht wird, sollen die Merkmale <strong>SEPARAT<\/strong> und <strong>UNABH\u00c4NGIG<\/strong> voneinander ber\u00fccksichtigt werden. Dazu kann es notwendig werden, die Verh\u00e4ltnisse nochmal zu bestimmen.<\/p>\n<p><strong>Beispiel:<\/strong> Die Kreuzung von rund-gelben Erbsen mit runzelig-gr\u00fcnen Erbsen ergab 50 rund-gelbe und 52 runzelig-gelbe Erbsen. Betrachten wir zuerst die Erbsenfarbe unabh\u00e4ngig von der Erbsenform. Da Alle Nachkommen gelb sind, kann man sofort erkennen, dass Beide Elternteile bez\u00fcglich der Farbe homozygot sind (Uniformit\u00e4tsregel). Nun schauen wir uns die Erbsenform an, ohne die Farbe zu ber\u00fccksichtigen. Die H\u00e4lfte der Nachkommen ist rund, die andere H\u00e4lfte ist runzelig. Dies ist ein Ph\u00e4notypenverh\u00e4ltnis von 1:1. Das bedeutet, dass bez\u00fcglich des Merkmals &#8222;Erbsenform&#8220; ein Elternteil auf jeden Fall homozygot und der andere auf jeden Fall heterozygot sein muss (R\u00fcckkreuzung).<\/p>\n<p>Wenn die Individuen der F1-Generation, d. h. die Nachkommen einer Kreuzung, bez\u00fcglich eines Merkmals genotypisch das Verh\u00e4ltnis 1:1 zeigen, dann ist ein Elternteil homozygot und ein Elternteil heterozygot.<\/p>\n<p><strong>Beispiel:<\/strong> die Kreuzungen von Individuen AA x Aa und Aa x aa ergeben alle Individuen, die genotypisch das Verh\u00e4ltnis 1:1 zeigen. Wenn also die F1-Hybriden bez\u00fcglich eines Merkmals das Ph\u00e4notypenverh\u00e4ltnis 1:1 zeigen, ist ein Elternteil homozygot und ein Elternteil heterozygot.<\/p>\n<p><strong>Vorsicht:<\/strong> Die Kreuzung AA x Aa ergibt im vollst\u00e4ndig dominanten Fall (d. h. bei dominant-rezessiver Erbgang) Individuen, die alle ph\u00e4notypisch identisch sind, sich aber genotypisch unterscheiden (n\u00e4mlich AA und Aa). Bei der unvollst\u00e4ndigen Dominanz existiert das Problem nicht, da AA und Aa sich auch ph\u00e4notypisch unterscheiden.<\/p>\n\n\n<p><button onclick=\"location.href='https:\/\/nurlernen.de\/biologie\/biologie-inhalte\/'\">Lernbereich<\/button>\r\n<button onclick=\"location.href='https:\/\/nurlernen.de\/biologie\/biologie-akademie\/'\">Biologie Akademie<\/button>\r\n<!--button onclick=\"location.href='https:\/\/nurlernen.de\/biologie\/biologie-lernkontrolle\/'\">Lernkontrolle<\/button-->\r\n<!--button onclick=\"location.href='\/biologie-fragenkatalog'\"&gt;Fragenkatalog (F\u00fcr Lehrer)&lt;\/button-->\r\n<\/p>\n","protected":false},"excerpt":{"rendered":"<p>R\u00fcckkreuzung Unter R\u00fcckkreuzung versteht man die Kreuzung eines Individuums, dessen Genotyp unbekannt ist, mit einem homozygot-rezessiven Individuum. Wozu ist die R\u00fcckkreuzung gut? Durch diese Kreuzung kann der Genotyp des unbekannten Individuums (mit dem dominanten Merkmal) ermittelt werden. Dazu schaut man sich die Verteilung der Nachkommen dieser Kreuzung. Falls alle Nachkommen Uniform sind, dann m\u00fcsste der &#8230; <a title=\"Anwendung der Mendelschen Regeln\" class=\"read-more\" href=\"https:\/\/nurlernen.de\/biologie\/mendelsche-regeln-der-vererbung\/\" aria-label=\"Mehr Informationen \u00fcber Anwendung der Mendelschen Regeln\">Weiterlesen<\/a><\/p>\n","protected":false},"author":1,"featured_media":0,"parent":0,"menu_order":0,"comment_status":"open","ping_status":"closed","template":"","meta":{"footnotes":""},"class_list":["post-1053","page","type-page","status-publish"],"yoast_head":"<!-- This site is optimized with the Yoast SEO plugin v27.5 - https:\/\/yoast.com\/product\/yoast-seo-wordpress\/ -->\n<title>Anwendung der Mendelschen Regeln und R\u00fcckkreuzung<\/title>\n<meta name=\"description\" content=\"Mendelsche Regeln und R\u00fcckkreuzung mit vielen Beispielen und \u00dcbungen verst\u00e4ndlich und einfach erkl\u00e4rt. Klausurvorbereitung.\" \/>\n<meta name=\"robots\" content=\"index, follow, max-snippet:-1, max-image-preview:large, max-video-preview:-1\" \/>\n<link rel=\"canonical\" href=\"https:\/\/nurlernen.de\/biologie\/mendelsche-regeln-der-vererbung\/\" \/>\n<meta property=\"og:locale\" content=\"de_DE\" \/>\n<meta property=\"og:type\" content=\"article\" \/>\n<meta property=\"og:title\" content=\"Anwendung der Mendelschen Regeln und R\u00fcckkreuzung\" \/>\n<meta property=\"og:description\" content=\"Mendelsche Regeln und R\u00fcckkreuzung mit vielen Beispielen und \u00dcbungen verst\u00e4ndlich und einfach erkl\u00e4rt. Klausurvorbereitung.\" \/>\n<meta property=\"og:url\" content=\"https:\/\/nurlernen.de\/biologie\/mendelsche-regeln-der-vererbung\/\" \/>\n<meta property=\"og:site_name\" content=\"Biologie verstehen\" \/>\n<meta property=\"article:modified_time\" content=\"2025-10-31T09:17:37+00:00\" \/>\n<meta name=\"twitter:card\" content=\"summary_large_image\" \/>\n<meta name=\"twitter:label1\" content=\"Gesch\u00e4tzte Lesezeit\" \/>\n\t<meta name=\"twitter:data1\" content=\"5\u00a0Minuten\" \/>\n<script type=\"application\/ld+json\" class=\"yoast-schema-graph\">{\"@context\":\"https:\\\/\\\/schema.org\",\"@graph\":[{\"@type\":\"WebPage\",\"@id\":\"https:\\\/\\\/nurlernen.de\\\/biologie\\\/mendelsche-regeln-der-vererbung\\\/\",\"url\":\"https:\\\/\\\/nurlernen.de\\\/biologie\\\/mendelsche-regeln-der-vererbung\\\/\",\"name\":\"Anwendung der Mendelschen Regeln und R\u00fcckkreuzung\",\"isPartOf\":{\"@id\":\"https:\\\/\\\/nurlernen.de\\\/biologie\\\/#website\"},\"datePublished\":\"2021-04-03T18:50:41+00:00\",\"dateModified\":\"2025-10-31T09:17:37+00:00\",\"description\":\"Mendelsche Regeln und R\u00fcckkreuzung mit vielen Beispielen und \u00dcbungen verst\u00e4ndlich und einfach erkl\u00e4rt. Klausurvorbereitung.\",\"breadcrumb\":{\"@id\":\"https:\\\/\\\/nurlernen.de\\\/biologie\\\/mendelsche-regeln-der-vererbung\\\/#breadcrumb\"},\"inLanguage\":\"de\",\"potentialAction\":[{\"@type\":\"ReadAction\",\"target\":[\"https:\\\/\\\/nurlernen.de\\\/biologie\\\/mendelsche-regeln-der-vererbung\\\/\"]}]},{\"@type\":\"BreadcrumbList\",\"@id\":\"https:\\\/\\\/nurlernen.de\\\/biologie\\\/mendelsche-regeln-der-vererbung\\\/#breadcrumb\",\"itemListElement\":[{\"@type\":\"ListItem\",\"position\":1,\"name\":\"Startseite\",\"item\":\"https:\\\/\\\/nurlernen.de\\\/biologie\\\/\"},{\"@type\":\"ListItem\",\"position\":2,\"name\":\"Anwendung der Mendelschen Regeln\"}]},{\"@type\":\"WebSite\",\"@id\":\"https:\\\/\\\/nurlernen.de\\\/biologie\\\/#website\",\"url\":\"https:\\\/\\\/nurlernen.de\\\/biologie\\\/\",\"name\":\"Biologie Lernen\",\"description\":\"\u00dcber 1000 kostenlose \u00dcbungen\",\"publisher\":{\"@id\":\"https:\\\/\\\/nurlernen.de\\\/biologie\\\/#organization\"},\"potentialAction\":[{\"@type\":\"SearchAction\",\"target\":{\"@type\":\"EntryPoint\",\"urlTemplate\":\"https:\\\/\\\/nurlernen.de\\\/biologie\\\/?s={search_term_string}\"},\"query-input\":{\"@type\":\"PropertyValueSpecification\",\"valueRequired\":true,\"valueName\":\"search_term_string\"}}],\"inLanguage\":\"de\"},{\"@type\":\"Organization\",\"@id\":\"https:\\\/\\\/nurlernen.de\\\/biologie\\\/#organization\",\"name\":\"Biologie Lernen\",\"url\":\"https:\\\/\\\/nurlernen.de\\\/biologie\\\/\",\"logo\":{\"@type\":\"ImageObject\",\"inLanguage\":\"de\",\"@id\":\"https:\\\/\\\/nurlernen.de\\\/biologie\\\/#\\\/schema\\\/logo\\\/image\\\/\",\"url\":\"https:\\\/\\\/nurlernen.de\\\/biologie\\\/wp-content\\\/uploads\\\/sites\\\/2\\\/2025\\\/07\\\/cropped-zellkern.png\",\"contentUrl\":\"https:\\\/\\\/nurlernen.de\\\/biologie\\\/wp-content\\\/uploads\\\/sites\\\/2\\\/2025\\\/07\\\/cropped-zellkern.png\",\"width\":512,\"height\":512,\"caption\":\"Biologie Lernen\"},\"image\":{\"@id\":\"https:\\\/\\\/nurlernen.de\\\/biologie\\\/#\\\/schema\\\/logo\\\/image\\\/\"},\"sameAs\":[\"https:\\\/\\\/www.instagram.com\\\/nurlernen.de\\\/\"]}]}<\/script>\n<!-- \/ Yoast SEO plugin. -->","yoast_head_json":{"title":"Anwendung der Mendelschen Regeln und R\u00fcckkreuzung","description":"Mendelsche Regeln und R\u00fcckkreuzung mit vielen Beispielen und \u00dcbungen verst\u00e4ndlich und einfach erkl\u00e4rt. Klausurvorbereitung.","robots":{"index":"index","follow":"follow","max-snippet":"max-snippet:-1","max-image-preview":"max-image-preview:large","max-video-preview":"max-video-preview:-1"},"canonical":"https:\/\/nurlernen.de\/biologie\/mendelsche-regeln-der-vererbung\/","og_locale":"de_DE","og_type":"article","og_title":"Anwendung der Mendelschen Regeln und R\u00fcckkreuzung","og_description":"Mendelsche Regeln und R\u00fcckkreuzung mit vielen Beispielen und \u00dcbungen verst\u00e4ndlich und einfach erkl\u00e4rt. Klausurvorbereitung.","og_url":"https:\/\/nurlernen.de\/biologie\/mendelsche-regeln-der-vererbung\/","og_site_name":"Biologie verstehen","article_modified_time":"2025-10-31T09:17:37+00:00","twitter_card":"summary_large_image","twitter_misc":{"Gesch\u00e4tzte Lesezeit":"5\u00a0Minuten"},"schema":{"@context":"https:\/\/schema.org","@graph":[{"@type":"WebPage","@id":"https:\/\/nurlernen.de\/biologie\/mendelsche-regeln-der-vererbung\/","url":"https:\/\/nurlernen.de\/biologie\/mendelsche-regeln-der-vererbung\/","name":"Anwendung der Mendelschen Regeln und R\u00fcckkreuzung","isPartOf":{"@id":"https:\/\/nurlernen.de\/biologie\/#website"},"datePublished":"2021-04-03T18:50:41+00:00","dateModified":"2025-10-31T09:17:37+00:00","description":"Mendelsche Regeln und R\u00fcckkreuzung mit vielen Beispielen und \u00dcbungen verst\u00e4ndlich und einfach erkl\u00e4rt. Klausurvorbereitung.","breadcrumb":{"@id":"https:\/\/nurlernen.de\/biologie\/mendelsche-regeln-der-vererbung\/#breadcrumb"},"inLanguage":"de","potentialAction":[{"@type":"ReadAction","target":["https:\/\/nurlernen.de\/biologie\/mendelsche-regeln-der-vererbung\/"]}]},{"@type":"BreadcrumbList","@id":"https:\/\/nurlernen.de\/biologie\/mendelsche-regeln-der-vererbung\/#breadcrumb","itemListElement":[{"@type":"ListItem","position":1,"name":"Startseite","item":"https:\/\/nurlernen.de\/biologie\/"},{"@type":"ListItem","position":2,"name":"Anwendung der Mendelschen Regeln"}]},{"@type":"WebSite","@id":"https:\/\/nurlernen.de\/biologie\/#website","url":"https:\/\/nurlernen.de\/biologie\/","name":"Biologie Lernen","description":"\u00dcber 1000 kostenlose \u00dcbungen","publisher":{"@id":"https:\/\/nurlernen.de\/biologie\/#organization"},"potentialAction":[{"@type":"SearchAction","target":{"@type":"EntryPoint","urlTemplate":"https:\/\/nurlernen.de\/biologie\/?s={search_term_string}"},"query-input":{"@type":"PropertyValueSpecification","valueRequired":true,"valueName":"search_term_string"}}],"inLanguage":"de"},{"@type":"Organization","@id":"https:\/\/nurlernen.de\/biologie\/#organization","name":"Biologie Lernen","url":"https:\/\/nurlernen.de\/biologie\/","logo":{"@type":"ImageObject","inLanguage":"de","@id":"https:\/\/nurlernen.de\/biologie\/#\/schema\/logo\/image\/","url":"https:\/\/nurlernen.de\/biologie\/wp-content\/uploads\/sites\/2\/2025\/07\/cropped-zellkern.png","contentUrl":"https:\/\/nurlernen.de\/biologie\/wp-content\/uploads\/sites\/2\/2025\/07\/cropped-zellkern.png","width":512,"height":512,"caption":"Biologie Lernen"},"image":{"@id":"https:\/\/nurlernen.de\/biologie\/#\/schema\/logo\/image\/"},"sameAs":["https:\/\/www.instagram.com\/nurlernen.de\/"]}]}},"_links":{"self":[{"href":"https:\/\/nurlernen.de\/biologie\/wp-json\/wp\/v2\/pages\/1053","targetHints":{"allow":["GET"]}}],"collection":[{"href":"https:\/\/nurlernen.de\/biologie\/wp-json\/wp\/v2\/pages"}],"about":[{"href":"https:\/\/nurlernen.de\/biologie\/wp-json\/wp\/v2\/types\/page"}],"author":[{"embeddable":true,"href":"https:\/\/nurlernen.de\/biologie\/wp-json\/wp\/v2\/users\/1"}],"replies":[{"embeddable":true,"href":"https:\/\/nurlernen.de\/biologie\/wp-json\/wp\/v2\/comments?post=1053"}],"version-history":[{"count":8,"href":"https:\/\/nurlernen.de\/biologie\/wp-json\/wp\/v2\/pages\/1053\/revisions"}],"predecessor-version":[{"id":3112,"href":"https:\/\/nurlernen.de\/biologie\/wp-json\/wp\/v2\/pages\/1053\/revisions\/3112"}],"wp:attachment":[{"href":"https:\/\/nurlernen.de\/biologie\/wp-json\/wp\/v2\/media?parent=1053"}],"curies":[{"name":"wp","href":"https:\/\/api.w.org\/{rel}","templated":true}]}}