{"id":1639,"date":"2021-08-07T19:13:38","date_gmt":"2021-08-07T19:13:38","guid":{"rendered":"https:\/\/nurlernen.de\/biologie\/?page_id=1639"},"modified":"2025-12-16T09:59:06","modified_gmt":"2025-12-16T08:59:06","slug":"was-ist-diffusion-verstaendliche-erklaerung-mit-beispielen","status":"publish","type":"page","link":"https:\/\/nurlernen.de\/biologie\/was-ist-diffusion-verstaendliche-erklaerung-mit-beispielen\/","title":{"rendered":"Was ist Diffusion?"},"content":{"rendered":"\n<p>\n<a href=\"https:\/\/nurlernen.de\/biologie\/biologie-lernkontrolle\/?quiz=l_100320_q&#038;tree=chapter_z100020\" title=\"Direkt zum Test\">\n  <img decoding=\"async\" src=\"https:\/\/nurlernen.de\/biologie\/wp-content\/uploads\/sites\/2\/2025\/11\/test_icon.png\" alt=\"Zum Test\" style=\"width:48px; height:48px;\"><\/a>\n<a href=\"https:\/\/nurlernen.de\/biologie\/biologie-inhalte\/\" title=\"Lernfortschritt\">\n  <img decoding=\"async\" src=\"https:\/\/nurlernen.de\/biologie\/wp-content\/uploads\/sites\/2\/2025\/11\/progress_icon.png\" alt=\"Zum Test\" style=\"width:48px; height:48px;\"><\/a>\n<a href=\"https:\/\/nurlernen.de\/biologie\/biologie-lernkontrolle\" title=\"\u00dcber 1000 \u00dcbungen!\">\n  <img decoding=\"async\" src=\"https:\/\/nurlernen.de\/biologie\/wp-content\/uploads\/sites\/2\/2025\/11\/test2_icon.png\" alt=\"\u00dcber 1000 \u00dcbungen!\" style=\"width:48px; height:48px;\"><\/a>\n<a href=\"https:\/\/nurlernen.de\/biologie\/biologie-artikel\" title=\"Biologie Text-Sammlung\">\n  <img decoding=\"async\" src=\"https:\/\/nurlernen.de\/biologie\/wp-content\/uploads\/sites\/2\/2025\/11\/books_icon.png\" alt=\"Biologie Text-Sammlung\" style=\"width:48px; height:48px;\"><\/a>\n<a href=\"https:\/\/nurlernen.de\/biologie\/biologie-akademie\/\" title=\"Einen Lehrer Fragen\">\n  <img decoding=\"async\" src=\"https:\/\/nurlernen.de\/biologie\/wp-content\/uploads\/sites\/2\/2025\/11\/teacher_icon.png\" alt=\"Zum Test\" style=\"width:48px; height:48px;\"><\/a>\n<\/p>\n\n\n<h4>Wie entsteht die selektive Permeabilit\u00e4t?<\/h4>\n<p>Aufgrund ihres Aufbaus sind Biomembranen selektiv permeabel, d. h. sie lassen nur bestimmte Teilchen passieren. Diese Eigenschaft ist f\u00fcr die Existenz einer Zelle essentiell (lebensnotwendig). Die Phospholipide, die die Membran bilden, erzeugen aufgrund ihrer Anordnung innerhalb der Doppelschicht eine wasserabweisende (hydrophobe) Region. Diese Region verhindert das Passieren von nicht hydrophoben Teilchen, also nicht polaren (apolaren) Teilchen. Somit leistet allein dieser simple Aufbau einen gro\u00dfen Beitrag zur Selektivit\u00e4t einer Biomembran. Konkret bedeutet dies, dass fettl\u00f6sliche und nicht polare Substanzen die Membran leichter passieren k\u00f6nnen als wasserl\u00f6sliche (polare) Substanzen.<\/p>\n<figure id=\"attachment_1644\" aria-describedby=\"caption-attachment-1644\" style=\"width: 246px\" class=\"wp-caption alignright\"><img decoding=\"async\" class=\"size-full wp-image-1644\" src=\"https:\/\/nurlernen.de\/biologie\/wp-content\/uploads\/sites\/2\/2025\/07\/membran_hydro.png\" alt=\"Membran-Polarit\u00e4t\" width=\"256\"><figcaption id=\"caption-attachment-1644\" class=\"wp-caption-text\">Die Polarit\u00e4t von Biomembranen<\/figcaption><\/figure>\n<p>Ein Beispiel:<\/p>\n<p>Das Sauerstoffmolek\u00fcl ist ein absolut symmetrisches Molek\u00fcl und daher nicht polar (apolar). Es kann somit sehr gut Biomembranen passieren. Anders sieht es z. B. mit Wassermolek\u00fclen aus. Sie sind polar und k\u00f6nnen daher die Biomembranen eher schlecht passieren. D. h. aber nicht, dass KEINE Wassermolek\u00fcle die Membran passieren, sondern, dass nur eine geringe Anzahl von Wassermolek\u00fclen (pro Zeiteinheit) eine Membran passieren kann.<\/p>\n<p>Wir reden von vielen Teilchen, die sich statistisch (d. h. zuf\u00e4llig) in alle m\u00f6glichen Richtungen bewegen. Sowohl Wassermolek\u00fcle als auch Lipidmolek\u00fcle der Membran sind in st\u00e4ndiger Bewegung. Statistisch werden also allein aufgrund dieser Bewegung einige Wassermolek\u00fcle die Membran passieren k\u00f6nnen. Zudem ist zu beachten, dass je kleiner die Teilchen sind, desto h\u00f6her ist die Wahrscheinlichkeit, dass sie die Membran passieren.<\/p>\n<p>Wasser oder andere polare Teilchen k\u00f6nnen in begrenztem Ma\u00dfe die Membran in beide Richtungen passieren. Durch Kan\u00e4le, die den Durchlass des Wassers durch die Membran erleichtern, k\u00f6nnen pro Sekunde mehrere Milliarden Wassermolek\u00fcle transportieren. Ohne diese Kan\u00e4le (Aquaporine) w\u00fcrden zwar Wassermolek\u00fcle die Membran passieren k\u00f6nnen, dies w\u00fcrde aber sehr lange dauern. Die selektive Permeabilit\u00e4t der Membran entsteht also durch den Aufbau der Lipiddoppelschicht in Zusammenspiel mit vorhandenen Membranproteinen.<\/p>\n<h3>Brownsche Molekularbewegung<\/h3>\n<p>Die Grundlage der Diffusion ist die st\u00e4ndige zuf\u00e4llige Bewegung von Teilchen, die sogenannte Brownsche Molekularbewegung. Der schottische Botaniker Robert Brown entdeckte im Jahr 1827, dass mikroskopische Teilchen sich st\u00e4ndig und zuf\u00e4llig in verschieden Richtungen bewegen. Dabei wechseln sie ihre Richtung ruckartig.<\/p>\n<p>Jede Bewegung ben\u00f6tigt Energie. Wenn sich die Teilchen in st\u00e4ndiger Bewegung befinden, m\u00fcssen sie in gewisser Weise Energie besitzen. Die W\u00e4rmeenergie ist der Grund f\u00fcr die st\u00e4ndige Teilchenbewegung.<\/p>\n<p>Je h\u00f6her die W\u00e4rmeenergie ist, desto schneller und chaotischer bewegen sich die Teilchen und desto h\u00f6her ist ihre Temperatur. Die Temperatur ist eigentlich nichts anders als die gemittelte Bewegungsenergie der Teilchen. Wenn die W\u00e4rmeenergie abnimmt, bewegen sich die Teilchen langsamer, ihre Temperatur nimmt ab (sie werden k\u00e4lter). Schlie\u00dflich, wenn die W\u00e4rmeenergie den Wert Null erreicht, h\u00f6rt die Brownsche Molekularbewegung komplett auf. Dies geschieht bei der niedrigsten Temperatur im Universum (ca. -273\u00b0C). Diese Temperatur wird auch der absolute Nullpunkt genannt.<\/p>\n<h3>Was ist ein Konzentrationsgef\u00e4lle?<\/h3>\n<figure id=\"attachment_1645\" aria-describedby=\"caption-attachment-1645\" style=\"width: 246px\" class=\"wp-caption alignright\"><img decoding=\"async\" class=\"size-full wp-image-1645\" src=\"https:\/\/nurlernen.de\/biologie\/wp-content\/uploads\/sites\/2\/2025\/07\/diffusion_start.png\" alt=\"Start der Diffusion\" width=\"256\"><figcaption id=\"caption-attachment-1645\" class=\"wp-caption-text\">Vor der Diffusion herrscht ein gro\u00dfes Konzentrationsgef\u00e4lle<\/figcaption><\/figure>\n<p>Die Abbildung zeigt einen Zuckerw\u00fcrfel (braun), der ins Wasser (blau) eingetaucht wurde. Die Anzahl der Zuckerteilchen (braune Kreise) ist auf der linken Seite gr\u00f6\u00dfer als auf der rechten Seite des Beh\u00e4lters. In diesem Fall sagt man auch, dass die Konzentration von Zucker auf der linken Seite h\u00f6her ist als auf der rechten Seite. Fachbegriff: Es herrscht ein Konzentrationsgef\u00e4lle zwischen den beiden Seiten der L\u00f6sung.<\/p>\n<p>Dabei befinden sich sowohl die Wassermolek\u00fcle als auch die Zuckerteilchen in st\u00e4ndiger Bewegung (Brownsche Molekularbewegung). Dies f\u00fchrt dazu, dass sich die Zuckerteilchen nach einiger Zeit \u00fcberall im Beh\u00e4lter verteilen. Sowohl die Bewegung von Wassermolek\u00fclen als auch die von Zuckerteilchen ist rein zuf\u00e4llig. Dennoch sieht es nach einiger Zeit so aus als ob sich die Zuckerteilchen entlang ihres Konzentrationsgef\u00e4lles von links nach rechts ausbreiten. Dieses Ph\u00e4nomen wird als Diffusion bezeichnet.<\/p>\n<figure id=\"attachment_1646\" aria-describedby=\"caption-attachment-1646\" style=\"width: 246px\" class=\"wp-caption alignright\"><img decoding=\"async\" class=\"size-full wp-image-1646\" src=\"https:\/\/nurlernen.de\/biologie\/wp-content\/uploads\/sites\/2\/2025\/07\/diffusion_end.png\" alt=\"Diffusion Ende\" width=\"256\"><figcaption id=\"caption-attachment-1646\" class=\"wp-caption-text\">Die Diffusion stoppt dann, wenn kein Konzentrationsgef\u00e4lle mehr herrscht<\/figcaption><\/figure>\n<p>Was hei\u00dft denn es sieht nur so aus?<\/p>\n<p>Es sieht nur so aus, als ob sich die Teilchen &#8222;bewusst&#8220; entlang ihres Konzentrationsgef\u00e4lles bewegen, denn in Wirklichkeit bewegen sie sich immer noch zuf\u00e4llig in alle m\u00f6glichen Richtungen (Brownsche Molekularbewegung).<\/p>\n<h3>Welche Bedeutung hat die Diffusion f\u00fcr die Zelle?<\/h3>\n<p>Durch die Diffusion gelingen viele Stoffe, die die Membran normalerweise nicht passieren k\u00f6nnen, ohne Energieverbrauch in die Zelle. Die Diffusion ben\u00f6tigt keine Energie, da im Konzentrationsgef\u00e4lle selbst die ben\u00f6tigte Energie gespeichert ist. Zum Beispiel ist aufgrund von Zellatmung die Konzentration von Sauerstoff in der Zelle immer niedriger als im Blut. Deswegen diffundiert Sauerstoff st\u00e4ndig aus dem Blut in die Zellen hinein. Umgekehrt verh\u00e4lt es sich mit Kohlendioxid (CO2).<\/p>\n\n\n<p><button onclick=\"location.href='https:\/\/nurlernen.de\/biologie\/biologie-inhalte\/'\">Lernbereich<\/button>\r\n<button onclick=\"location.href='https:\/\/nurlernen.de\/biologie\/biologie-akademie\/'\">Biologie Akademie<\/button>\r\n<!--button onclick=\"location.href='https:\/\/nurlernen.de\/biologie\/biologie-lernkontrolle\/'\">Lernkontrolle<\/button-->\r\n<!--button onclick=\"location.href='\/biologie-fragenkatalog'\"&gt;Fragenkatalog (F\u00fcr Lehrer)&lt;\/button-->\r\n<\/p>\n","protected":false},"excerpt":{"rendered":"<p>Wie entsteht die selektive Permeabilit\u00e4t? Aufgrund ihres Aufbaus sind Biomembranen selektiv permeabel, d. h. sie lassen nur bestimmte Teilchen passieren. Diese Eigenschaft ist f\u00fcr die Existenz einer Zelle essentiell (lebensnotwendig). Die Phospholipide, die die Membran bilden, erzeugen aufgrund ihrer Anordnung innerhalb der Doppelschicht eine wasserabweisende (hydrophobe) Region. Diese Region verhindert das Passieren von nicht hydrophoben &#8230; <a title=\"Was ist Diffusion?\" class=\"read-more\" href=\"https:\/\/nurlernen.de\/biologie\/was-ist-diffusion-verstaendliche-erklaerung-mit-beispielen\/\" aria-label=\"Mehr Informationen \u00fcber Was ist Diffusion?\">Weiterlesen<\/a><\/p>\n","protected":false},"author":1,"featured_media":0,"parent":0,"menu_order":0,"comment_status":"open","ping_status":"closed","template":"","meta":{"footnotes":""},"class_list":["post-1639","page","type-page","status-publish"],"yoast_head":"<!-- This site is optimized with the Yoast SEO plugin v27.5 - https:\/\/yoast.com\/product\/yoast-seo-wordpress\/ -->\n<title>Was ist Diffusion? Verst\u00e4ndliche Erkl\u00e4rung mit Beispielen<\/title>\n<meta name=\"description\" content=\"Aufgrund ihres Aufbaus sind Biomembranen selektiv permeabel und lassen nur bestimmte Teilchen passieren. Diffusion verst\u00e4ndlich erkl\u00e4rt.\" \/>\n<meta name=\"robots\" content=\"index, follow, max-snippet:-1, max-image-preview:large, max-video-preview:-1\" \/>\n<link rel=\"canonical\" href=\"https:\/\/nurlernen.de\/biologie\/was-ist-diffusion-verstaendliche-erklaerung-mit-beispielen\/\" \/>\n<meta property=\"og:locale\" content=\"de_DE\" \/>\n<meta property=\"og:type\" content=\"article\" \/>\n<meta property=\"og:title\" content=\"Was ist Diffusion? Verst\u00e4ndliche Erkl\u00e4rung mit Beispielen\" \/>\n<meta property=\"og:description\" content=\"Aufgrund ihres Aufbaus sind Biomembranen selektiv permeabel und lassen nur bestimmte Teilchen passieren. Diffusion verst\u00e4ndlich erkl\u00e4rt.\" \/>\n<meta property=\"og:url\" content=\"https:\/\/nurlernen.de\/biologie\/was-ist-diffusion-verstaendliche-erklaerung-mit-beispielen\/\" \/>\n<meta property=\"og:site_name\" content=\"Biologie verstehen\" \/>\n<meta property=\"article:modified_time\" content=\"2025-12-16T08:59:06+00:00\" \/>\n<meta property=\"og:image\" content=\"https:\/\/nurlernen.de\/biologie\/wp-content\/uploads\/sites\/2\/2025\/11\/test_icon.png\" \/>\n<meta name=\"twitter:card\" content=\"summary_large_image\" \/>\n<meta name=\"twitter:label1\" content=\"Gesch\u00e4tzte Lesezeit\" \/>\n\t<meta name=\"twitter:data1\" content=\"6\u00a0Minuten\" \/>\n<script type=\"application\/ld+json\" class=\"yoast-schema-graph\">{\"@context\":\"https:\\\/\\\/schema.org\",\"@graph\":[{\"@type\":\"WebPage\",\"@id\":\"https:\\\/\\\/nurlernen.de\\\/biologie\\\/was-ist-diffusion-verstaendliche-erklaerung-mit-beispielen\\\/\",\"url\":\"https:\\\/\\\/nurlernen.de\\\/biologie\\\/was-ist-diffusion-verstaendliche-erklaerung-mit-beispielen\\\/\",\"name\":\"Was ist Diffusion? Verst\u00e4ndliche Erkl\u00e4rung mit Beispielen\",\"isPartOf\":{\"@id\":\"https:\\\/\\\/nurlernen.de\\\/biologie\\\/#website\"},\"primaryImageOfPage\":{\"@id\":\"https:\\\/\\\/nurlernen.de\\\/biologie\\\/was-ist-diffusion-verstaendliche-erklaerung-mit-beispielen\\\/#primaryimage\"},\"image\":{\"@id\":\"https:\\\/\\\/nurlernen.de\\\/biologie\\\/was-ist-diffusion-verstaendliche-erklaerung-mit-beispielen\\\/#primaryimage\"},\"thumbnailUrl\":\"https:\\\/\\\/nurlernen.de\\\/biologie\\\/wp-content\\\/uploads\\\/sites\\\/2\\\/2025\\\/11\\\/test_icon.png\",\"datePublished\":\"2021-08-07T19:13:38+00:00\",\"dateModified\":\"2025-12-16T08:59:06+00:00\",\"description\":\"Aufgrund ihres Aufbaus sind Biomembranen selektiv permeabel und lassen nur bestimmte Teilchen passieren. Diffusion verst\u00e4ndlich erkl\u00e4rt.\",\"breadcrumb\":{\"@id\":\"https:\\\/\\\/nurlernen.de\\\/biologie\\\/was-ist-diffusion-verstaendliche-erklaerung-mit-beispielen\\\/#breadcrumb\"},\"inLanguage\":\"de\",\"potentialAction\":[{\"@type\":\"ReadAction\",\"target\":[\"https:\\\/\\\/nurlernen.de\\\/biologie\\\/was-ist-diffusion-verstaendliche-erklaerung-mit-beispielen\\\/\"]}]},{\"@type\":\"ImageObject\",\"inLanguage\":\"de\",\"@id\":\"https:\\\/\\\/nurlernen.de\\\/biologie\\\/was-ist-diffusion-verstaendliche-erklaerung-mit-beispielen\\\/#primaryimage\",\"url\":\"https:\\\/\\\/nurlernen.de\\\/biologie\\\/wp-content\\\/uploads\\\/sites\\\/2\\\/2025\\\/11\\\/test_icon.png\",\"contentUrl\":\"https:\\\/\\\/nurlernen.de\\\/biologie\\\/wp-content\\\/uploads\\\/sites\\\/2\\\/2025\\\/11\\\/test_icon.png\",\"width\":256,\"height\":256},{\"@type\":\"BreadcrumbList\",\"@id\":\"https:\\\/\\\/nurlernen.de\\\/biologie\\\/was-ist-diffusion-verstaendliche-erklaerung-mit-beispielen\\\/#breadcrumb\",\"itemListElement\":[{\"@type\":\"ListItem\",\"position\":1,\"name\":\"Startseite\",\"item\":\"https:\\\/\\\/nurlernen.de\\\/biologie\\\/\"},{\"@type\":\"ListItem\",\"position\":2,\"name\":\"Was ist Diffusion?\"}]},{\"@type\":\"WebSite\",\"@id\":\"https:\\\/\\\/nurlernen.de\\\/biologie\\\/#website\",\"url\":\"https:\\\/\\\/nurlernen.de\\\/biologie\\\/\",\"name\":\"Biologie Lernen\",\"description\":\"\u00dcber 1000 kostenlose \u00dcbungen\",\"publisher\":{\"@id\":\"https:\\\/\\\/nurlernen.de\\\/biologie\\\/#organization\"},\"potentialAction\":[{\"@type\":\"SearchAction\",\"target\":{\"@type\":\"EntryPoint\",\"urlTemplate\":\"https:\\\/\\\/nurlernen.de\\\/biologie\\\/?s={search_term_string}\"},\"query-input\":{\"@type\":\"PropertyValueSpecification\",\"valueRequired\":true,\"valueName\":\"search_term_string\"}}],\"inLanguage\":\"de\"},{\"@type\":\"Organization\",\"@id\":\"https:\\\/\\\/nurlernen.de\\\/biologie\\\/#organization\",\"name\":\"Biologie Lernen\",\"url\":\"https:\\\/\\\/nurlernen.de\\\/biologie\\\/\",\"logo\":{\"@type\":\"ImageObject\",\"inLanguage\":\"de\",\"@id\":\"https:\\\/\\\/nurlernen.de\\\/biologie\\\/#\\\/schema\\\/logo\\\/image\\\/\",\"url\":\"https:\\\/\\\/nurlernen.de\\\/biologie\\\/wp-content\\\/uploads\\\/sites\\\/2\\\/2025\\\/07\\\/cropped-zellkern.png\",\"contentUrl\":\"https:\\\/\\\/nurlernen.de\\\/biologie\\\/wp-content\\\/uploads\\\/sites\\\/2\\\/2025\\\/07\\\/cropped-zellkern.png\",\"width\":512,\"height\":512,\"caption\":\"Biologie Lernen\"},\"image\":{\"@id\":\"https:\\\/\\\/nurlernen.de\\\/biologie\\\/#\\\/schema\\\/logo\\\/image\\\/\"},\"sameAs\":[\"https:\\\/\\\/www.instagram.com\\\/nurlernen.de\\\/\"]}]}<\/script>\n<!-- \/ Yoast SEO plugin. -->","yoast_head_json":{"title":"Was ist Diffusion? Verst\u00e4ndliche Erkl\u00e4rung mit Beispielen","description":"Aufgrund ihres Aufbaus sind Biomembranen selektiv permeabel und lassen nur bestimmte Teilchen passieren. Diffusion verst\u00e4ndlich erkl\u00e4rt.","robots":{"index":"index","follow":"follow","max-snippet":"max-snippet:-1","max-image-preview":"max-image-preview:large","max-video-preview":"max-video-preview:-1"},"canonical":"https:\/\/nurlernen.de\/biologie\/was-ist-diffusion-verstaendliche-erklaerung-mit-beispielen\/","og_locale":"de_DE","og_type":"article","og_title":"Was ist Diffusion? Verst\u00e4ndliche Erkl\u00e4rung mit Beispielen","og_description":"Aufgrund ihres Aufbaus sind Biomembranen selektiv permeabel und lassen nur bestimmte Teilchen passieren. Diffusion verst\u00e4ndlich erkl\u00e4rt.","og_url":"https:\/\/nurlernen.de\/biologie\/was-ist-diffusion-verstaendliche-erklaerung-mit-beispielen\/","og_site_name":"Biologie verstehen","article_modified_time":"2025-12-16T08:59:06+00:00","og_image":[{"url":"https:\/\/nurlernen.de\/biologie\/wp-content\/uploads\/sites\/2\/2025\/11\/test_icon.png","type":"","width":"","height":""}],"twitter_card":"summary_large_image","twitter_misc":{"Gesch\u00e4tzte Lesezeit":"6\u00a0Minuten"},"schema":{"@context":"https:\/\/schema.org","@graph":[{"@type":"WebPage","@id":"https:\/\/nurlernen.de\/biologie\/was-ist-diffusion-verstaendliche-erklaerung-mit-beispielen\/","url":"https:\/\/nurlernen.de\/biologie\/was-ist-diffusion-verstaendliche-erklaerung-mit-beispielen\/","name":"Was ist Diffusion? Verst\u00e4ndliche Erkl\u00e4rung mit Beispielen","isPartOf":{"@id":"https:\/\/nurlernen.de\/biologie\/#website"},"primaryImageOfPage":{"@id":"https:\/\/nurlernen.de\/biologie\/was-ist-diffusion-verstaendliche-erklaerung-mit-beispielen\/#primaryimage"},"image":{"@id":"https:\/\/nurlernen.de\/biologie\/was-ist-diffusion-verstaendliche-erklaerung-mit-beispielen\/#primaryimage"},"thumbnailUrl":"https:\/\/nurlernen.de\/biologie\/wp-content\/uploads\/sites\/2\/2025\/11\/test_icon.png","datePublished":"2021-08-07T19:13:38+00:00","dateModified":"2025-12-16T08:59:06+00:00","description":"Aufgrund ihres Aufbaus sind Biomembranen selektiv permeabel und lassen nur bestimmte Teilchen passieren. Diffusion verst\u00e4ndlich erkl\u00e4rt.","breadcrumb":{"@id":"https:\/\/nurlernen.de\/biologie\/was-ist-diffusion-verstaendliche-erklaerung-mit-beispielen\/#breadcrumb"},"inLanguage":"de","potentialAction":[{"@type":"ReadAction","target":["https:\/\/nurlernen.de\/biologie\/was-ist-diffusion-verstaendliche-erklaerung-mit-beispielen\/"]}]},{"@type":"ImageObject","inLanguage":"de","@id":"https:\/\/nurlernen.de\/biologie\/was-ist-diffusion-verstaendliche-erklaerung-mit-beispielen\/#primaryimage","url":"https:\/\/nurlernen.de\/biologie\/wp-content\/uploads\/sites\/2\/2025\/11\/test_icon.png","contentUrl":"https:\/\/nurlernen.de\/biologie\/wp-content\/uploads\/sites\/2\/2025\/11\/test_icon.png","width":256,"height":256},{"@type":"BreadcrumbList","@id":"https:\/\/nurlernen.de\/biologie\/was-ist-diffusion-verstaendliche-erklaerung-mit-beispielen\/#breadcrumb","itemListElement":[{"@type":"ListItem","position":1,"name":"Startseite","item":"https:\/\/nurlernen.de\/biologie\/"},{"@type":"ListItem","position":2,"name":"Was ist Diffusion?"}]},{"@type":"WebSite","@id":"https:\/\/nurlernen.de\/biologie\/#website","url":"https:\/\/nurlernen.de\/biologie\/","name":"Biologie Lernen","description":"\u00dcber 1000 kostenlose \u00dcbungen","publisher":{"@id":"https:\/\/nurlernen.de\/biologie\/#organization"},"potentialAction":[{"@type":"SearchAction","target":{"@type":"EntryPoint","urlTemplate":"https:\/\/nurlernen.de\/biologie\/?s={search_term_string}"},"query-input":{"@type":"PropertyValueSpecification","valueRequired":true,"valueName":"search_term_string"}}],"inLanguage":"de"},{"@type":"Organization","@id":"https:\/\/nurlernen.de\/biologie\/#organization","name":"Biologie Lernen","url":"https:\/\/nurlernen.de\/biologie\/","logo":{"@type":"ImageObject","inLanguage":"de","@id":"https:\/\/nurlernen.de\/biologie\/#\/schema\/logo\/image\/","url":"https:\/\/nurlernen.de\/biologie\/wp-content\/uploads\/sites\/2\/2025\/07\/cropped-zellkern.png","contentUrl":"https:\/\/nurlernen.de\/biologie\/wp-content\/uploads\/sites\/2\/2025\/07\/cropped-zellkern.png","width":512,"height":512,"caption":"Biologie Lernen"},"image":{"@id":"https:\/\/nurlernen.de\/biologie\/#\/schema\/logo\/image\/"},"sameAs":["https:\/\/www.instagram.com\/nurlernen.de\/"]}]}},"_links":{"self":[{"href":"https:\/\/nurlernen.de\/biologie\/wp-json\/wp\/v2\/pages\/1639","targetHints":{"allow":["GET"]}}],"collection":[{"href":"https:\/\/nurlernen.de\/biologie\/wp-json\/wp\/v2\/pages"}],"about":[{"href":"https:\/\/nurlernen.de\/biologie\/wp-json\/wp\/v2\/types\/page"}],"author":[{"embeddable":true,"href":"https:\/\/nurlernen.de\/biologie\/wp-json\/wp\/v2\/users\/1"}],"replies":[{"embeddable":true,"href":"https:\/\/nurlernen.de\/biologie\/wp-json\/wp\/v2\/comments?post=1639"}],"version-history":[{"count":5,"href":"https:\/\/nurlernen.de\/biologie\/wp-json\/wp\/v2\/pages\/1639\/revisions"}],"predecessor-version":[{"id":3245,"href":"https:\/\/nurlernen.de\/biologie\/wp-json\/wp\/v2\/pages\/1639\/revisions\/3245"}],"wp:attachment":[{"href":"https:\/\/nurlernen.de\/biologie\/wp-json\/wp\/v2\/media?parent=1639"}],"curies":[{"name":"wp","href":"https:\/\/api.w.org\/{rel}","templated":true}]}}