{"id":1653,"date":"2021-08-08T07:45:46","date_gmt":"2021-08-08T07:45:46","guid":{"rendered":"https:\/\/nurlernen.de\/biologie\/?page_id=1653"},"modified":"2025-11-18T11:22:23","modified_gmt":"2025-11-18T10:22:23","slug":"passive-transportvorgaenge","status":"publish","type":"page","link":"https:\/\/nurlernen.de\/biologie\/passive-transportvorgaenge\/","title":{"rendered":"Passive Transportvorg\u00e4nge"},"content":{"rendered":"\n<p>\n<a href=\"https:\/\/nurlernen.de\/biologie\/biologie-lernkontrolle\/?quiz=l_100340_q&#038;tree=chapter_z100020\" title=\"Direkt zum Test\">\n  <img decoding=\"async\" src=\"https:\/\/nurlernen.de\/biologie\/wp-content\/uploads\/sites\/2\/2025\/11\/test_icon.png\" alt=\"Zum Test\" style=\"width:48px; height:48px;\"><\/a>\n<a href=\"https:\/\/nurlernen.de\/biologie\/biologie-inhalte\/\" title=\"Lernfortschritt\">\n  <img decoding=\"async\" src=\"https:\/\/nurlernen.de\/biologie\/wp-content\/uploads\/sites\/2\/2025\/11\/progress_icon.png\" alt=\"Zum Test\" style=\"width:48px; height:48px;\"><\/a>\n<a href=\"https:\/\/nurlernen.de\/biologie\/biologie-lernkontrolle\" title=\"\u00dcber 1000 \u00dcbungen!\">\n  <img decoding=\"async\" src=\"https:\/\/nurlernen.de\/biologie\/wp-content\/uploads\/sites\/2\/2025\/11\/test2_icon.png\" alt=\"\u00dcber 1000 \u00dcbungen!\" style=\"width:48px; height:48px;\"><\/a>\n<a href=\"https:\/\/nurlernen.de\/biologie\/biologie-artikel\" title=\"Biologie Text-Sammlung\">\n  <img decoding=\"async\" src=\"https:\/\/nurlernen.de\/biologie\/wp-content\/uploads\/sites\/2\/2025\/11\/books_icon.png\" alt=\"Biologie Text-Sammlung\" style=\"width:48px; height:48px;\"><\/a>\n<a href=\"https:\/\/nurlernen.de\/biologie\/biologie-akademie\/\" title=\"Einen Lehrer Fragen\">\n  <img decoding=\"async\" src=\"https:\/\/nurlernen.de\/biologie\/wp-content\/uploads\/sites\/2\/2025\/11\/teacher_icon.png\" alt=\"Zum Test\" style=\"width:48px; height:48px;\"><\/a>\n<\/p>\n\n\n<figure id=\"attachment_1678\" aria-describedby=\"caption-attachment-1678\" style=\"width: 246px\" class=\"wp-caption alignright\"><img decoding=\"async\" class=\"size-full wp-image-1678\" src=\"https:\/\/nurlernen.de\/biologie\/wp-content\/uploads\/sites\/2\/2025\/07\/passiver_transport.png\" alt=\"Passiver Transport\" width=\"256\" \/><figcaption id=\"caption-attachment-1678\" class=\"wp-caption-text\">Beispiele f\u00fcr erleichterte Diffusion durch Kanal- (oben) und Carrier-Proteine (unten)<\/figcaption><\/figure>\n<p>Transportvorg\u00e4nge bei denen die Zelle keine Energie aufbringen muss, werden als passive Transporte bezeichnet. Diffusion und erleichterte Diffusion sind einige Beispiele hierf\u00fcr.<\/p>\n<p>Hierbei bewegen sich die Teilchen das Konzentrationsgef\u00e4lle herunter, ohne, dass die Zelle extra Arbeit verrichten muss.<\/p>\n<p>Die Beschleunigung der Diffusion von Teilchen (entlang ihres Konzentrationsgef\u00e4lles und durch die Membran) mit Hilfe von Membranproteinen wird als erleichterte Diffusion bezeichnet.<\/p>\n<h4>Erleichterte Diffusion<\/h4>\n<p>Zwei Klassen von Membranproteinen, n\u00e4mlich die Kanal- und die Carrier-Proteinen sind f\u00fcr die erleichterte Diffusion verantwortlich.<\/p>\n<p>Kanalproteine auch Porine genannt, sind Transmembranproteine, die in ihrem Innern das Passieren von i. d. R. polaren bzw. hydrophilen Teilchen zulassen (oben in der Abbildung).<\/p>\n<p>Carrier-Proteine (Tr\u00e4gerproteine) sind Transmembranproteine, die das Andocken von bestimmten (spezifischen) Teilchen zulassen (unten in der Abbildung). Nach einer Konformations\u00e4nderung (Form\u00e4nderung) des Proteins werden die Teilchen von einer Seite in die andere Seite der Membran transportiert.<\/p>\n<p>Die Transportrichtung ist durch das Konzentrationsgef\u00e4lle bestimmt und kann durch passive Transportvorg\u00e4nge nicht beeinflusst werden. Das Schlie\u00dfen bzw. Blockieren von Kanal- und Carrier-Proteinen kann aber zu einer Reduzierung bzw. Drosselung des Transports f\u00fchren. Zum Beispiel ist das \u00d6ffnen und Schlie\u00dfen von spannungsgesteuerten Natrium- und Kaliumkan\u00e4len wichtig f\u00fcr die Entstehung und Weiterleitung eines Nervenreizes. Dabei kann das \u00d6ffnen und Schlie\u00dfen von Kan\u00e4len durch Chemikalien oder physisch (z. B. durch Druck, W\u00e4rme und etc.) gesteuert werden.<\/p>\n<h4>Diffusion von geladenen Teilchen<\/h4>\n<p>Ionen sind geladene Teilchen. Gleichnamige Ladungen sto\u00dfen sich ab und ungleichnamige Ladungen ziehen sich an. Diese elektrische Anziehung oder Absto\u00dfung beeinflusst &#8211; zus\u00e4tzlich zum herrschenden Konzentrationsgef\u00e4lle &#8211; die Bewegungsrichtung von geladenen Teilchen und Ionen. Positive Ionen tendieren dazu in negativ geladene Bereiche zu diffundieren und umgekehrt.<\/p>\n<p>Bei der Betrachtung der Diffusion von Ionen muss also, sowohl das chemische Konzentrationsgef\u00e4lle als auch das elektrische Potenzial ber\u00fccksichtigt werden. In diesem Fall spricht man von dem elektrochemischen Potenzial.<\/p>\n\n\n<p><button onclick=\"location.href='https:\/\/nurlernen.de\/biologie\/biologie-inhalte\/'\">Lernbereich<\/button>\r\n<button onclick=\"location.href='https:\/\/nurlernen.de\/biologie\/biologie-akademie\/'\">Biologie Akademie<\/button>\r\n<!--button onclick=\"location.href='https:\/\/nurlernen.de\/biologie\/biologie-lernkontrolle\/'\">Lernkontrolle<\/button-->\r\n<!--button onclick=\"location.href='\/biologie-fragenkatalog'\"&gt;Fragenkatalog (F\u00fcr Lehrer)&lt;\/button-->\r\n<\/p>\n","protected":false},"excerpt":{"rendered":"<p>Transportvorg\u00e4nge bei denen die Zelle keine Energie aufbringen muss, werden als passive Transporte bezeichnet. Diffusion und erleichterte Diffusion sind einige Beispiele hierf\u00fcr. Hierbei bewegen sich die Teilchen das Konzentrationsgef\u00e4lle herunter, ohne, dass die Zelle extra Arbeit verrichten muss. Die Beschleunigung der Diffusion von Teilchen (entlang ihres Konzentrationsgef\u00e4lles und durch die Membran) mit Hilfe von Membranproteinen &#8230; <a title=\"Passive Transportvorg\u00e4nge\" class=\"read-more\" href=\"https:\/\/nurlernen.de\/biologie\/passive-transportvorgaenge\/\" aria-label=\"Mehr Informationen \u00fcber Passive Transportvorg\u00e4nge\">Weiterlesen<\/a><\/p>\n","protected":false},"author":1,"featured_media":0,"parent":0,"menu_order":0,"comment_status":"open","ping_status":"closed","template":"","meta":{"footnotes":""},"class_list":["post-1653","page","type-page","status-publish"],"yoast_head":"<!-- This site is optimized with the Yoast SEO plugin v27.5 - https:\/\/yoast.com\/product\/yoast-seo-wordpress\/ -->\n<title>Passive Transportvorg\u00e4nge<\/title>\n<meta name=\"description\" content=\"Transportvorg\u00e4nge bei denen die Zelle keine Energie aufbringen muss, werden als passive Transporte bezeichnet z. B. Diffusion und erleichterte Diffusion.\" \/>\n<meta name=\"robots\" content=\"index, follow, max-snippet:-1, max-image-preview:large, max-video-preview:-1\" \/>\n<link rel=\"canonical\" href=\"https:\/\/nurlernen.de\/biologie\/passive-transportvorgaenge\/\" \/>\n<meta property=\"og:locale\" content=\"de_DE\" \/>\n<meta property=\"og:type\" content=\"article\" \/>\n<meta property=\"og:title\" content=\"Passive Transportvorg\u00e4nge\" \/>\n<meta property=\"og:description\" content=\"Transportvorg\u00e4nge bei denen die Zelle keine Energie aufbringen muss, werden als passive Transporte bezeichnet z. B. Diffusion und erleichterte Diffusion.\" \/>\n<meta property=\"og:url\" content=\"https:\/\/nurlernen.de\/biologie\/passive-transportvorgaenge\/\" \/>\n<meta property=\"og:site_name\" content=\"Biologie verstehen\" \/>\n<meta property=\"article:modified_time\" content=\"2025-11-18T10:22:23+00:00\" \/>\n<meta property=\"og:image\" content=\"https:\/\/nurlernen.de\/biologie\/wp-content\/uploads\/sites\/2\/2025\/11\/test_icon.png\" \/>\n<meta name=\"twitter:card\" content=\"summary_large_image\" \/>\n<meta name=\"twitter:label1\" content=\"Gesch\u00e4tzte Lesezeit\" \/>\n\t<meta name=\"twitter:data1\" content=\"3\u00a0Minuten\" \/>\n<script type=\"application\/ld+json\" class=\"yoast-schema-graph\">{\"@context\":\"https:\\\/\\\/schema.org\",\"@graph\":[{\"@type\":\"WebPage\",\"@id\":\"https:\\\/\\\/nurlernen.de\\\/biologie\\\/passive-transportvorgaenge\\\/\",\"url\":\"https:\\\/\\\/nurlernen.de\\\/biologie\\\/passive-transportvorgaenge\\\/\",\"name\":\"Passive Transportvorg\u00e4nge\",\"isPartOf\":{\"@id\":\"https:\\\/\\\/nurlernen.de\\\/biologie\\\/#website\"},\"primaryImageOfPage\":{\"@id\":\"https:\\\/\\\/nurlernen.de\\\/biologie\\\/passive-transportvorgaenge\\\/#primaryimage\"},\"image\":{\"@id\":\"https:\\\/\\\/nurlernen.de\\\/biologie\\\/passive-transportvorgaenge\\\/#primaryimage\"},\"thumbnailUrl\":\"https:\\\/\\\/nurlernen.de\\\/biologie\\\/wp-content\\\/uploads\\\/sites\\\/2\\\/2025\\\/11\\\/test_icon.png\",\"datePublished\":\"2021-08-08T07:45:46+00:00\",\"dateModified\":\"2025-11-18T10:22:23+00:00\",\"description\":\"Transportvorg\u00e4nge bei denen die Zelle keine Energie aufbringen muss, werden als passive Transporte bezeichnet z. B. Diffusion und erleichterte Diffusion.\",\"breadcrumb\":{\"@id\":\"https:\\\/\\\/nurlernen.de\\\/biologie\\\/passive-transportvorgaenge\\\/#breadcrumb\"},\"inLanguage\":\"de\",\"potentialAction\":[{\"@type\":\"ReadAction\",\"target\":[\"https:\\\/\\\/nurlernen.de\\\/biologie\\\/passive-transportvorgaenge\\\/\"]}]},{\"@type\":\"ImageObject\",\"inLanguage\":\"de\",\"@id\":\"https:\\\/\\\/nurlernen.de\\\/biologie\\\/passive-transportvorgaenge\\\/#primaryimage\",\"url\":\"https:\\\/\\\/nurlernen.de\\\/biologie\\\/wp-content\\\/uploads\\\/sites\\\/2\\\/2025\\\/11\\\/test_icon.png\",\"contentUrl\":\"https:\\\/\\\/nurlernen.de\\\/biologie\\\/wp-content\\\/uploads\\\/sites\\\/2\\\/2025\\\/11\\\/test_icon.png\",\"width\":256,\"height\":256},{\"@type\":\"BreadcrumbList\",\"@id\":\"https:\\\/\\\/nurlernen.de\\\/biologie\\\/passive-transportvorgaenge\\\/#breadcrumb\",\"itemListElement\":[{\"@type\":\"ListItem\",\"position\":1,\"name\":\"Startseite\",\"item\":\"https:\\\/\\\/nurlernen.de\\\/biologie\\\/\"},{\"@type\":\"ListItem\",\"position\":2,\"name\":\"Passive Transportvorg\u00e4nge\"}]},{\"@type\":\"WebSite\",\"@id\":\"https:\\\/\\\/nurlernen.de\\\/biologie\\\/#website\",\"url\":\"https:\\\/\\\/nurlernen.de\\\/biologie\\\/\",\"name\":\"Biologie Lernen\",\"description\":\"\u00dcber 1000 kostenlose \u00dcbungen\",\"publisher\":{\"@id\":\"https:\\\/\\\/nurlernen.de\\\/biologie\\\/#organization\"},\"potentialAction\":[{\"@type\":\"SearchAction\",\"target\":{\"@type\":\"EntryPoint\",\"urlTemplate\":\"https:\\\/\\\/nurlernen.de\\\/biologie\\\/?s={search_term_string}\"},\"query-input\":{\"@type\":\"PropertyValueSpecification\",\"valueRequired\":true,\"valueName\":\"search_term_string\"}}],\"inLanguage\":\"de\"},{\"@type\":\"Organization\",\"@id\":\"https:\\\/\\\/nurlernen.de\\\/biologie\\\/#organization\",\"name\":\"Biologie Lernen\",\"url\":\"https:\\\/\\\/nurlernen.de\\\/biologie\\\/\",\"logo\":{\"@type\":\"ImageObject\",\"inLanguage\":\"de\",\"@id\":\"https:\\\/\\\/nurlernen.de\\\/biologie\\\/#\\\/schema\\\/logo\\\/image\\\/\",\"url\":\"https:\\\/\\\/nurlernen.de\\\/biologie\\\/wp-content\\\/uploads\\\/sites\\\/2\\\/2025\\\/07\\\/cropped-zellkern.png\",\"contentUrl\":\"https:\\\/\\\/nurlernen.de\\\/biologie\\\/wp-content\\\/uploads\\\/sites\\\/2\\\/2025\\\/07\\\/cropped-zellkern.png\",\"width\":512,\"height\":512,\"caption\":\"Biologie Lernen\"},\"image\":{\"@id\":\"https:\\\/\\\/nurlernen.de\\\/biologie\\\/#\\\/schema\\\/logo\\\/image\\\/\"},\"sameAs\":[\"https:\\\/\\\/www.instagram.com\\\/nurlernen.de\\\/\"]}]}<\/script>\n<!-- \/ Yoast SEO plugin. -->","yoast_head_json":{"title":"Passive Transportvorg\u00e4nge","description":"Transportvorg\u00e4nge bei denen die Zelle keine Energie aufbringen muss, werden als passive Transporte bezeichnet z. B. Diffusion und erleichterte Diffusion.","robots":{"index":"index","follow":"follow","max-snippet":"max-snippet:-1","max-image-preview":"max-image-preview:large","max-video-preview":"max-video-preview:-1"},"canonical":"https:\/\/nurlernen.de\/biologie\/passive-transportvorgaenge\/","og_locale":"de_DE","og_type":"article","og_title":"Passive Transportvorg\u00e4nge","og_description":"Transportvorg\u00e4nge bei denen die Zelle keine Energie aufbringen muss, werden als passive Transporte bezeichnet z. B. Diffusion und erleichterte Diffusion.","og_url":"https:\/\/nurlernen.de\/biologie\/passive-transportvorgaenge\/","og_site_name":"Biologie verstehen","article_modified_time":"2025-11-18T10:22:23+00:00","og_image":[{"url":"https:\/\/nurlernen.de\/biologie\/wp-content\/uploads\/sites\/2\/2025\/11\/test_icon.png","type":"","width":"","height":""}],"twitter_card":"summary_large_image","twitter_misc":{"Gesch\u00e4tzte Lesezeit":"3\u00a0Minuten"},"schema":{"@context":"https:\/\/schema.org","@graph":[{"@type":"WebPage","@id":"https:\/\/nurlernen.de\/biologie\/passive-transportvorgaenge\/","url":"https:\/\/nurlernen.de\/biologie\/passive-transportvorgaenge\/","name":"Passive Transportvorg\u00e4nge","isPartOf":{"@id":"https:\/\/nurlernen.de\/biologie\/#website"},"primaryImageOfPage":{"@id":"https:\/\/nurlernen.de\/biologie\/passive-transportvorgaenge\/#primaryimage"},"image":{"@id":"https:\/\/nurlernen.de\/biologie\/passive-transportvorgaenge\/#primaryimage"},"thumbnailUrl":"https:\/\/nurlernen.de\/biologie\/wp-content\/uploads\/sites\/2\/2025\/11\/test_icon.png","datePublished":"2021-08-08T07:45:46+00:00","dateModified":"2025-11-18T10:22:23+00:00","description":"Transportvorg\u00e4nge bei denen die Zelle keine Energie aufbringen muss, werden als passive Transporte bezeichnet z. B. Diffusion und erleichterte Diffusion.","breadcrumb":{"@id":"https:\/\/nurlernen.de\/biologie\/passive-transportvorgaenge\/#breadcrumb"},"inLanguage":"de","potentialAction":[{"@type":"ReadAction","target":["https:\/\/nurlernen.de\/biologie\/passive-transportvorgaenge\/"]}]},{"@type":"ImageObject","inLanguage":"de","@id":"https:\/\/nurlernen.de\/biologie\/passive-transportvorgaenge\/#primaryimage","url":"https:\/\/nurlernen.de\/biologie\/wp-content\/uploads\/sites\/2\/2025\/11\/test_icon.png","contentUrl":"https:\/\/nurlernen.de\/biologie\/wp-content\/uploads\/sites\/2\/2025\/11\/test_icon.png","width":256,"height":256},{"@type":"BreadcrumbList","@id":"https:\/\/nurlernen.de\/biologie\/passive-transportvorgaenge\/#breadcrumb","itemListElement":[{"@type":"ListItem","position":1,"name":"Startseite","item":"https:\/\/nurlernen.de\/biologie\/"},{"@type":"ListItem","position":2,"name":"Passive Transportvorg\u00e4nge"}]},{"@type":"WebSite","@id":"https:\/\/nurlernen.de\/biologie\/#website","url":"https:\/\/nurlernen.de\/biologie\/","name":"Biologie Lernen","description":"\u00dcber 1000 kostenlose \u00dcbungen","publisher":{"@id":"https:\/\/nurlernen.de\/biologie\/#organization"},"potentialAction":[{"@type":"SearchAction","target":{"@type":"EntryPoint","urlTemplate":"https:\/\/nurlernen.de\/biologie\/?s={search_term_string}"},"query-input":{"@type":"PropertyValueSpecification","valueRequired":true,"valueName":"search_term_string"}}],"inLanguage":"de"},{"@type":"Organization","@id":"https:\/\/nurlernen.de\/biologie\/#organization","name":"Biologie Lernen","url":"https:\/\/nurlernen.de\/biologie\/","logo":{"@type":"ImageObject","inLanguage":"de","@id":"https:\/\/nurlernen.de\/biologie\/#\/schema\/logo\/image\/","url":"https:\/\/nurlernen.de\/biologie\/wp-content\/uploads\/sites\/2\/2025\/07\/cropped-zellkern.png","contentUrl":"https:\/\/nurlernen.de\/biologie\/wp-content\/uploads\/sites\/2\/2025\/07\/cropped-zellkern.png","width":512,"height":512,"caption":"Biologie Lernen"},"image":{"@id":"https:\/\/nurlernen.de\/biologie\/#\/schema\/logo\/image\/"},"sameAs":["https:\/\/www.instagram.com\/nurlernen.de\/"]}]}},"_links":{"self":[{"href":"https:\/\/nurlernen.de\/biologie\/wp-json\/wp\/v2\/pages\/1653","targetHints":{"allow":["GET"]}}],"collection":[{"href":"https:\/\/nurlernen.de\/biologie\/wp-json\/wp\/v2\/pages"}],"about":[{"href":"https:\/\/nurlernen.de\/biologie\/wp-json\/wp\/v2\/types\/page"}],"author":[{"embeddable":true,"href":"https:\/\/nurlernen.de\/biologie\/wp-json\/wp\/v2\/users\/1"}],"replies":[{"embeddable":true,"href":"https:\/\/nurlernen.de\/biologie\/wp-json\/wp\/v2\/comments?post=1653"}],"version-history":[{"count":6,"href":"https:\/\/nurlernen.de\/biologie\/wp-json\/wp\/v2\/pages\/1653\/revisions"}],"predecessor-version":[{"id":3246,"href":"https:\/\/nurlernen.de\/biologie\/wp-json\/wp\/v2\/pages\/1653\/revisions\/3246"}],"wp:attachment":[{"href":"https:\/\/nurlernen.de\/biologie\/wp-json\/wp\/v2\/media?parent=1653"}],"curies":[{"name":"wp","href":"https:\/\/api.w.org\/{rel}","templated":true}]}}