{"id":1655,"date":"2021-08-08T08:13:20","date_gmt":"2021-08-08T08:13:20","guid":{"rendered":"https:\/\/nurlernen.de\/biologie\/?page_id=1655"},"modified":"2025-11-18T11:23:01","modified_gmt":"2025-11-18T10:23:01","slug":"aktive-transportvorgaenge","status":"publish","type":"page","link":"https:\/\/nurlernen.de\/biologie\/aktive-transportvorgaenge\/","title":{"rendered":"Aktive Transportvorg\u00e4nge"},"content":{"rendered":"\n<p>\n<a href=\"https:\/\/nurlernen.de\/biologie\/biologie-lernkontrolle\/?quiz=l_100350_q&#038;tree=chapter_z100020\" title=\"Direkt zum Test\">\n  <img decoding=\"async\" src=\"https:\/\/nurlernen.de\/biologie\/wp-content\/uploads\/sites\/2\/2025\/11\/test_icon.png\" alt=\"Zum Test\" style=\"width:48px; height:48px;\"><\/a>\n<a href=\"https:\/\/nurlernen.de\/biologie\/biologie-inhalte\/\" title=\"Lernfortschritt\">\n  <img decoding=\"async\" src=\"https:\/\/nurlernen.de\/biologie\/wp-content\/uploads\/sites\/2\/2025\/11\/progress_icon.png\" alt=\"Zum Test\" style=\"width:48px; height:48px;\"><\/a>\n<a href=\"https:\/\/nurlernen.de\/biologie\/biologie-lernkontrolle\" title=\"\u00dcber 1000 \u00dcbungen!\">\n  <img decoding=\"async\" src=\"https:\/\/nurlernen.de\/biologie\/wp-content\/uploads\/sites\/2\/2025\/11\/test2_icon.png\" alt=\"\u00dcber 1000 \u00dcbungen!\" style=\"width:48px; height:48px;\"><\/a>\n<a href=\"https:\/\/nurlernen.de\/biologie\/biologie-artikel\" title=\"Biologie Text-Sammlung\">\n  <img decoding=\"async\" src=\"https:\/\/nurlernen.de\/biologie\/wp-content\/uploads\/sites\/2\/2025\/11\/books_icon.png\" alt=\"Biologie Text-Sammlung\" style=\"width:48px; height:48px;\"><\/a>\n<a href=\"https:\/\/nurlernen.de\/biologie\/biologie-akademie\/\" title=\"Einen Lehrer Fragen\">\n  <img decoding=\"async\" src=\"https:\/\/nurlernen.de\/biologie\/wp-content\/uploads\/sites\/2\/2025\/11\/teacher_icon.png\" alt=\"Zum Test\" style=\"width:48px; height:48px;\"><\/a>\n<\/p>\n\n\n<figure id=\"attachment_1667\" aria-describedby=\"caption-attachment-1667\" style=\"width: 246px\" class=\"wp-caption alignright\"><img decoding=\"async\" class=\"size-full wp-image-1667\" src=\"https:\/\/nurlernen.de\/biologie\/wp-content\/uploads\/sites\/2\/2025\/07\/diffusion_a.png\" alt=\"Konzentrationsgef\u00e4lle\" width=\"256\"><figcaption id=\"caption-attachment-1667\" class=\"wp-caption-text\">Schematische Darstellung einer Konzentratopnsgef\u00e4lle<\/figcaption><\/figure>\n<p>Transportvorg\u00e4nge, bei denen die Zelle die Transportrichtung bestimmt, werden als aktive Transportvorg\u00e4nge bezeichnet. Dabei kann die Zelle Stoffe entgegen ihres Konzentrationsgef\u00e4lles transportieren.<\/p>\n<p>Um dir den Energiebedarf des aktiven Transports zu erkl\u00e4ren, habe ich eine Grafik vorbereitet. Die Abbildung zeigt einen Beh\u00e4lter mit blauen Teilchen, die ein Konzentrationsgef\u00e4lle von links nach rechts bilden.<\/p>\n<p>Die rote Kurve stellt die Konzentration der blauen Teilchen (y-Achse) in Abh\u00e4ngigkeit von ihrem Ort im Beh\u00e4lter (x-Achse) dar. Wie du siehst sinkt die Konzentration, d. h. die Anzahl der Teilchen (pro Volumeneinheit) von links nach rechts. Es herrscht also ein Konzentrationsgef\u00e4lle von links nach rechts.<\/p>\n<p>In einem Konzentrationsgef\u00e4lle ist Energie gespeichert. Diese Energie f\u00fchrt zur Diffusion der Teilchen entlang des Konzentrationsgef\u00e4lles, also von links nach rechts.<\/p>\n<figure id=\"attachment_1668\" aria-describedby=\"caption-attachment-1668\" style=\"width: 246px\" class=\"wp-caption alignright\"><img decoding=\"async\" class=\"size-full wp-image-1668\" src=\"https:\/\/nurlernen.de\/biologie\/wp-content\/uploads\/sites\/2\/2025\/07\/diffusion_b.png\" alt=\"Diffusion\" width=\"256\"><figcaption id=\"caption-attachment-1668\" class=\"wp-caption-text\">Schematische Darstellung der Diffusion entlang eines Konzentrationsgef\u00e4lles<\/figcaption><\/figure>\n<p>Teilchen auf der linken Seite bewegen sich also ohne einen Energiebedarf von links nach rechts. Die Zelle wird hier durch das fr\u00f6hliche Strichm\u00e4nnchen dargestellt und braucht nix zu machen, also keine Energie aufzuwenden, um den Transport durchzuf\u00fchren.<\/p>\n<h3>Aktive Transportvorg\u00e4nge<\/h3>\n<p>Da sich Teilchen nicht von selbst einem Konzentrationsgef\u00e4lle entgegen diffundieren k\u00f6nnen, muss hier die Zelle mit Energie nachhelfen. In der Abbildung muss das traurige Strichm\u00e4nnchen auf der rechten Seite dem Teilchen einen Schub geben, damit es dem Konzentrationsgef\u00e4lle entgegen rollt, sich also nach links bewegt.<\/p>\n<figure id=\"attachment_1669\" aria-describedby=\"caption-attachment-1669\" style=\"width: 246px\" class=\"wp-caption alignright\"><img decoding=\"async\" class=\"size-full wp-image-1669\" src=\"https:\/\/nurlernen.de\/biologie\/wp-content\/uploads\/sites\/2\/2025\/07\/diffusion_c.png\" alt=\"Aktiver Transport\" width=\"256\"><figcaption id=\"caption-attachment-1669\" class=\"wp-caption-text\">Bei aktiven Transportvorg\u00e4ngen wird Energie verbraucht, um die Teilchen entgegen eines Konzentrationsgef\u00e4lles zu transportieren<\/figcaption><\/figure>\n<p>Aktive Transporte ben\u00f6tigen Energie und werden allesamt durch spezielle Carrierproteine durchgef\u00fchrt. Eine prominente (d. h. ber\u00fchmte) Klasse von aktiven Carriern sind die Ionen-Pumpen. Sie sind in der Lage Ionen wie H+, Na+ und K+ entgegen ihres Konzentrationsgef\u00e4lles in die Zelle oder aus ihr heraus zu transportieren.<\/p>\n\n\n<p><button onclick=\"location.href='https:\/\/nurlernen.de\/biologie\/biologie-inhalte\/'\">Lernbereich<\/button>\r\n<button onclick=\"location.href='https:\/\/nurlernen.de\/biologie\/biologie-akademie\/'\">Biologie Akademie<\/button>\r\n<!--button onclick=\"location.href='https:\/\/nurlernen.de\/biologie\/biologie-lernkontrolle\/'\">Lernkontrolle<\/button-->\r\n<!--button onclick=\"location.href='\/biologie-fragenkatalog'\"&gt;Fragenkatalog (F\u00fcr Lehrer)&lt;\/button-->\r\n<\/p>\n","protected":false},"excerpt":{"rendered":"<p>Transportvorg\u00e4nge, bei denen die Zelle die Transportrichtung bestimmt, werden als aktive Transportvorg\u00e4nge bezeichnet. Dabei kann die Zelle Stoffe entgegen ihres Konzentrationsgef\u00e4lles transportieren. Um dir den Energiebedarf des aktiven Transports zu erkl\u00e4ren, habe ich eine Grafik vorbereitet. Die Abbildung zeigt einen Beh\u00e4lter mit blauen Teilchen, die ein Konzentrationsgef\u00e4lle von links nach rechts bilden. Die rote Kurve &#8230; <a title=\"Aktive Transportvorg\u00e4nge\" class=\"read-more\" href=\"https:\/\/nurlernen.de\/biologie\/aktive-transportvorgaenge\/\" aria-label=\"Mehr Informationen \u00fcber Aktive Transportvorg\u00e4nge\">Weiterlesen<\/a><\/p>\n","protected":false},"author":1,"featured_media":0,"parent":0,"menu_order":0,"comment_status":"open","ping_status":"closed","template":"","meta":{"footnotes":""},"class_list":["post-1655","page","type-page","status-publish"],"yoast_head":"<!-- This site is optimized with the Yoast SEO plugin v27.5 - https:\/\/yoast.com\/product\/yoast-seo-wordpress\/ -->\n<title>Aktive Transportvorg\u00e4nge<\/title>\n<meta name=\"description\" content=\"Aktive Transportvorg\u00e4nge: Zellen transportieren Stoffe unter Energieaufwand gegen das Konzentrationsgef\u00e4lle, erkl\u00e4rt mit Beispielen und Ionen-Pumpen.\" \/>\n<meta name=\"robots\" content=\"index, follow, max-snippet:-1, max-image-preview:large, max-video-preview:-1\" \/>\n<link rel=\"canonical\" href=\"https:\/\/nurlernen.de\/biologie\/aktive-transportvorgaenge\/\" \/>\n<meta property=\"og:locale\" content=\"de_DE\" \/>\n<meta property=\"og:type\" content=\"article\" \/>\n<meta property=\"og:title\" content=\"Aktive Transportvorg\u00e4nge\" \/>\n<meta property=\"og:description\" content=\"Aktive Transportvorg\u00e4nge: Zellen transportieren Stoffe unter Energieaufwand gegen das Konzentrationsgef\u00e4lle, erkl\u00e4rt mit Beispielen und Ionen-Pumpen.\" \/>\n<meta property=\"og:url\" content=\"https:\/\/nurlernen.de\/biologie\/aktive-transportvorgaenge\/\" \/>\n<meta property=\"og:site_name\" content=\"Biologie verstehen\" \/>\n<meta property=\"article:modified_time\" content=\"2025-11-18T10:23:01+00:00\" \/>\n<meta property=\"og:image\" content=\"https:\/\/nurlernen.de\/biologie\/wp-content\/uploads\/sites\/2\/2025\/11\/test_icon.png\" \/>\n<meta name=\"twitter:card\" content=\"summary_large_image\" \/>\n<meta name=\"twitter:label1\" content=\"Gesch\u00e4tzte Lesezeit\" \/>\n\t<meta name=\"twitter:data1\" content=\"4\u00a0Minuten\" \/>\n<script type=\"application\/ld+json\" class=\"yoast-schema-graph\">{\"@context\":\"https:\\\/\\\/schema.org\",\"@graph\":[{\"@type\":\"WebPage\",\"@id\":\"https:\\\/\\\/nurlernen.de\\\/biologie\\\/aktive-transportvorgaenge\\\/\",\"url\":\"https:\\\/\\\/nurlernen.de\\\/biologie\\\/aktive-transportvorgaenge\\\/\",\"name\":\"Aktive Transportvorg\u00e4nge\",\"isPartOf\":{\"@id\":\"https:\\\/\\\/nurlernen.de\\\/biologie\\\/#website\"},\"primaryImageOfPage\":{\"@id\":\"https:\\\/\\\/nurlernen.de\\\/biologie\\\/aktive-transportvorgaenge\\\/#primaryimage\"},\"image\":{\"@id\":\"https:\\\/\\\/nurlernen.de\\\/biologie\\\/aktive-transportvorgaenge\\\/#primaryimage\"},\"thumbnailUrl\":\"https:\\\/\\\/nurlernen.de\\\/biologie\\\/wp-content\\\/uploads\\\/sites\\\/2\\\/2025\\\/11\\\/test_icon.png\",\"datePublished\":\"2021-08-08T08:13:20+00:00\",\"dateModified\":\"2025-11-18T10:23:01+00:00\",\"description\":\"Aktive Transportvorg\u00e4nge: Zellen transportieren Stoffe unter Energieaufwand gegen das Konzentrationsgef\u00e4lle, erkl\u00e4rt mit Beispielen und Ionen-Pumpen.\",\"breadcrumb\":{\"@id\":\"https:\\\/\\\/nurlernen.de\\\/biologie\\\/aktive-transportvorgaenge\\\/#breadcrumb\"},\"inLanguage\":\"de\",\"potentialAction\":[{\"@type\":\"ReadAction\",\"target\":[\"https:\\\/\\\/nurlernen.de\\\/biologie\\\/aktive-transportvorgaenge\\\/\"]}]},{\"@type\":\"ImageObject\",\"inLanguage\":\"de\",\"@id\":\"https:\\\/\\\/nurlernen.de\\\/biologie\\\/aktive-transportvorgaenge\\\/#primaryimage\",\"url\":\"https:\\\/\\\/nurlernen.de\\\/biologie\\\/wp-content\\\/uploads\\\/sites\\\/2\\\/2025\\\/11\\\/test_icon.png\",\"contentUrl\":\"https:\\\/\\\/nurlernen.de\\\/biologie\\\/wp-content\\\/uploads\\\/sites\\\/2\\\/2025\\\/11\\\/test_icon.png\",\"width\":256,\"height\":256},{\"@type\":\"BreadcrumbList\",\"@id\":\"https:\\\/\\\/nurlernen.de\\\/biologie\\\/aktive-transportvorgaenge\\\/#breadcrumb\",\"itemListElement\":[{\"@type\":\"ListItem\",\"position\":1,\"name\":\"Startseite\",\"item\":\"https:\\\/\\\/nurlernen.de\\\/biologie\\\/\"},{\"@type\":\"ListItem\",\"position\":2,\"name\":\"Aktive Transportvorg\u00e4nge\"}]},{\"@type\":\"WebSite\",\"@id\":\"https:\\\/\\\/nurlernen.de\\\/biologie\\\/#website\",\"url\":\"https:\\\/\\\/nurlernen.de\\\/biologie\\\/\",\"name\":\"Biologie Lernen\",\"description\":\"\u00dcber 1000 kostenlose \u00dcbungen\",\"publisher\":{\"@id\":\"https:\\\/\\\/nurlernen.de\\\/biologie\\\/#organization\"},\"potentialAction\":[{\"@type\":\"SearchAction\",\"target\":{\"@type\":\"EntryPoint\",\"urlTemplate\":\"https:\\\/\\\/nurlernen.de\\\/biologie\\\/?s={search_term_string}\"},\"query-input\":{\"@type\":\"PropertyValueSpecification\",\"valueRequired\":true,\"valueName\":\"search_term_string\"}}],\"inLanguage\":\"de\"},{\"@type\":\"Organization\",\"@id\":\"https:\\\/\\\/nurlernen.de\\\/biologie\\\/#organization\",\"name\":\"Biologie Lernen\",\"url\":\"https:\\\/\\\/nurlernen.de\\\/biologie\\\/\",\"logo\":{\"@type\":\"ImageObject\",\"inLanguage\":\"de\",\"@id\":\"https:\\\/\\\/nurlernen.de\\\/biologie\\\/#\\\/schema\\\/logo\\\/image\\\/\",\"url\":\"https:\\\/\\\/nurlernen.de\\\/biologie\\\/wp-content\\\/uploads\\\/sites\\\/2\\\/2025\\\/07\\\/cropped-zellkern.png\",\"contentUrl\":\"https:\\\/\\\/nurlernen.de\\\/biologie\\\/wp-content\\\/uploads\\\/sites\\\/2\\\/2025\\\/07\\\/cropped-zellkern.png\",\"width\":512,\"height\":512,\"caption\":\"Biologie Lernen\"},\"image\":{\"@id\":\"https:\\\/\\\/nurlernen.de\\\/biologie\\\/#\\\/schema\\\/logo\\\/image\\\/\"},\"sameAs\":[\"https:\\\/\\\/www.instagram.com\\\/nurlernen.de\\\/\"]}]}<\/script>\n<!-- \/ Yoast SEO plugin. -->","yoast_head_json":{"title":"Aktive Transportvorg\u00e4nge","description":"Aktive Transportvorg\u00e4nge: Zellen transportieren Stoffe unter Energieaufwand gegen das Konzentrationsgef\u00e4lle, erkl\u00e4rt mit Beispielen und Ionen-Pumpen.","robots":{"index":"index","follow":"follow","max-snippet":"max-snippet:-1","max-image-preview":"max-image-preview:large","max-video-preview":"max-video-preview:-1"},"canonical":"https:\/\/nurlernen.de\/biologie\/aktive-transportvorgaenge\/","og_locale":"de_DE","og_type":"article","og_title":"Aktive Transportvorg\u00e4nge","og_description":"Aktive Transportvorg\u00e4nge: Zellen transportieren Stoffe unter Energieaufwand gegen das Konzentrationsgef\u00e4lle, erkl\u00e4rt mit Beispielen und Ionen-Pumpen.","og_url":"https:\/\/nurlernen.de\/biologie\/aktive-transportvorgaenge\/","og_site_name":"Biologie verstehen","article_modified_time":"2025-11-18T10:23:01+00:00","og_image":[{"url":"https:\/\/nurlernen.de\/biologie\/wp-content\/uploads\/sites\/2\/2025\/11\/test_icon.png","type":"","width":"","height":""}],"twitter_card":"summary_large_image","twitter_misc":{"Gesch\u00e4tzte Lesezeit":"4\u00a0Minuten"},"schema":{"@context":"https:\/\/schema.org","@graph":[{"@type":"WebPage","@id":"https:\/\/nurlernen.de\/biologie\/aktive-transportvorgaenge\/","url":"https:\/\/nurlernen.de\/biologie\/aktive-transportvorgaenge\/","name":"Aktive Transportvorg\u00e4nge","isPartOf":{"@id":"https:\/\/nurlernen.de\/biologie\/#website"},"primaryImageOfPage":{"@id":"https:\/\/nurlernen.de\/biologie\/aktive-transportvorgaenge\/#primaryimage"},"image":{"@id":"https:\/\/nurlernen.de\/biologie\/aktive-transportvorgaenge\/#primaryimage"},"thumbnailUrl":"https:\/\/nurlernen.de\/biologie\/wp-content\/uploads\/sites\/2\/2025\/11\/test_icon.png","datePublished":"2021-08-08T08:13:20+00:00","dateModified":"2025-11-18T10:23:01+00:00","description":"Aktive Transportvorg\u00e4nge: Zellen transportieren Stoffe unter Energieaufwand gegen das Konzentrationsgef\u00e4lle, erkl\u00e4rt mit Beispielen und Ionen-Pumpen.","breadcrumb":{"@id":"https:\/\/nurlernen.de\/biologie\/aktive-transportvorgaenge\/#breadcrumb"},"inLanguage":"de","potentialAction":[{"@type":"ReadAction","target":["https:\/\/nurlernen.de\/biologie\/aktive-transportvorgaenge\/"]}]},{"@type":"ImageObject","inLanguage":"de","@id":"https:\/\/nurlernen.de\/biologie\/aktive-transportvorgaenge\/#primaryimage","url":"https:\/\/nurlernen.de\/biologie\/wp-content\/uploads\/sites\/2\/2025\/11\/test_icon.png","contentUrl":"https:\/\/nurlernen.de\/biologie\/wp-content\/uploads\/sites\/2\/2025\/11\/test_icon.png","width":256,"height":256},{"@type":"BreadcrumbList","@id":"https:\/\/nurlernen.de\/biologie\/aktive-transportvorgaenge\/#breadcrumb","itemListElement":[{"@type":"ListItem","position":1,"name":"Startseite","item":"https:\/\/nurlernen.de\/biologie\/"},{"@type":"ListItem","position":2,"name":"Aktive Transportvorg\u00e4nge"}]},{"@type":"WebSite","@id":"https:\/\/nurlernen.de\/biologie\/#website","url":"https:\/\/nurlernen.de\/biologie\/","name":"Biologie Lernen","description":"\u00dcber 1000 kostenlose \u00dcbungen","publisher":{"@id":"https:\/\/nurlernen.de\/biologie\/#organization"},"potentialAction":[{"@type":"SearchAction","target":{"@type":"EntryPoint","urlTemplate":"https:\/\/nurlernen.de\/biologie\/?s={search_term_string}"},"query-input":{"@type":"PropertyValueSpecification","valueRequired":true,"valueName":"search_term_string"}}],"inLanguage":"de"},{"@type":"Organization","@id":"https:\/\/nurlernen.de\/biologie\/#organization","name":"Biologie Lernen","url":"https:\/\/nurlernen.de\/biologie\/","logo":{"@type":"ImageObject","inLanguage":"de","@id":"https:\/\/nurlernen.de\/biologie\/#\/schema\/logo\/image\/","url":"https:\/\/nurlernen.de\/biologie\/wp-content\/uploads\/sites\/2\/2025\/07\/cropped-zellkern.png","contentUrl":"https:\/\/nurlernen.de\/biologie\/wp-content\/uploads\/sites\/2\/2025\/07\/cropped-zellkern.png","width":512,"height":512,"caption":"Biologie Lernen"},"image":{"@id":"https:\/\/nurlernen.de\/biologie\/#\/schema\/logo\/image\/"},"sameAs":["https:\/\/www.instagram.com\/nurlernen.de\/"]}]}},"_links":{"self":[{"href":"https:\/\/nurlernen.de\/biologie\/wp-json\/wp\/v2\/pages\/1655","targetHints":{"allow":["GET"]}}],"collection":[{"href":"https:\/\/nurlernen.de\/biologie\/wp-json\/wp\/v2\/pages"}],"about":[{"href":"https:\/\/nurlernen.de\/biologie\/wp-json\/wp\/v2\/types\/page"}],"author":[{"embeddable":true,"href":"https:\/\/nurlernen.de\/biologie\/wp-json\/wp\/v2\/users\/1"}],"replies":[{"embeddable":true,"href":"https:\/\/nurlernen.de\/biologie\/wp-json\/wp\/v2\/comments?post=1655"}],"version-history":[{"count":5,"href":"https:\/\/nurlernen.de\/biologie\/wp-json\/wp\/v2\/pages\/1655\/revisions"}],"predecessor-version":[{"id":3247,"href":"https:\/\/nurlernen.de\/biologie\/wp-json\/wp\/v2\/pages\/1655\/revisions\/3247"}],"wp:attachment":[{"href":"https:\/\/nurlernen.de\/biologie\/wp-json\/wp\/v2\/media?parent=1655"}],"curies":[{"name":"wp","href":"https:\/\/api.w.org\/{rel}","templated":true}]}}