{"id":1682,"date":"2024-08-08T08:35:00","date_gmt":"2024-08-08T06:35:00","guid":{"rendered":"https:\/\/nurlernen.de\/biologie\/?page_id=1682"},"modified":"2025-11-18T10:18:02","modified_gmt":"2025-11-18T09:18:02","slug":"was-ist-osmose","status":"publish","type":"page","link":"https:\/\/nurlernen.de\/biologie\/was-ist-osmose\/","title":{"rendered":"Was ist Osmose?"},"content":{"rendered":"\n<p>\n<a href=\"https:\/\/nurlernen.de\/biologie\/biologie-lernkontrolle\/?quiz=l_100330_q&#038;tree=chapter_z100020\" title=\"Direkt zum Test\">\n  <img decoding=\"async\" src=\"https:\/\/nurlernen.de\/biologie\/wp-content\/uploads\/sites\/2\/2025\/11\/test_icon.png\" alt=\"Zum Test\" style=\"width:48px; height:48px;\"><\/a>\n<a href=\"https:\/\/nurlernen.de\/biologie\/biologie-inhalte\/\" title=\"Lernfortschritt\">\n  <img decoding=\"async\" src=\"https:\/\/nurlernen.de\/biologie\/wp-content\/uploads\/sites\/2\/2025\/11\/progress_icon.png\" alt=\"Zum Test\" style=\"width:48px; height:48px;\"><\/a>\n<a href=\"https:\/\/nurlernen.de\/biologie\/biologie-lernkontrolle\" title=\"\u00dcber 1000 \u00dcbungen!\">\n  <img decoding=\"async\" src=\"https:\/\/nurlernen.de\/biologie\/wp-content\/uploads\/sites\/2\/2025\/11\/test2_icon.png\" alt=\"\u00dcber 1000 \u00dcbungen!\" style=\"width:48px; height:48px;\"><\/a>\n<a href=\"https:\/\/nurlernen.de\/biologie\/biologie-artikel\" title=\"Biologie Text-Sammlung\">\n  <img decoding=\"async\" src=\"https:\/\/nurlernen.de\/biologie\/wp-content\/uploads\/sites\/2\/2025\/11\/books_icon.png\" alt=\"Biologie Text-Sammlung\" style=\"width:48px; height:48px;\"><\/a>\n<a href=\"https:\/\/nurlernen.de\/biologie\/biologie-akademie\/\" title=\"Einen Lehrer Fragen\">\n  <img decoding=\"async\" src=\"https:\/\/nurlernen.de\/biologie\/wp-content\/uploads\/sites\/2\/2025\/11\/teacher_icon.png\" alt=\"Zum Test\" style=\"width:48px; height:48px;\"><\/a>\n<\/p>\n\n\n<p>Osmose ist nichts anders als die Diffusion des Wassers durch eine semipermeablen Membran. Sie spielt eine wichtige Rolle bei der Funktion von Bio-Membranen. Wir werden auf dieser Seite den Ablauf der Osmose und einige Beispiele kennenlernen. Um den osmotischen Effekt (also die Diffusion des Wassers) sichtbar zu machen, m\u00fcssen wir zwischen dem Wasser und den in ihm gel\u00f6sten Teilchen unterscheiden. Das k\u00f6nnen wir am besten mit einer semipermeablen Membran bewerkstelligen.<\/p>\n<h2>Was ist eine semipermeable Membran?<\/h2>\n<p>Eine semipermeable (halb-durchl\u00e4ssige) Membran ist in der Lage nur die Wassermolek\u00fcle passieren zu lassen. Die gel\u00f6sten Teilchen k\u00f6nnen eine semipermeablen Membran nicht passieren.<\/p>\n<figure id=\"attachment_1700\" aria-describedby=\"caption-attachment-1700\" style=\"width: 246px\" class=\"wp-caption alignright\"><img decoding=\"async\" class=\"size-full wp-image-1700\" src=\"https:\/\/nurlernen.de\/biologie\/wp-content\/uploads\/sites\/2\/2025\/07\/osmose_start.png\" alt=\"Osmose Start\" width=\"256\" \/><figcaption id=\"caption-attachment-1700\" class=\"wp-caption-text\">Die Funktionsweise einer semipermeablen Membran<\/figcaption><\/figure>\n<p>Die Abbildung zeigt die Ausgangssituation eines Osmose-Experiments. Wir haben einen mit Wasser (blau) gef\u00fcllten Beh\u00e4lter durch eine semipermeable Membran in zwei Kammern geteilt. Nun wurde auf der linken Seite mehr Zucker (braun) aufgel\u00f6st als in der rechten Seite. Schaue dir die Abbildung an. Auf welcher Seite ist die Konzentration vom Zucker h\u00f6her?<\/p>\n<p>Die Anzahl der gel\u00f6sten Zuckerteilchen sinkt von links (10 Teilchen) nach rechts (4 Teilchen). Das Konzentrationsgef\u00e4lle der Zuckerteilchen zeigt also von links nach rechts.<\/p>\n<p>Wenn die Membran entfernt wird, setzt eine Diffusion von Zuckerteilchen von links nach rechts ein, da das Konzentrationsgef\u00e4lle von links nach rechts zeigt, d. h. die Konzentration von Zucker nimmt von links nach rechts ab.(s. Abbildung)<\/p>\n<p>Die Osmose, ist die Diffusion des Wassers. Bisher haben wir uns die Diffusion von Zucker angeschaut. Jetzt m\u00fcssen wir an das Wasser denken. Beginnen wir mit der Konzentration von Wasser auf beiden Seiten. Auf welcher Seite herrscht eine h\u00f6here RELATIVE Konzentration des Wassers?<\/p>\n<p>Es geht darum zu bestimmen, auf welcher Seite mehr Wassermolek\u00fcle pro Zuckerteilchen vorhanden sind. Die h\u00f6chste relative Konzentration hat das reine Wasser ohne gel\u00f6ste Stoffe. Je mehr Fremdteilchen, wie z. B. Zucker sich im Wasser aufl\u00f6sen, desto geringer wird die relative Konzentration von Wasser.<\/p>\n<figure id=\"attachment_1701\" aria-describedby=\"caption-attachment-1701\" style=\"width: 246px\" class=\"wp-caption alignright\"><img decoding=\"async\" class=\"size-full wp-image-1701\" src=\"https:\/\/nurlernen.de\/biologie\/wp-content\/uploads\/sites\/2\/2025\/07\/osmose_end.png\" alt=\"Osmose Ende\" width=\"256\" \/><figcaption id=\"caption-attachment-1701\" class=\"wp-caption-text\">Durch die Osmose flie\u00dft das Wasser von rechts nach links, wodurch ein H\u00f6henunterschied entsteht.<\/figcaption><\/figure>\n<p>Auf der rechten Seite gibt es mehr Wassermolek\u00fcle pro Zuckerteilchen. Und das Konzentrationsgef\u00e4lle des Wassers (von rechts nach links) ist genau dem Konzentrationsgef\u00e4lle von Zucker entgegen gerichtet. Das Wasser m\u00f6chte, genauso wie Zucker seinem Konzentrationsgef\u00e4lle folgen. Das Wasser flie\u00dft also von rechts nach links und somit entgegen des Konzentrationsgef\u00e4lle vom Zucker.<\/p>\n<p>Die Osmose wird solange laufen bis ihr eine Gegenkraft entgegen wirkt. In unserem Beispiel kann man sagen, dass je mehr Wasser von rechts nach links flie\u00dft, desto h\u00f6her steigt der Fl\u00fcssigkeitsspiegel auf der linken Seite und desto tiefer sinkt sie auf der rechten Seite. Dieser H\u00f6henunterschied produziert eine Gewichtskraft. Wenn das Gewicht des zus\u00e4tzlichen Wassers auf der linken Seite gro\u00df genug ist, kann es das Wasser wieder zur\u00fcck in die rechte Seite dr\u00fccken. In unserem Beispiel also stoppt die Osmose, wenn das Gewicht des zus\u00e4tzlichen Wassers, d.h. der H\u00f6henunterschied auf beiden Seiten genau so gro\u00df ist, wie der osmotischen Druck von rechts nach links.<\/p>\n<p>Die Osmose ist f\u00fcr den Wasserhaushalt einer Zelle besonders relevant. Abh\u00e4ngig davon in welche L\u00f6sung eine Zelle eingebracht wird, kann die Osmose eine Zelle (ohne Zellwand) schrumpfen oder platzen lassen.<\/p>\n<h4>Isotone L\u00f6sungen<\/h4>\n<p>Eine L\u00f6sung ist isoton, wenn die Konzentration der in ihr gel\u00f6sten Stoffe, der Konzentration im Zellinnern gleicht. In diesem Fall ist die Menge an Wasser, das aufgrund der Osmose in die hinein Zelle flie\u00dft gleich der Wassermenge, die aus der Zelle heraus flie\u00dft. Somit flie\u00dft in der Summe kein Wasser in bzw. aus der Zelle.<\/p>\n<p>W\u00e4hrend dieser Fall den Normalfall bei tierischen Zellen darstellt, erschlaffen die meisten Pflanzen unter isotonen Bedingungen.<\/p>\n<h4>Hypotone L\u00f6sungen<\/h4>\n<p>Eine L\u00f6sung ist hypoton, wenn die Konzentration der in ihr gel\u00f6sten Stoffe geringer ist als die Konzentration im Zellinnern. In diesem Fall ist die Menge an Wasser, das aufgrund der Osmose in die Zelle hinein flie\u00dft gr\u00f6\u00dfer als die Wassermenge, die aus der Zelle heraus flie\u00dft. Somit flie\u00dft in der Summe Wasser in die Zelle. Dadurch bl\u00e4ht sich die Zelle auf.<\/p>\n<p>Bei Zellen ohne eine Zellwand (z. B. bei tierischen Zellen) f\u00fchrt dies zum Aufbl\u00e4hen und anschlie\u00dfendem Platzen der Zelle. Man spricht davon, dass die Zelle lysiert. Einige Protisten, wie das Pantoffeltierchen k\u00f6nnen mit Hilfe ihrer kontraktilen Vakuolen das eingestr\u00f6mte Wasser wieder herauspressen und somit ein Platzen verhindern. Bei Zellen mit einer Zellwand (z. B. bei Pflanzenzellen, Pilzen und Prokaryoten) verhindert eben diese Zellwand ein zu starkes Aufbl\u00e4hen. Dies ist f\u00fcr die Pflanzenzellen der Normalzustand, da sie durch diesen Effekt ihre Gestalt bewahren.<\/p>\n<h4>Hypertone L\u00f6sungen<\/h4>\n<p>Eine L\u00f6sung ist hyperton, wenn die Konzentration der in ihr gel\u00f6sten Stoffe h\u00f6her ist als die Konzentration im Zellinnern. In diesem Fall ist die Menge an Wasser, das aufgrund der Osmose in die Zelle hinein flie\u00dft geringer als die Wassermenge, die aus der Zelle heraus flie\u00dft. Somit flie\u00dft in der Summe Wasser aus der Zelle heraus. Dadurch schrumpft die Zelle.<\/p>\n<p>Bei Zellen ohne eine Zellwand (z. B. tierische Zellen) f\u00fchrt dies in Extremfall zum Tod der Zelle. Bei Zellen mit einer Zellwand (z. B. Pflanzenzellen, Pilze, Prokaryoten und etc.) l\u00f6st sich das Zellplasma von der Zellwand (Plasmolyse) was in Extremfall zum Tod der Zelle f\u00fchren kann. Dieser Effekt f\u00fchrt auch in den Anfangsstadien zum Welken von Pflanzen.<\/p>\n\n\n<p><button onclick=\"location.href='https:\/\/nurlernen.de\/biologie\/biologie-lernkontrolle\/?quiz=l_100330_q&#038;tree=chapter_z100020'\">Direkt zum Test<\/button>\n<button onclick=\"location.href='https:\/\/nurlernen.de\/biologie\/biologie-inhalte\/'\">Lernbereich<\/button>\n<button onclick=\"location.href='https:\/\/nurlernen.de\/biologie\/biologie-akademie\/'\">Biologie Akademie<\/button>\n<!--button onclick=\"location.href='\/biologie-fragenkatalog'\"&gt;Fragenkatalog (F\u00fcr Lehrer)&lt;\/button-->\n<\/p>\n","protected":false},"excerpt":{"rendered":"<p>Osmose ist nichts anders als die Diffusion des Wassers durch eine semipermeablen Membran. Sie spielt eine wichtige Rolle bei der Funktion von Bio-Membranen. Wir werden auf dieser Seite den Ablauf der Osmose und einige Beispiele kennenlernen. Um den osmotischen Effekt (also die Diffusion des Wassers) sichtbar zu machen, m\u00fcssen wir zwischen dem Wasser und den &#8230; <a title=\"Was ist Osmose?\" class=\"read-more\" href=\"https:\/\/nurlernen.de\/biologie\/was-ist-osmose\/\" aria-label=\"Mehr Informationen \u00fcber Was ist Osmose?\">Weiterlesen<\/a><\/p>\n","protected":false},"author":1,"featured_media":0,"parent":0,"menu_order":0,"comment_status":"open","ping_status":"closed","template":"","meta":{"footnotes":""},"class_list":["post-1682","page","type-page","status-publish"],"yoast_head":"<!-- This site is optimized with the Yoast SEO plugin v27.5 - https:\/\/yoast.com\/product\/yoast-seo-wordpress\/ -->\n<title>Was ist Osmose? einfach erkl\u00e4rt mit Beispielen und Test<\/title>\n<meta name=\"description\" content=\"Osmose: Diffusion von Wasser durch eine semipermeable Membran. Wichtig f\u00fcr Zellen, Wasserhaushalt und Stofftransport, einfach mit Beispielen.\" \/>\n<meta name=\"robots\" content=\"index, follow, max-snippet:-1, max-image-preview:large, max-video-preview:-1\" \/>\n<link rel=\"canonical\" href=\"https:\/\/nurlernen.de\/biologie\/was-ist-osmose\/\" \/>\n<meta property=\"og:locale\" content=\"de_DE\" \/>\n<meta property=\"og:type\" content=\"article\" \/>\n<meta property=\"og:title\" content=\"Was ist Osmose? einfach erkl\u00e4rt mit Beispielen und Test\" \/>\n<meta property=\"og:description\" content=\"Osmose: Diffusion von Wasser durch eine semipermeable Membran. Wichtig f\u00fcr Zellen, Wasserhaushalt und Stofftransport, einfach mit Beispielen.\" \/>\n<meta property=\"og:url\" content=\"https:\/\/nurlernen.de\/biologie\/was-ist-osmose\/\" \/>\n<meta property=\"og:site_name\" content=\"Biologie verstehen\" \/>\n<meta property=\"article:modified_time\" content=\"2025-11-18T09:18:02+00:00\" \/>\n<meta property=\"og:image\" content=\"https:\/\/nurlernen.de\/biologie\/wp-content\/uploads\/sites\/2\/2025\/11\/test_icon.png\" \/>\n<meta name=\"twitter:card\" content=\"summary_large_image\" \/>\n<meta name=\"twitter:label1\" content=\"Gesch\u00e4tzte Lesezeit\" \/>\n\t<meta name=\"twitter:data1\" content=\"7\u00a0Minuten\" \/>\n<script type=\"application\/ld+json\" class=\"yoast-schema-graph\">{\"@context\":\"https:\\\/\\\/schema.org\",\"@graph\":[{\"@type\":\"WebPage\",\"@id\":\"https:\\\/\\\/nurlernen.de\\\/biologie\\\/was-ist-osmose\\\/\",\"url\":\"https:\\\/\\\/nurlernen.de\\\/biologie\\\/was-ist-osmose\\\/\",\"name\":\"Was ist Osmose? einfach erkl\u00e4rt mit Beispielen und Test\",\"isPartOf\":{\"@id\":\"https:\\\/\\\/nurlernen.de\\\/biologie\\\/#website\"},\"primaryImageOfPage\":{\"@id\":\"https:\\\/\\\/nurlernen.de\\\/biologie\\\/was-ist-osmose\\\/#primaryimage\"},\"image\":{\"@id\":\"https:\\\/\\\/nurlernen.de\\\/biologie\\\/was-ist-osmose\\\/#primaryimage\"},\"thumbnailUrl\":\"https:\\\/\\\/nurlernen.de\\\/biologie\\\/wp-content\\\/uploads\\\/sites\\\/2\\\/2025\\\/11\\\/test_icon.png\",\"datePublished\":\"2024-08-08T06:35:00+00:00\",\"dateModified\":\"2025-11-18T09:18:02+00:00\",\"description\":\"Osmose: Diffusion von Wasser durch eine semipermeable Membran. Wichtig f\u00fcr Zellen, Wasserhaushalt und Stofftransport, einfach mit Beispielen.\",\"breadcrumb\":{\"@id\":\"https:\\\/\\\/nurlernen.de\\\/biologie\\\/was-ist-osmose\\\/#breadcrumb\"},\"inLanguage\":\"de\",\"potentialAction\":[{\"@type\":\"ReadAction\",\"target\":[\"https:\\\/\\\/nurlernen.de\\\/biologie\\\/was-ist-osmose\\\/\"]}]},{\"@type\":\"ImageObject\",\"inLanguage\":\"de\",\"@id\":\"https:\\\/\\\/nurlernen.de\\\/biologie\\\/was-ist-osmose\\\/#primaryimage\",\"url\":\"https:\\\/\\\/nurlernen.de\\\/biologie\\\/wp-content\\\/uploads\\\/sites\\\/2\\\/2025\\\/11\\\/test_icon.png\",\"contentUrl\":\"https:\\\/\\\/nurlernen.de\\\/biologie\\\/wp-content\\\/uploads\\\/sites\\\/2\\\/2025\\\/11\\\/test_icon.png\",\"width\":256,\"height\":256},{\"@type\":\"BreadcrumbList\",\"@id\":\"https:\\\/\\\/nurlernen.de\\\/biologie\\\/was-ist-osmose\\\/#breadcrumb\",\"itemListElement\":[{\"@type\":\"ListItem\",\"position\":1,\"name\":\"Startseite\",\"item\":\"https:\\\/\\\/nurlernen.de\\\/biologie\\\/\"},{\"@type\":\"ListItem\",\"position\":2,\"name\":\"Was ist Osmose?\"}]},{\"@type\":\"WebSite\",\"@id\":\"https:\\\/\\\/nurlernen.de\\\/biologie\\\/#website\",\"url\":\"https:\\\/\\\/nurlernen.de\\\/biologie\\\/\",\"name\":\"Biologie Lernen\",\"description\":\"\u00dcber 1000 kostenlose \u00dcbungen\",\"publisher\":{\"@id\":\"https:\\\/\\\/nurlernen.de\\\/biologie\\\/#organization\"},\"potentialAction\":[{\"@type\":\"SearchAction\",\"target\":{\"@type\":\"EntryPoint\",\"urlTemplate\":\"https:\\\/\\\/nurlernen.de\\\/biologie\\\/?s={search_term_string}\"},\"query-input\":{\"@type\":\"PropertyValueSpecification\",\"valueRequired\":true,\"valueName\":\"search_term_string\"}}],\"inLanguage\":\"de\"},{\"@type\":\"Organization\",\"@id\":\"https:\\\/\\\/nurlernen.de\\\/biologie\\\/#organization\",\"name\":\"Biologie Lernen\",\"url\":\"https:\\\/\\\/nurlernen.de\\\/biologie\\\/\",\"logo\":{\"@type\":\"ImageObject\",\"inLanguage\":\"de\",\"@id\":\"https:\\\/\\\/nurlernen.de\\\/biologie\\\/#\\\/schema\\\/logo\\\/image\\\/\",\"url\":\"https:\\\/\\\/nurlernen.de\\\/biologie\\\/wp-content\\\/uploads\\\/sites\\\/2\\\/2025\\\/07\\\/cropped-zellkern.png\",\"contentUrl\":\"https:\\\/\\\/nurlernen.de\\\/biologie\\\/wp-content\\\/uploads\\\/sites\\\/2\\\/2025\\\/07\\\/cropped-zellkern.png\",\"width\":512,\"height\":512,\"caption\":\"Biologie Lernen\"},\"image\":{\"@id\":\"https:\\\/\\\/nurlernen.de\\\/biologie\\\/#\\\/schema\\\/logo\\\/image\\\/\"},\"sameAs\":[\"https:\\\/\\\/www.instagram.com\\\/nurlernen.de\\\/\"]}]}<\/script>\n<!-- \/ Yoast SEO plugin. -->","yoast_head_json":{"title":"Was ist Osmose? einfach erkl\u00e4rt mit Beispielen und Test","description":"Osmose: Diffusion von Wasser durch eine semipermeable Membran. Wichtig f\u00fcr Zellen, Wasserhaushalt und Stofftransport, einfach mit Beispielen.","robots":{"index":"index","follow":"follow","max-snippet":"max-snippet:-1","max-image-preview":"max-image-preview:large","max-video-preview":"max-video-preview:-1"},"canonical":"https:\/\/nurlernen.de\/biologie\/was-ist-osmose\/","og_locale":"de_DE","og_type":"article","og_title":"Was ist Osmose? einfach erkl\u00e4rt mit Beispielen und Test","og_description":"Osmose: Diffusion von Wasser durch eine semipermeable Membran. Wichtig f\u00fcr Zellen, Wasserhaushalt und Stofftransport, einfach mit Beispielen.","og_url":"https:\/\/nurlernen.de\/biologie\/was-ist-osmose\/","og_site_name":"Biologie verstehen","article_modified_time":"2025-11-18T09:18:02+00:00","og_image":[{"url":"https:\/\/nurlernen.de\/biologie\/wp-content\/uploads\/sites\/2\/2025\/11\/test_icon.png","type":"","width":"","height":""}],"twitter_card":"summary_large_image","twitter_misc":{"Gesch\u00e4tzte Lesezeit":"7\u00a0Minuten"},"schema":{"@context":"https:\/\/schema.org","@graph":[{"@type":"WebPage","@id":"https:\/\/nurlernen.de\/biologie\/was-ist-osmose\/","url":"https:\/\/nurlernen.de\/biologie\/was-ist-osmose\/","name":"Was ist Osmose? einfach erkl\u00e4rt mit Beispielen und Test","isPartOf":{"@id":"https:\/\/nurlernen.de\/biologie\/#website"},"primaryImageOfPage":{"@id":"https:\/\/nurlernen.de\/biologie\/was-ist-osmose\/#primaryimage"},"image":{"@id":"https:\/\/nurlernen.de\/biologie\/was-ist-osmose\/#primaryimage"},"thumbnailUrl":"https:\/\/nurlernen.de\/biologie\/wp-content\/uploads\/sites\/2\/2025\/11\/test_icon.png","datePublished":"2024-08-08T06:35:00+00:00","dateModified":"2025-11-18T09:18:02+00:00","description":"Osmose: Diffusion von Wasser durch eine semipermeable Membran. Wichtig f\u00fcr Zellen, Wasserhaushalt und Stofftransport, einfach mit Beispielen.","breadcrumb":{"@id":"https:\/\/nurlernen.de\/biologie\/was-ist-osmose\/#breadcrumb"},"inLanguage":"de","potentialAction":[{"@type":"ReadAction","target":["https:\/\/nurlernen.de\/biologie\/was-ist-osmose\/"]}]},{"@type":"ImageObject","inLanguage":"de","@id":"https:\/\/nurlernen.de\/biologie\/was-ist-osmose\/#primaryimage","url":"https:\/\/nurlernen.de\/biologie\/wp-content\/uploads\/sites\/2\/2025\/11\/test_icon.png","contentUrl":"https:\/\/nurlernen.de\/biologie\/wp-content\/uploads\/sites\/2\/2025\/11\/test_icon.png","width":256,"height":256},{"@type":"BreadcrumbList","@id":"https:\/\/nurlernen.de\/biologie\/was-ist-osmose\/#breadcrumb","itemListElement":[{"@type":"ListItem","position":1,"name":"Startseite","item":"https:\/\/nurlernen.de\/biologie\/"},{"@type":"ListItem","position":2,"name":"Was ist Osmose?"}]},{"@type":"WebSite","@id":"https:\/\/nurlernen.de\/biologie\/#website","url":"https:\/\/nurlernen.de\/biologie\/","name":"Biologie Lernen","description":"\u00dcber 1000 kostenlose \u00dcbungen","publisher":{"@id":"https:\/\/nurlernen.de\/biologie\/#organization"},"potentialAction":[{"@type":"SearchAction","target":{"@type":"EntryPoint","urlTemplate":"https:\/\/nurlernen.de\/biologie\/?s={search_term_string}"},"query-input":{"@type":"PropertyValueSpecification","valueRequired":true,"valueName":"search_term_string"}}],"inLanguage":"de"},{"@type":"Organization","@id":"https:\/\/nurlernen.de\/biologie\/#organization","name":"Biologie Lernen","url":"https:\/\/nurlernen.de\/biologie\/","logo":{"@type":"ImageObject","inLanguage":"de","@id":"https:\/\/nurlernen.de\/biologie\/#\/schema\/logo\/image\/","url":"https:\/\/nurlernen.de\/biologie\/wp-content\/uploads\/sites\/2\/2025\/07\/cropped-zellkern.png","contentUrl":"https:\/\/nurlernen.de\/biologie\/wp-content\/uploads\/sites\/2\/2025\/07\/cropped-zellkern.png","width":512,"height":512,"caption":"Biologie Lernen"},"image":{"@id":"https:\/\/nurlernen.de\/biologie\/#\/schema\/logo\/image\/"},"sameAs":["https:\/\/www.instagram.com\/nurlernen.de\/"]}]}},"_links":{"self":[{"href":"https:\/\/nurlernen.de\/biologie\/wp-json\/wp\/v2\/pages\/1682","targetHints":{"allow":["GET"]}}],"collection":[{"href":"https:\/\/nurlernen.de\/biologie\/wp-json\/wp\/v2\/pages"}],"about":[{"href":"https:\/\/nurlernen.de\/biologie\/wp-json\/wp\/v2\/types\/page"}],"author":[{"embeddable":true,"href":"https:\/\/nurlernen.de\/biologie\/wp-json\/wp\/v2\/users\/1"}],"replies":[{"embeddable":true,"href":"https:\/\/nurlernen.de\/biologie\/wp-json\/wp\/v2\/comments?post=1682"}],"version-history":[{"count":32,"href":"https:\/\/nurlernen.de\/biologie\/wp-json\/wp\/v2\/pages\/1682\/revisions"}],"predecessor-version":[{"id":3227,"href":"https:\/\/nurlernen.de\/biologie\/wp-json\/wp\/v2\/pages\/1682\/revisions\/3227"}],"wp:attachment":[{"href":"https:\/\/nurlernen.de\/biologie\/wp-json\/wp\/v2\/media?parent=1682"}],"curies":[{"name":"wp","href":"https:\/\/api.w.org\/{rel}","templated":true}]}}