{"id":1753,"date":"2021-08-10T11:25:07","date_gmt":"2021-08-10T11:25:07","guid":{"rendered":"https:\/\/nurlernen.de\/biologie\/?page_id=1753"},"modified":"2025-11-19T19:51:59","modified_gmt":"2025-11-19T18:51:59","slug":"biologie-lernfortschritt","status":"publish","type":"page","link":"https:\/\/nurlernen.de\/biologie\/biologie-lernfortschritt\/","title":{"rendered":"Biologie Lernfortschritt"},"content":{"rendered":"\n<p>Hier siehst du alle Lektionen eines Kapitels mit ihren Abh\u00e4ngigkeiten. Die Lektionen bauen aufeinander auf. In jedem Kapitel ist die Lektion 1 stets freigeschaltet. Wenn du auf <strong>Lernen<\/strong> klickst, gelingst du zu den Texten. Diese solltest du lesen und verstehen. Wenn du auf <strong>\u00dcben<\/strong> klickst, gelingst du zum Test. Bestehst ihn, so wird die n\u00e4chste Lektion freigeschaltet.<\/p>\n\n\n\n<style>\r\n\t\/* The Modal (background) *\/\r\n\t.modal {\r\n\t\tdisplay: none; \/* Hidden by default *\/\r\n\t\tposition: fixed; \/* Stay in place *\/\r\n\t\tz-index: 1; \/* Sit on top *\/\r\n\t\tpadding-top: 100px; \/* Location of the box *\/\r\n\t\tleft: 0;\r\n\t\ttop: 0;\r\n\t\twidth: 100%; \/* Full width *\/\r\n\t\theight: 100%; \/* Full height *\/\r\n\t\toverflow: auto; \/* Enable scroll if needed *\/\r\n\t\tbackground-color: rgb(0,0,0); \/* Fallback color *\/\r\n\t\tbackground-color: rgba(0,0,0,0.4); \/* Black w\/ opacity *\/\r\n\t}\r\n\r\n\t\/* Modal Content *\/\r\n\t.modal-content {\r\n\t\tposition: relative;\r\n\t\tbackground-color: #fefefe;\r\n\t\tmargin: auto;\r\n\t\tpadding: 0;\r\n\t\tborder: 1px solid #888;\r\n\t\twidth: 80%;\r\n\t\tbox-shadow: 0 4px 8px 0 rgba(0,0,0,0.2),0 6px 20px 0 rgba(0,0,0,0.19);\r\n\t\t-webkit-animation-name: animatetop;\r\n\t\t-webkit-animation-duration: 0.4s;\r\n\t\tanimation-name: animatetop;\r\n\t\tanimation-duration: 0.4s\r\n\t}\r\n\r\n\t\/* Add Animation *\/\r\n\t@-webkit-keyframes animatetop {\r\n\t\tfrom {top:-300px; opacity:0} \r\n\t\tto {top:0; opacity:1}\r\n\t}\r\n\r\n\t@keyframes animatetop {\r\n\t\tfrom {top:-300px; opacity:0}\r\n\t\tto {top:0; opacity:1}\r\n\t}\r\n\r\n\t\/* The Close Button *\/\r\n\t.close {\r\n\t\tcolor: white;\r\n\t\tfloat: right;\r\n\t\tfont-size: 28px;\r\n\t\tfont-weight: bold;\r\n\t}\r\n\r\n\t.close:hover,\r\n\t.close:focus {\r\n\t\tcolor: #000;\r\n\t\ttext-decoration: none;\r\n\t\tcursor: pointer;\r\n\t}\r\n\r\n\t.modal-header {\r\n\t\tpadding: 2px 6px;\r\n\t\tbackground-color: RoyalBlue ;\r\n\t\tcolor: white;\r\n\t}\r\n\r\n\t.modal-body {\r\n\t\tpadding: 2px 16px;\r\n\t}\r\n\r\n\t.modal-footer {\r\n\t\tpadding: 2px 16px;\r\n\t\tbackground-color: RoyalBlue ;\r\n\t\tcolor: white;\r\n\r\n\r\n\t<\/style>\r\n\r\n\t<div id =\"node_grid\" >\r\n\t\t\t\r\n\t<\/div>\r\n\t\t\r\n\t\t<!-- The Modal -->\r\n\t\t<div id=\"myModal\" class=\"modal\">\r\n\r\n\t\t  <!-- Modal content -->\r\n\t\t  <div class=\"modal-content\">\r\n\t\t\t<div class=\"modal-header\">\r\n\t\t\t  <span><\/span><h5>Zusammenfassung<\/h5><\/span><span class=\"close\">&times;<\/span>\r\n\t\t\t<\/div>\r\n\t\t\t<div id=\"summary_text\" class=\"modal-body\">\r\n\t\t\t  <p>Ergebnis<\/p>\r\n\t\t\t  <p>Anzahl der Fragen<\/p>\r\n\t\t\t<\/div>\r\n\t\t\t<div class=\"modal-footer\">\r\n\t\t\t  <p>\u00dcber 1000 Fragen in Biologie warten <a href=\"biologie-lernkontrolle\/\">hier<\/a> auf dich<\/p>\r\n\t\t\t<\/div>\r\n\t\t  <\/div>\r\n\r\n\t\t<\/div>\r\n\t\t\r\n\t\t<script>\r\n\t\t\t\r\n\t\t\/\/ Get the modal\r\n\t\tvar modal = document.getElementById(\"myModal\");\r\n\r\n\t\t\/\/ Get the button that opens the modal\r\n\t\tvar btn = document.getElementById(\"myBtn\");\r\n\r\n\t\t\/\/ Get the <span> element that closes the modal\r\n\t\tvar span = document.getElementsByClassName(\"close\")[0];\r\n\r\n\t\t\/\/ When the user clicks the button, open the modal \r\n\t\tfunction showSummary(sumText) {\r\n\t\t\tmodal.style.display = \"block\";\r\n\t\t\tdocument.getElementById(\"summary_text\").innerHTML = sumText;\r\n\t\t}\r\n\r\n\t\t\/\/ When the user clicks on <span> (x), close the modal\r\n\t\tspan.onclick = function() {\r\n\t\t\tmodal.style.display = \"none\";\r\n\t\t\tlocation.reload();\r\n\t\t}\r\n\r\n\t\t\/\/ When the user clicks anywhere outside of the modal, close it\r\n\t\twindow.onclick = function(event) {\r\n\t\t\tif (event.target == modal) {\r\n\t\t\t\tmodal.style.display = \"none\";\r\n\t\t\t}\r\n\t\t}\r\n\t\t\r\n\t\tdocument.addEventListener(\"DOMContentLoaded\", function() {\r\n\t\t\tvar options = location.search;\r\n\t\t\tif (options.startsWith(\"?chapter=\")){\r\n\t\t\t\tvar currentChapter = options.substring((\"?chapter=chapter_\").length);\r\n\t\t\t\t\/\/console.log(currentChapter);\r\n\t\t\t\tloadNodesFromXML(plugins_url + \"\/quiz\/node_definitions.xml\", \"node_dependencies_\"+currentChapter);\r\n\t\t\t}else{\r\n\t\t\t\tloadNodesFromXML(plugins_url + \"\/quiz\/node_definitions.xml\", \"node_dependencies_z100000\");\r\n\t\t\t}\t\r\n\t\t});\r\n\t\t\r\n\t\t<\/script>\n\n\n\n<p><strong>Hinweis:<\/strong> Lektionen mit dem Schlosssymbol sind noch nicht freigeschaltet. Die Knoten, die pulsieren zeigen deinen aktuellen Fortschritt. Lektionen mit einem Hut hast du bereits erfolgreich bestanden. Du siehst auch deine Note dazu und eine Statistik, wenn auf die entsprechende Symbole klickst. Der Lernfortschritt wird f\u00fcr <strong>Mitglieder<\/strong> sicher gespeichert. Bei nicht Mitgliedern, wird der Fortschritt \u00fcber Cookies gespeichert. Diese k\u00f6nnen jedoch abh\u00e4ngig von deinen Browser-Einstellungen gel\u00f6scht werden, was zum Verlust deines Lernfortschritts f\u00fchrt.<\/p>\n\n\n\n<p><\/p>\n\n\n\n<p><\/p>\n","protected":false},"excerpt":{"rendered":"<p>Hier siehst du alle Lektionen eines Kapitels mit ihren Abh\u00e4ngigkeiten. Die Lektionen bauen aufeinander auf. In jedem Kapitel ist die Lektion 1 stets freigeschaltet. Wenn du auf Lernen klickst, gelingst du zu den Texten. Diese solltest du lesen und verstehen. Wenn du auf \u00dcben klickst, gelingst du zum Test. Bestehst ihn, so wird die n\u00e4chste &#8230; <a title=\"Biologie Lernfortschritt\" class=\"read-more\" href=\"https:\/\/nurlernen.de\/biologie\/biologie-lernfortschritt\/\" aria-label=\"Mehr Informationen \u00fcber Biologie Lernfortschritt\">Weiterlesen<\/a><\/p>\n","protected":false},"author":1,"featured_media":0,"parent":0,"menu_order":0,"comment_status":"open","ping_status":"closed","template":"","meta":{"footnotes":""},"class_list":["post-1753","page","type-page","status-publish"],"yoast_head":"<!-- This site is optimized with the Yoast SEO plugin v27.5 - https:\/\/yoast.com\/product\/yoast-seo-wordpress\/ -->\n<title>Biologie Lernfortschritt<\/title>\n<meta name=\"description\" content=\"Verbessere deine Noten mit \u00fcber 1000 kostenlose Aufgaben und \u00dcbungen zu diversen Biologie Themen und behalte deinen Lernfortschritt im Blick\" \/>\n<meta name=\"robots\" content=\"index, follow, max-snippet:-1, max-image-preview:large, max-video-preview:-1\" \/>\n<link rel=\"canonical\" href=\"https:\/\/nurlernen.de\/biologie\/biologie-lernfortschritt\/\" \/>\n<meta property=\"og:locale\" content=\"de_DE\" \/>\n<meta property=\"og:type\" content=\"article\" \/>\n<meta property=\"og:title\" content=\"Biologie Lernfortschritt\" \/>\n<meta property=\"og:description\" content=\"Verbessere deine Noten mit \u00fcber 1000 kostenlose Aufgaben und \u00dcbungen zu diversen Biologie Themen und behalte deinen Lernfortschritt im Blick\" \/>\n<meta property=\"og:url\" content=\"https:\/\/nurlernen.de\/biologie\/biologie-lernfortschritt\/\" \/>\n<meta property=\"og:site_name\" content=\"Biologie verstehen\" \/>\n<meta property=\"article:modified_time\" content=\"2025-11-19T18:51:59+00:00\" \/>\n<meta name=\"twitter:card\" content=\"summary_large_image\" \/>\n<meta name=\"twitter:label1\" content=\"Gesch\u00e4tzte Lesezeit\" \/>\n\t<meta name=\"twitter:data1\" content=\"1\u00a0Minute\" \/>\n<script type=\"application\/ld+json\" class=\"yoast-schema-graph\">{\"@context\":\"https:\\\/\\\/schema.org\",\"@graph\":[{\"@type\":\"WebPage\",\"@id\":\"https:\\\/\\\/nurlernen.de\\\/biologie\\\/biologie-lernfortschritt\\\/\",\"url\":\"https:\\\/\\\/nurlernen.de\\\/biologie\\\/biologie-lernfortschritt\\\/\",\"name\":\"Biologie Lernfortschritt\",\"isPartOf\":{\"@id\":\"https:\\\/\\\/nurlernen.de\\\/biologie\\\/#website\"},\"datePublished\":\"2021-08-10T11:25:07+00:00\",\"dateModified\":\"2025-11-19T18:51:59+00:00\",\"description\":\"Verbessere deine Noten mit \u00fcber 1000 kostenlose Aufgaben und \u00dcbungen zu diversen Biologie Themen und behalte deinen Lernfortschritt im Blick\",\"breadcrumb\":{\"@id\":\"https:\\\/\\\/nurlernen.de\\\/biologie\\\/biologie-lernfortschritt\\\/#breadcrumb\"},\"inLanguage\":\"de\",\"potentialAction\":[{\"@type\":\"ReadAction\",\"target\":[\"https:\\\/\\\/nurlernen.de\\\/biologie\\\/biologie-lernfortschritt\\\/\"]}]},{\"@type\":\"BreadcrumbList\",\"@id\":\"https:\\\/\\\/nurlernen.de\\\/biologie\\\/biologie-lernfortschritt\\\/#breadcrumb\",\"itemListElement\":[{\"@type\":\"ListItem\",\"position\":1,\"name\":\"Startseite\",\"item\":\"https:\\\/\\\/nurlernen.de\\\/biologie\\\/\"},{\"@type\":\"ListItem\",\"position\":2,\"name\":\"Biologie Lernfortschritt\"}]},{\"@type\":\"WebSite\",\"@id\":\"https:\\\/\\\/nurlernen.de\\\/biologie\\\/#website\",\"url\":\"https:\\\/\\\/nurlernen.de\\\/biologie\\\/\",\"name\":\"Biologie Lernen\",\"description\":\"\u00dcber 1000 kostenlose \u00dcbungen\",\"publisher\":{\"@id\":\"https:\\\/\\\/nurlernen.de\\\/biologie\\\/#organization\"},\"potentialAction\":[{\"@type\":\"SearchAction\",\"target\":{\"@type\":\"EntryPoint\",\"urlTemplate\":\"https:\\\/\\\/nurlernen.de\\\/biologie\\\/?s={search_term_string}\"},\"query-input\":{\"@type\":\"PropertyValueSpecification\",\"valueRequired\":true,\"valueName\":\"search_term_string\"}}],\"inLanguage\":\"de\"},{\"@type\":\"Organization\",\"@id\":\"https:\\\/\\\/nurlernen.de\\\/biologie\\\/#organization\",\"name\":\"Biologie Lernen\",\"url\":\"https:\\\/\\\/nurlernen.de\\\/biologie\\\/\",\"logo\":{\"@type\":\"ImageObject\",\"inLanguage\":\"de\",\"@id\":\"https:\\\/\\\/nurlernen.de\\\/biologie\\\/#\\\/schema\\\/logo\\\/image\\\/\",\"url\":\"https:\\\/\\\/nurlernen.de\\\/biologie\\\/wp-content\\\/uploads\\\/sites\\\/2\\\/2025\\\/07\\\/cropped-zellkern.png\",\"contentUrl\":\"https:\\\/\\\/nurlernen.de\\\/biologie\\\/wp-content\\\/uploads\\\/sites\\\/2\\\/2025\\\/07\\\/cropped-zellkern.png\",\"width\":512,\"height\":512,\"caption\":\"Biologie Lernen\"},\"image\":{\"@id\":\"https:\\\/\\\/nurlernen.de\\\/biologie\\\/#\\\/schema\\\/logo\\\/image\\\/\"},\"sameAs\":[\"https:\\\/\\\/www.instagram.com\\\/nurlernen.de\\\/\"]}]}<\/script>\n<!-- \/ Yoast SEO plugin. -->","yoast_head_json":{"title":"Biologie Lernfortschritt","description":"Verbessere deine Noten mit \u00fcber 1000 kostenlose Aufgaben und \u00dcbungen zu diversen Biologie Themen und behalte deinen Lernfortschritt im Blick","robots":{"index":"index","follow":"follow","max-snippet":"max-snippet:-1","max-image-preview":"max-image-preview:large","max-video-preview":"max-video-preview:-1"},"canonical":"https:\/\/nurlernen.de\/biologie\/biologie-lernfortschritt\/","og_locale":"de_DE","og_type":"article","og_title":"Biologie Lernfortschritt","og_description":"Verbessere deine Noten mit \u00fcber 1000 kostenlose Aufgaben und \u00dcbungen zu diversen Biologie Themen und behalte deinen Lernfortschritt im Blick","og_url":"https:\/\/nurlernen.de\/biologie\/biologie-lernfortschritt\/","og_site_name":"Biologie verstehen","article_modified_time":"2025-11-19T18:51:59+00:00","twitter_card":"summary_large_image","twitter_misc":{"Gesch\u00e4tzte Lesezeit":"1\u00a0Minute"},"schema":{"@context":"https:\/\/schema.org","@graph":[{"@type":"WebPage","@id":"https:\/\/nurlernen.de\/biologie\/biologie-lernfortschritt\/","url":"https:\/\/nurlernen.de\/biologie\/biologie-lernfortschritt\/","name":"Biologie Lernfortschritt","isPartOf":{"@id":"https:\/\/nurlernen.de\/biologie\/#website"},"datePublished":"2021-08-10T11:25:07+00:00","dateModified":"2025-11-19T18:51:59+00:00","description":"Verbessere deine Noten mit \u00fcber 1000 kostenlose Aufgaben und \u00dcbungen zu diversen Biologie Themen und behalte deinen Lernfortschritt im Blick","breadcrumb":{"@id":"https:\/\/nurlernen.de\/biologie\/biologie-lernfortschritt\/#breadcrumb"},"inLanguage":"de","potentialAction":[{"@type":"ReadAction","target":["https:\/\/nurlernen.de\/biologie\/biologie-lernfortschritt\/"]}]},{"@type":"BreadcrumbList","@id":"https:\/\/nurlernen.de\/biologie\/biologie-lernfortschritt\/#breadcrumb","itemListElement":[{"@type":"ListItem","position":1,"name":"Startseite","item":"https:\/\/nurlernen.de\/biologie\/"},{"@type":"ListItem","position":2,"name":"Biologie Lernfortschritt"}]},{"@type":"WebSite","@id":"https:\/\/nurlernen.de\/biologie\/#website","url":"https:\/\/nurlernen.de\/biologie\/","name":"Biologie Lernen","description":"\u00dcber 1000 kostenlose \u00dcbungen","publisher":{"@id":"https:\/\/nurlernen.de\/biologie\/#organization"},"potentialAction":[{"@type":"SearchAction","target":{"@type":"EntryPoint","urlTemplate":"https:\/\/nurlernen.de\/biologie\/?s={search_term_string}"},"query-input":{"@type":"PropertyValueSpecification","valueRequired":true,"valueName":"search_term_string"}}],"inLanguage":"de"},{"@type":"Organization","@id":"https:\/\/nurlernen.de\/biologie\/#organization","name":"Biologie Lernen","url":"https:\/\/nurlernen.de\/biologie\/","logo":{"@type":"ImageObject","inLanguage":"de","@id":"https:\/\/nurlernen.de\/biologie\/#\/schema\/logo\/image\/","url":"https:\/\/nurlernen.de\/biologie\/wp-content\/uploads\/sites\/2\/2025\/07\/cropped-zellkern.png","contentUrl":"https:\/\/nurlernen.de\/biologie\/wp-content\/uploads\/sites\/2\/2025\/07\/cropped-zellkern.png","width":512,"height":512,"caption":"Biologie Lernen"},"image":{"@id":"https:\/\/nurlernen.de\/biologie\/#\/schema\/logo\/image\/"},"sameAs":["https:\/\/www.instagram.com\/nurlernen.de\/"]}]}},"_links":{"self":[{"href":"https:\/\/nurlernen.de\/biologie\/wp-json\/wp\/v2\/pages\/1753","targetHints":{"allow":["GET"]}}],"collection":[{"href":"https:\/\/nurlernen.de\/biologie\/wp-json\/wp\/v2\/pages"}],"about":[{"href":"https:\/\/nurlernen.de\/biologie\/wp-json\/wp\/v2\/types\/page"}],"author":[{"embeddable":true,"href":"https:\/\/nurlernen.de\/biologie\/wp-json\/wp\/v2\/users\/1"}],"replies":[{"embeddable":true,"href":"https:\/\/nurlernen.de\/biologie\/wp-json\/wp\/v2\/comments?post=1753"}],"version-history":[{"count":7,"href":"https:\/\/nurlernen.de\/biologie\/wp-json\/wp\/v2\/pages\/1753\/revisions"}],"predecessor-version":[{"id":3157,"href":"https:\/\/nurlernen.de\/biologie\/wp-json\/wp\/v2\/pages\/1753\/revisions\/3157"}],"wp:attachment":[{"href":"https:\/\/nurlernen.de\/biologie\/wp-json\/wp\/v2\/media?parent=1753"}],"curies":[{"name":"wp","href":"https:\/\/api.w.org\/{rel}","templated":true}]}}