{"id":2206,"date":"2022-01-13T18:31:12","date_gmt":"2022-01-13T18:31:12","guid":{"rendered":"https:\/\/nurlernen.de\/biologie\/?page_id=2206"},"modified":"2025-11-18T11:18:22","modified_gmt":"2025-11-18T10:18:22","slug":"das-endoplasmatische-reticulum","status":"publish","type":"page","link":"https:\/\/nurlernen.de\/biologie\/das-endoplasmatische-reticulum\/","title":{"rendered":"Das Endoplasmatische Reticulum"},"content":{"rendered":"\n<p>\n<a href=\"https:\/\/nurlernen.de\/biologie\/biologie-lernkontrolle\/?quiz=l_100245_q&#038;tree=chapter_z100010\" title=\"Direkt zum Test\">\n  <img decoding=\"async\" src=\"https:\/\/nurlernen.de\/biologie\/wp-content\/uploads\/sites\/2\/2025\/11\/test_icon.png\" alt=\"Zum Test\" style=\"width:48px; height:48px;\"><\/a>\n<a href=\"https:\/\/nurlernen.de\/biologie\/biologie-inhalte\/\" title=\"Lernfortschritt\">\n  <img decoding=\"async\" src=\"https:\/\/nurlernen.de\/biologie\/wp-content\/uploads\/sites\/2\/2025\/11\/progress_icon.png\" alt=\"Zum Test\" style=\"width:48px; height:48px;\"><\/a>\n<a href=\"https:\/\/nurlernen.de\/biologie\/biologie-lernkontrolle\" title=\"\u00dcber 1000 \u00dcbungen!\">\n  <img decoding=\"async\" src=\"https:\/\/nurlernen.de\/biologie\/wp-content\/uploads\/sites\/2\/2025\/11\/test2_icon.png\" alt=\"\u00dcber 1000 \u00dcbungen!\" style=\"width:48px; height:48px;\"><\/a>\n<a href=\"https:\/\/nurlernen.de\/biologie\/biologie-artikel\" title=\"Biologie Text-Sammlung\">\n  <img decoding=\"async\" src=\"https:\/\/nurlernen.de\/biologie\/wp-content\/uploads\/sites\/2\/2025\/11\/books_icon.png\" alt=\"Biologie Text-Sammlung\" style=\"width:48px; height:48px;\"><\/a>\n<a href=\"https:\/\/nurlernen.de\/biologie\/biologie-akademie\/\" title=\"Einen Lehrer Fragen\">\n  <img decoding=\"async\" src=\"https:\/\/nurlernen.de\/biologie\/wp-content\/uploads\/sites\/2\/2025\/11\/teacher_icon.png\" alt=\"Zum Test\" style=\"width:48px; height:48px;\"><\/a>\n<\/p>\n\n\n<p>Das Endoplasmatische Reticulum (ER) besteht aus einem verzweigten Membrannetzwerk. Die ER-Membran macht \u00fcber die H\u00e4lfte der gesamten Membranmenge in einer Eukaryotenzelle aus und ist direkt mit der Kernh\u00fclle des Zellkerns verbunden. Bereiche des ER, die auf ihren Membranfl\u00e4chen Ribosomen besitzen werden als raues ER bezeichnet. Er-Abschnitte, die glatt und ribosomenfrei sind hei\u00dfen glattes ER. Raues und glattes ER haben verschiedene Funktionen.<\/p>\n<h4>Aufgaben des glatten ER<\/h4>\n<p>Das glatte ER spielt eine wichtige Rolle bei vielen Stoffwechselprozessen. Enzyme des glatten ERs sind f\u00fcr die Synthese von Lipiden, wie z. B. Phospholipide, Fetts\u00e4uren und Steroide relevant. Zus\u00e4tzlich spielt das glatte ER beim Kohlenhydratstoffwechsel, der Entgiftung der Zelle und der Speicherung von Calcium eine besonders wichtige Rolle. Deshalb besitzen die Parenchymzellen der Niere und der Leber vorwiegend glattes ER.<\/p>\n<h4>Aufgaben des rauen ER<\/h4>\n<p>Das raue ER hat zwei Funktionen: die Proteinbiosynthese und die Membranproduktion. In den Dr\u00fcsenzellen und in der Leber kommt das raue ER besonders h\u00e4ufig vor.<\/p>\n<p>Die meisten Sekretionsproteine sind Glykoproteine, d.h. die Proteine sind mit Kohlenhydraten verbunden. Diese Kohlenhydrate werden im ER durch Enzyme an das Protein angehaftet. Die fertigen Proteine verlassen anschlie\u00dfend das ER in Transportvesikel in Richtung des Golgi-Apparats.<\/p>\n<p>Das raue ER l\u00e4sst bei der Membransynthese seine eigene Membran wachsen und schickt diese Membranteile anschlie\u00dfend in Transportvesikeln zu anderen Teilen des inneren Membransystems. Die an Ribosomen hergestellten Membranproteine werden in die Membran des ER eingelagert und werden so ein Teil der z. B. Plasmamembran.<\/p>\n\n\n<p><button onclick=\"location.href='https:\/\/nurlernen.de\/biologie\/biologie-inhalte\/'\">Lernbereich<\/button>\r\n<button onclick=\"location.href='https:\/\/nurlernen.de\/biologie\/biologie-akademie\/'\">Biologie Akademie<\/button>\r\n<!--button onclick=\"location.href='https:\/\/nurlernen.de\/biologie\/biologie-lernkontrolle\/'\">Lernkontrolle<\/button-->\r\n<!--button onclick=\"location.href='\/biologie-fragenkatalog'\"&gt;Fragenkatalog (F\u00fcr Lehrer)&lt;\/button-->\r\n<\/p>\n","protected":false},"excerpt":{"rendered":"<p>Das Endoplasmatische Reticulum (ER) besteht aus einem verzweigten Membrannetzwerk. Die ER-Membran macht \u00fcber die H\u00e4lfte der gesamten Membranmenge in einer Eukaryotenzelle aus und ist direkt mit der Kernh\u00fclle des Zellkerns verbunden. Bereiche des ER, die auf ihren Membranfl\u00e4chen Ribosomen besitzen werden als raues ER bezeichnet. Er-Abschnitte, die glatt und ribosomenfrei sind hei\u00dfen glattes ER. Raues &#8230; <a title=\"Das Endoplasmatische Reticulum\" class=\"read-more\" href=\"https:\/\/nurlernen.de\/biologie\/das-endoplasmatische-reticulum\/\" aria-label=\"Mehr Informationen \u00fcber Das Endoplasmatische Reticulum\">Weiterlesen<\/a><\/p>\n","protected":false},"author":1,"featured_media":0,"parent":0,"menu_order":0,"comment_status":"open","ping_status":"closed","template":"","meta":{"footnotes":""},"class_list":["post-2206","page","type-page","status-publish"],"yoast_head":"<!-- This site is optimized with the Yoast SEO plugin v27.5 - https:\/\/yoast.com\/product\/yoast-seo-wordpress\/ -->\n<title>Das Endoplasmatische Reticulum<\/title>\n<meta name=\"description\" content=\"Das Endoplasmatische Reticulum (ER) ist verantwortlich f\u00fcr Lipidsynthese, Entgiftung, Calcium-Speicherung und Proteinbiosynthese in Zellen.\" \/>\n<meta name=\"robots\" content=\"index, follow, max-snippet:-1, max-image-preview:large, max-video-preview:-1\" \/>\n<link rel=\"canonical\" href=\"https:\/\/nurlernen.de\/biologie\/das-endoplasmatische-reticulum\/\" \/>\n<meta property=\"og:locale\" content=\"de_DE\" \/>\n<meta property=\"og:type\" content=\"article\" \/>\n<meta property=\"og:title\" content=\"Das Endoplasmatische Reticulum\" \/>\n<meta property=\"og:description\" content=\"Das Endoplasmatische Reticulum (ER) ist verantwortlich f\u00fcr Lipidsynthese, Entgiftung, Calcium-Speicherung und Proteinbiosynthese in Zellen.\" \/>\n<meta property=\"og:url\" content=\"https:\/\/nurlernen.de\/biologie\/das-endoplasmatische-reticulum\/\" \/>\n<meta property=\"og:site_name\" content=\"Biologie verstehen\" \/>\n<meta property=\"article:modified_time\" content=\"2025-11-18T10:18:22+00:00\" \/>\n<meta property=\"og:image\" content=\"https:\/\/nurlernen.de\/biologie\/wp-content\/uploads\/sites\/2\/2025\/11\/test_icon.png\" \/>\n<meta name=\"twitter:card\" content=\"summary_large_image\" \/>\n<meta name=\"twitter:label1\" content=\"Gesch\u00e4tzte Lesezeit\" \/>\n\t<meta name=\"twitter:data1\" content=\"3\u00a0Minuten\" \/>\n<script type=\"application\/ld+json\" class=\"yoast-schema-graph\">{\"@context\":\"https:\\\/\\\/schema.org\",\"@graph\":[{\"@type\":\"WebPage\",\"@id\":\"https:\\\/\\\/nurlernen.de\\\/biologie\\\/das-endoplasmatische-reticulum\\\/\",\"url\":\"https:\\\/\\\/nurlernen.de\\\/biologie\\\/das-endoplasmatische-reticulum\\\/\",\"name\":\"Das Endoplasmatische Reticulum\",\"isPartOf\":{\"@id\":\"https:\\\/\\\/nurlernen.de\\\/biologie\\\/#website\"},\"primaryImageOfPage\":{\"@id\":\"https:\\\/\\\/nurlernen.de\\\/biologie\\\/das-endoplasmatische-reticulum\\\/#primaryimage\"},\"image\":{\"@id\":\"https:\\\/\\\/nurlernen.de\\\/biologie\\\/das-endoplasmatische-reticulum\\\/#primaryimage\"},\"thumbnailUrl\":\"https:\\\/\\\/nurlernen.de\\\/biologie\\\/wp-content\\\/uploads\\\/sites\\\/2\\\/2025\\\/11\\\/test_icon.png\",\"datePublished\":\"2022-01-13T18:31:12+00:00\",\"dateModified\":\"2025-11-18T10:18:22+00:00\",\"description\":\"Das Endoplasmatische Reticulum (ER) ist verantwortlich f\u00fcr Lipidsynthese, Entgiftung, Calcium-Speicherung und Proteinbiosynthese in Zellen.\",\"breadcrumb\":{\"@id\":\"https:\\\/\\\/nurlernen.de\\\/biologie\\\/das-endoplasmatische-reticulum\\\/#breadcrumb\"},\"inLanguage\":\"de\",\"potentialAction\":[{\"@type\":\"ReadAction\",\"target\":[\"https:\\\/\\\/nurlernen.de\\\/biologie\\\/das-endoplasmatische-reticulum\\\/\"]}]},{\"@type\":\"ImageObject\",\"inLanguage\":\"de\",\"@id\":\"https:\\\/\\\/nurlernen.de\\\/biologie\\\/das-endoplasmatische-reticulum\\\/#primaryimage\",\"url\":\"https:\\\/\\\/nurlernen.de\\\/biologie\\\/wp-content\\\/uploads\\\/sites\\\/2\\\/2025\\\/11\\\/test_icon.png\",\"contentUrl\":\"https:\\\/\\\/nurlernen.de\\\/biologie\\\/wp-content\\\/uploads\\\/sites\\\/2\\\/2025\\\/11\\\/test_icon.png\",\"width\":256,\"height\":256},{\"@type\":\"BreadcrumbList\",\"@id\":\"https:\\\/\\\/nurlernen.de\\\/biologie\\\/das-endoplasmatische-reticulum\\\/#breadcrumb\",\"itemListElement\":[{\"@type\":\"ListItem\",\"position\":1,\"name\":\"Startseite\",\"item\":\"https:\\\/\\\/nurlernen.de\\\/biologie\\\/\"},{\"@type\":\"ListItem\",\"position\":2,\"name\":\"Das Endoplasmatische Reticulum\"}]},{\"@type\":\"WebSite\",\"@id\":\"https:\\\/\\\/nurlernen.de\\\/biologie\\\/#website\",\"url\":\"https:\\\/\\\/nurlernen.de\\\/biologie\\\/\",\"name\":\"Biologie Lernen\",\"description\":\"\u00dcber 1000 kostenlose \u00dcbungen\",\"publisher\":{\"@id\":\"https:\\\/\\\/nurlernen.de\\\/biologie\\\/#organization\"},\"potentialAction\":[{\"@type\":\"SearchAction\",\"target\":{\"@type\":\"EntryPoint\",\"urlTemplate\":\"https:\\\/\\\/nurlernen.de\\\/biologie\\\/?s={search_term_string}\"},\"query-input\":{\"@type\":\"PropertyValueSpecification\",\"valueRequired\":true,\"valueName\":\"search_term_string\"}}],\"inLanguage\":\"de\"},{\"@type\":\"Organization\",\"@id\":\"https:\\\/\\\/nurlernen.de\\\/biologie\\\/#organization\",\"name\":\"Biologie Lernen\",\"url\":\"https:\\\/\\\/nurlernen.de\\\/biologie\\\/\",\"logo\":{\"@type\":\"ImageObject\",\"inLanguage\":\"de\",\"@id\":\"https:\\\/\\\/nurlernen.de\\\/biologie\\\/#\\\/schema\\\/logo\\\/image\\\/\",\"url\":\"https:\\\/\\\/nurlernen.de\\\/biologie\\\/wp-content\\\/uploads\\\/sites\\\/2\\\/2025\\\/07\\\/cropped-zellkern.png\",\"contentUrl\":\"https:\\\/\\\/nurlernen.de\\\/biologie\\\/wp-content\\\/uploads\\\/sites\\\/2\\\/2025\\\/07\\\/cropped-zellkern.png\",\"width\":512,\"height\":512,\"caption\":\"Biologie Lernen\"},\"image\":{\"@id\":\"https:\\\/\\\/nurlernen.de\\\/biologie\\\/#\\\/schema\\\/logo\\\/image\\\/\"},\"sameAs\":[\"https:\\\/\\\/www.instagram.com\\\/nurlernen.de\\\/\"]}]}<\/script>\n<!-- \/ Yoast SEO plugin. -->","yoast_head_json":{"title":"Das Endoplasmatische Reticulum","description":"Das Endoplasmatische Reticulum (ER) ist verantwortlich f\u00fcr Lipidsynthese, Entgiftung, Calcium-Speicherung und Proteinbiosynthese in Zellen.","robots":{"index":"index","follow":"follow","max-snippet":"max-snippet:-1","max-image-preview":"max-image-preview:large","max-video-preview":"max-video-preview:-1"},"canonical":"https:\/\/nurlernen.de\/biologie\/das-endoplasmatische-reticulum\/","og_locale":"de_DE","og_type":"article","og_title":"Das Endoplasmatische Reticulum","og_description":"Das Endoplasmatische Reticulum (ER) ist verantwortlich f\u00fcr Lipidsynthese, Entgiftung, Calcium-Speicherung und Proteinbiosynthese in Zellen.","og_url":"https:\/\/nurlernen.de\/biologie\/das-endoplasmatische-reticulum\/","og_site_name":"Biologie verstehen","article_modified_time":"2025-11-18T10:18:22+00:00","og_image":[{"url":"https:\/\/nurlernen.de\/biologie\/wp-content\/uploads\/sites\/2\/2025\/11\/test_icon.png","type":"","width":"","height":""}],"twitter_card":"summary_large_image","twitter_misc":{"Gesch\u00e4tzte Lesezeit":"3\u00a0Minuten"},"schema":{"@context":"https:\/\/schema.org","@graph":[{"@type":"WebPage","@id":"https:\/\/nurlernen.de\/biologie\/das-endoplasmatische-reticulum\/","url":"https:\/\/nurlernen.de\/biologie\/das-endoplasmatische-reticulum\/","name":"Das Endoplasmatische Reticulum","isPartOf":{"@id":"https:\/\/nurlernen.de\/biologie\/#website"},"primaryImageOfPage":{"@id":"https:\/\/nurlernen.de\/biologie\/das-endoplasmatische-reticulum\/#primaryimage"},"image":{"@id":"https:\/\/nurlernen.de\/biologie\/das-endoplasmatische-reticulum\/#primaryimage"},"thumbnailUrl":"https:\/\/nurlernen.de\/biologie\/wp-content\/uploads\/sites\/2\/2025\/11\/test_icon.png","datePublished":"2022-01-13T18:31:12+00:00","dateModified":"2025-11-18T10:18:22+00:00","description":"Das Endoplasmatische Reticulum (ER) ist verantwortlich f\u00fcr Lipidsynthese, Entgiftung, Calcium-Speicherung und Proteinbiosynthese in Zellen.","breadcrumb":{"@id":"https:\/\/nurlernen.de\/biologie\/das-endoplasmatische-reticulum\/#breadcrumb"},"inLanguage":"de","potentialAction":[{"@type":"ReadAction","target":["https:\/\/nurlernen.de\/biologie\/das-endoplasmatische-reticulum\/"]}]},{"@type":"ImageObject","inLanguage":"de","@id":"https:\/\/nurlernen.de\/biologie\/das-endoplasmatische-reticulum\/#primaryimage","url":"https:\/\/nurlernen.de\/biologie\/wp-content\/uploads\/sites\/2\/2025\/11\/test_icon.png","contentUrl":"https:\/\/nurlernen.de\/biologie\/wp-content\/uploads\/sites\/2\/2025\/11\/test_icon.png","width":256,"height":256},{"@type":"BreadcrumbList","@id":"https:\/\/nurlernen.de\/biologie\/das-endoplasmatische-reticulum\/#breadcrumb","itemListElement":[{"@type":"ListItem","position":1,"name":"Startseite","item":"https:\/\/nurlernen.de\/biologie\/"},{"@type":"ListItem","position":2,"name":"Das Endoplasmatische Reticulum"}]},{"@type":"WebSite","@id":"https:\/\/nurlernen.de\/biologie\/#website","url":"https:\/\/nurlernen.de\/biologie\/","name":"Biologie Lernen","description":"\u00dcber 1000 kostenlose \u00dcbungen","publisher":{"@id":"https:\/\/nurlernen.de\/biologie\/#organization"},"potentialAction":[{"@type":"SearchAction","target":{"@type":"EntryPoint","urlTemplate":"https:\/\/nurlernen.de\/biologie\/?s={search_term_string}"},"query-input":{"@type":"PropertyValueSpecification","valueRequired":true,"valueName":"search_term_string"}}],"inLanguage":"de"},{"@type":"Organization","@id":"https:\/\/nurlernen.de\/biologie\/#organization","name":"Biologie Lernen","url":"https:\/\/nurlernen.de\/biologie\/","logo":{"@type":"ImageObject","inLanguage":"de","@id":"https:\/\/nurlernen.de\/biologie\/#\/schema\/logo\/image\/","url":"https:\/\/nurlernen.de\/biologie\/wp-content\/uploads\/sites\/2\/2025\/07\/cropped-zellkern.png","contentUrl":"https:\/\/nurlernen.de\/biologie\/wp-content\/uploads\/sites\/2\/2025\/07\/cropped-zellkern.png","width":512,"height":512,"caption":"Biologie Lernen"},"image":{"@id":"https:\/\/nurlernen.de\/biologie\/#\/schema\/logo\/image\/"},"sameAs":["https:\/\/www.instagram.com\/nurlernen.de\/"]}]}},"_links":{"self":[{"href":"https:\/\/nurlernen.de\/biologie\/wp-json\/wp\/v2\/pages\/2206","targetHints":{"allow":["GET"]}}],"collection":[{"href":"https:\/\/nurlernen.de\/biologie\/wp-json\/wp\/v2\/pages"}],"about":[{"href":"https:\/\/nurlernen.de\/biologie\/wp-json\/wp\/v2\/types\/page"}],"author":[{"embeddable":true,"href":"https:\/\/nurlernen.de\/biologie\/wp-json\/wp\/v2\/users\/1"}],"replies":[{"embeddable":true,"href":"https:\/\/nurlernen.de\/biologie\/wp-json\/wp\/v2\/comments?post=2206"}],"version-history":[{"count":4,"href":"https:\/\/nurlernen.de\/biologie\/wp-json\/wp\/v2\/pages\/2206\/revisions"}],"predecessor-version":[{"id":3242,"href":"https:\/\/nurlernen.de\/biologie\/wp-json\/wp\/v2\/pages\/2206\/revisions\/3242"}],"wp:attachment":[{"href":"https:\/\/nurlernen.de\/biologie\/wp-json\/wp\/v2\/media?parent=2206"}],"curies":[{"name":"wp","href":"https:\/\/api.w.org\/{rel}","templated":true}]}}