{"id":2441,"date":"2024-02-07T11:10:50","date_gmt":"2024-02-07T11:10:50","guid":{"rendered":"https:\/\/nurlernen.de\/biologie\/?page_id=2441"},"modified":"2025-11-18T11:16:19","modified_gmt":"2025-11-18T10:16:19","slug":"wie-untersucht-man-zellen","status":"publish","type":"page","link":"https:\/\/nurlernen.de\/biologie\/wie-untersucht-man-zellen\/","title":{"rendered":"Wie untersucht man Zellen?"},"content":{"rendered":"\n<p>\n<a href=\"https:\/\/nurlernen.de\/biologie\/biologie-lernkontrolle\/?quiz=l_100210_q&#038;tree=chapter_z100010\" title=\"Direkt zum Test\">\n  <img decoding=\"async\" src=\"https:\/\/nurlernen.de\/biologie\/wp-content\/uploads\/sites\/2\/2025\/11\/test_icon.png\" alt=\"Zum Test\" style=\"width:48px; height:48px;\"><\/a>\n<a href=\"https:\/\/nurlernen.de\/biologie\/biologie-inhalte\/\" title=\"Lernfortschritt\">\n  <img decoding=\"async\" src=\"https:\/\/nurlernen.de\/biologie\/wp-content\/uploads\/sites\/2\/2025\/11\/progress_icon.png\" alt=\"Zum Test\" style=\"width:48px; height:48px;\"><\/a>\n<a href=\"https:\/\/nurlernen.de\/biologie\/biologie-lernkontrolle\" title=\"\u00dcber 1000 \u00dcbungen!\">\n  <img decoding=\"async\" src=\"https:\/\/nurlernen.de\/biologie\/wp-content\/uploads\/sites\/2\/2025\/11\/test2_icon.png\" alt=\"\u00dcber 1000 \u00dcbungen!\" style=\"width:48px; height:48px;\"><\/a>\n<a href=\"https:\/\/nurlernen.de\/biologie\/biologie-artikel\" title=\"Biologie Text-Sammlung\">\n  <img decoding=\"async\" src=\"https:\/\/nurlernen.de\/biologie\/wp-content\/uploads\/sites\/2\/2025\/11\/books_icon.png\" alt=\"Biologie Text-Sammlung\" style=\"width:48px; height:48px;\"><\/a>\n<a href=\"https:\/\/nurlernen.de\/biologie\/biologie-akademie\/\" title=\"Einen Lehrer Fragen\">\n  <img decoding=\"async\" src=\"https:\/\/nurlernen.de\/biologie\/wp-content\/uploads\/sites\/2\/2025\/11\/teacher_icon.png\" alt=\"Zum Test\" style=\"width:48px; height:48px;\"><\/a>\n<\/p>\n\n\n<p>Die Mikroskopie ist eine Schl\u00fcsseltechnologie in der Wissenschaft, die es uns erm\u00f6glicht, die Welt auf einer Skala zu betrachten, die weit \u00fcber das hinausgeht, was das menschliche Auge sehen kann. Sie hat unser Verst\u00e4ndnis von allem, von Zellen und Mikroorganismen bis hin zu Materialien und Nanotechnologie, revolutioniert.<\/p>\n<p>Es gibt viele verschiedene Arten von Mikroskopen, die jeweils auf unterschiedlichen physikalischen Prinzipien basieren und f\u00fcr verschiedene Anwendungen geeignet sind. Lichtmikroskope verwenden Licht, um das Bild zu erzeugen, w\u00e4hrend Elektronenmikroskope Elektronen verwenden. Fluoreszenzmikroskope k\u00f6nnen spezifische Molek\u00fcle in einer Zelle oder einem Gewebe sichtbar machen, indem sie fluoreszierende Farbstoffe verwenden.<\/p>\n<p>Die Mikroskopie hat eine Vielzahl von Anwendungen in vielen verschiedenen Bereichen. In der Biologie erm\u00f6glicht sie uns, die Struktur und Funktion von Zellen und Geweben zu untersuchen. In der Medizin wird sie verwendet, um Gewebeproben zu untersuchen und Krankheiten zu diagnostizieren.<\/p>\n<p>Die Mikroskopie entwickelt sich st\u00e4ndig weiter und neue Technologien er\u00f6ffnen immer neue M\u00f6glichkeiten. Super-aufl\u00f6sende Mikroskopie, zum Beispiel, bricht die durch das Licht gesetzten Grenzen der Aufl\u00f6sung und erm\u00f6glicht es uns, Strukturen auf molekularer Ebene zu sehen. Andere aufregende Entwicklungen sind die lebende Zellbildgebung, die es uns erm\u00f6glicht, Zellen und Gewebe in Echtzeit zu beobachten, und die Quantenmikroskopie, die Quanteneffekte nutzt, um Bilder mit bisher unerreichter Genauigkeit und Empfindlichkeit zu erzeugen.<\/p>\n<p>Die Mikroskopie ist ein m\u00e4chtiges Werkzeug, das uns erm\u00f6glicht den Aufbau und die Funktionsweise von Zellen zu studieren, neue Materialien und Technologien zu entwickeln und Krankheiten besser zu verstehen und zu behandeln. Sie ist ein Fenster in die Welt des Kleinen.<\/p>\n\n\n<p><button onclick=\"location.href='https:\/\/nurlernen.de\/biologie\/biologie-inhalte\/'\">Lernbereich<\/button>\r\n<button onclick=\"location.href='https:\/\/nurlernen.de\/biologie\/biologie-akademie\/'\">Biologie Akademie<\/button>\r\n<!--button onclick=\"location.href='https:\/\/nurlernen.de\/biologie\/biologie-lernkontrolle\/'\">Lernkontrolle<\/button-->\r\n<!--button onclick=\"location.href='\/biologie-fragenkatalog'\"&gt;Fragenkatalog (F\u00fcr Lehrer)&lt;\/button-->\r\n<\/p>\n","protected":false},"excerpt":{"rendered":"<p>Die Mikroskopie ist eine Schl\u00fcsseltechnologie in der Wissenschaft, die es uns erm\u00f6glicht, die Welt auf einer Skala zu betrachten, die weit \u00fcber das hinausgeht, was das menschliche Auge sehen kann. Sie hat unser Verst\u00e4ndnis von allem, von Zellen und Mikroorganismen bis hin zu Materialien und Nanotechnologie, revolutioniert. Es gibt viele verschiedene Arten von Mikroskopen, die &#8230; <a title=\"Wie untersucht man Zellen?\" class=\"read-more\" href=\"https:\/\/nurlernen.de\/biologie\/wie-untersucht-man-zellen\/\" aria-label=\"Mehr Informationen \u00fcber Wie untersucht man Zellen?\">Weiterlesen<\/a><\/p>\n","protected":false},"author":1,"featured_media":0,"parent":0,"menu_order":0,"comment_status":"open","ping_status":"closed","template":"","meta":{"footnotes":""},"class_list":["post-2441","page","type-page","status-publish"],"yoast_head":"<!-- This site is optimized with the Yoast SEO plugin v27.5 - https:\/\/yoast.com\/product\/yoast-seo-wordpress\/ -->\n<title>Wie untersucht man Zellen?<\/title>\n<meta name=\"description\" content=\"Die Mikroskopie ist ein Werkzeug, das uns erm\u00f6glicht den Aufbau und die Funktionsweise von Zellen zu studieren.\" \/>\n<meta name=\"robots\" content=\"index, follow, max-snippet:-1, max-image-preview:large, max-video-preview:-1\" \/>\n<link rel=\"canonical\" href=\"https:\/\/nurlernen.de\/biologie\/wie-untersucht-man-zellen\/\" \/>\n<meta property=\"og:locale\" content=\"de_DE\" \/>\n<meta property=\"og:type\" content=\"article\" \/>\n<meta property=\"og:title\" content=\"Wie untersucht man Zellen?\" \/>\n<meta property=\"og:description\" content=\"Die Mikroskopie ist ein Werkzeug, das uns erm\u00f6glicht den Aufbau und die Funktionsweise von Zellen zu studieren.\" \/>\n<meta property=\"og:url\" content=\"https:\/\/nurlernen.de\/biologie\/wie-untersucht-man-zellen\/\" \/>\n<meta property=\"og:site_name\" content=\"Biologie verstehen\" \/>\n<meta property=\"article:modified_time\" content=\"2025-11-18T10:16:19+00:00\" \/>\n<meta property=\"og:image\" content=\"https:\/\/nurlernen.de\/biologie\/wp-content\/uploads\/sites\/2\/2025\/11\/test_icon.png\" \/>\n<meta name=\"twitter:card\" content=\"summary_large_image\" \/>\n<meta name=\"twitter:label1\" content=\"Gesch\u00e4tzte Lesezeit\" \/>\n\t<meta name=\"twitter:data1\" content=\"3\u00a0Minuten\" \/>\n<script type=\"application\/ld+json\" class=\"yoast-schema-graph\">{\"@context\":\"https:\\\/\\\/schema.org\",\"@graph\":[{\"@type\":\"WebPage\",\"@id\":\"https:\\\/\\\/nurlernen.de\\\/biologie\\\/wie-untersucht-man-zellen\\\/\",\"url\":\"https:\\\/\\\/nurlernen.de\\\/biologie\\\/wie-untersucht-man-zellen\\\/\",\"name\":\"Wie untersucht man Zellen?\",\"isPartOf\":{\"@id\":\"https:\\\/\\\/nurlernen.de\\\/biologie\\\/#website\"},\"primaryImageOfPage\":{\"@id\":\"https:\\\/\\\/nurlernen.de\\\/biologie\\\/wie-untersucht-man-zellen\\\/#primaryimage\"},\"image\":{\"@id\":\"https:\\\/\\\/nurlernen.de\\\/biologie\\\/wie-untersucht-man-zellen\\\/#primaryimage\"},\"thumbnailUrl\":\"https:\\\/\\\/nurlernen.de\\\/biologie\\\/wp-content\\\/uploads\\\/sites\\\/2\\\/2025\\\/11\\\/test_icon.png\",\"datePublished\":\"2024-02-07T11:10:50+00:00\",\"dateModified\":\"2025-11-18T10:16:19+00:00\",\"description\":\"Die Mikroskopie ist ein Werkzeug, das uns erm\u00f6glicht den Aufbau und die Funktionsweise von Zellen zu studieren.\",\"breadcrumb\":{\"@id\":\"https:\\\/\\\/nurlernen.de\\\/biologie\\\/wie-untersucht-man-zellen\\\/#breadcrumb\"},\"inLanguage\":\"de\",\"potentialAction\":[{\"@type\":\"ReadAction\",\"target\":[\"https:\\\/\\\/nurlernen.de\\\/biologie\\\/wie-untersucht-man-zellen\\\/\"]}]},{\"@type\":\"ImageObject\",\"inLanguage\":\"de\",\"@id\":\"https:\\\/\\\/nurlernen.de\\\/biologie\\\/wie-untersucht-man-zellen\\\/#primaryimage\",\"url\":\"https:\\\/\\\/nurlernen.de\\\/biologie\\\/wp-content\\\/uploads\\\/sites\\\/2\\\/2025\\\/11\\\/test_icon.png\",\"contentUrl\":\"https:\\\/\\\/nurlernen.de\\\/biologie\\\/wp-content\\\/uploads\\\/sites\\\/2\\\/2025\\\/11\\\/test_icon.png\",\"width\":256,\"height\":256},{\"@type\":\"BreadcrumbList\",\"@id\":\"https:\\\/\\\/nurlernen.de\\\/biologie\\\/wie-untersucht-man-zellen\\\/#breadcrumb\",\"itemListElement\":[{\"@type\":\"ListItem\",\"position\":1,\"name\":\"Startseite\",\"item\":\"https:\\\/\\\/nurlernen.de\\\/biologie\\\/\"},{\"@type\":\"ListItem\",\"position\":2,\"name\":\"Wie untersucht man Zellen?\"}]},{\"@type\":\"WebSite\",\"@id\":\"https:\\\/\\\/nurlernen.de\\\/biologie\\\/#website\",\"url\":\"https:\\\/\\\/nurlernen.de\\\/biologie\\\/\",\"name\":\"Biologie Lernen\",\"description\":\"\u00dcber 1000 kostenlose \u00dcbungen\",\"publisher\":{\"@id\":\"https:\\\/\\\/nurlernen.de\\\/biologie\\\/#organization\"},\"potentialAction\":[{\"@type\":\"SearchAction\",\"target\":{\"@type\":\"EntryPoint\",\"urlTemplate\":\"https:\\\/\\\/nurlernen.de\\\/biologie\\\/?s={search_term_string}\"},\"query-input\":{\"@type\":\"PropertyValueSpecification\",\"valueRequired\":true,\"valueName\":\"search_term_string\"}}],\"inLanguage\":\"de\"},{\"@type\":\"Organization\",\"@id\":\"https:\\\/\\\/nurlernen.de\\\/biologie\\\/#organization\",\"name\":\"Biologie Lernen\",\"url\":\"https:\\\/\\\/nurlernen.de\\\/biologie\\\/\",\"logo\":{\"@type\":\"ImageObject\",\"inLanguage\":\"de\",\"@id\":\"https:\\\/\\\/nurlernen.de\\\/biologie\\\/#\\\/schema\\\/logo\\\/image\\\/\",\"url\":\"https:\\\/\\\/nurlernen.de\\\/biologie\\\/wp-content\\\/uploads\\\/sites\\\/2\\\/2025\\\/07\\\/cropped-zellkern.png\",\"contentUrl\":\"https:\\\/\\\/nurlernen.de\\\/biologie\\\/wp-content\\\/uploads\\\/sites\\\/2\\\/2025\\\/07\\\/cropped-zellkern.png\",\"width\":512,\"height\":512,\"caption\":\"Biologie Lernen\"},\"image\":{\"@id\":\"https:\\\/\\\/nurlernen.de\\\/biologie\\\/#\\\/schema\\\/logo\\\/image\\\/\"},\"sameAs\":[\"https:\\\/\\\/www.instagram.com\\\/nurlernen.de\\\/\"]}]}<\/script>\n<!-- \/ Yoast SEO plugin. -->","yoast_head_json":{"title":"Wie untersucht man Zellen?","description":"Die Mikroskopie ist ein Werkzeug, das uns erm\u00f6glicht den Aufbau und die Funktionsweise von Zellen zu studieren.","robots":{"index":"index","follow":"follow","max-snippet":"max-snippet:-1","max-image-preview":"max-image-preview:large","max-video-preview":"max-video-preview:-1"},"canonical":"https:\/\/nurlernen.de\/biologie\/wie-untersucht-man-zellen\/","og_locale":"de_DE","og_type":"article","og_title":"Wie untersucht man Zellen?","og_description":"Die Mikroskopie ist ein Werkzeug, das uns erm\u00f6glicht den Aufbau und die Funktionsweise von Zellen zu studieren.","og_url":"https:\/\/nurlernen.de\/biologie\/wie-untersucht-man-zellen\/","og_site_name":"Biologie verstehen","article_modified_time":"2025-11-18T10:16:19+00:00","og_image":[{"url":"https:\/\/nurlernen.de\/biologie\/wp-content\/uploads\/sites\/2\/2025\/11\/test_icon.png","type":"","width":"","height":""}],"twitter_card":"summary_large_image","twitter_misc":{"Gesch\u00e4tzte Lesezeit":"3\u00a0Minuten"},"schema":{"@context":"https:\/\/schema.org","@graph":[{"@type":"WebPage","@id":"https:\/\/nurlernen.de\/biologie\/wie-untersucht-man-zellen\/","url":"https:\/\/nurlernen.de\/biologie\/wie-untersucht-man-zellen\/","name":"Wie untersucht man Zellen?","isPartOf":{"@id":"https:\/\/nurlernen.de\/biologie\/#website"},"primaryImageOfPage":{"@id":"https:\/\/nurlernen.de\/biologie\/wie-untersucht-man-zellen\/#primaryimage"},"image":{"@id":"https:\/\/nurlernen.de\/biologie\/wie-untersucht-man-zellen\/#primaryimage"},"thumbnailUrl":"https:\/\/nurlernen.de\/biologie\/wp-content\/uploads\/sites\/2\/2025\/11\/test_icon.png","datePublished":"2024-02-07T11:10:50+00:00","dateModified":"2025-11-18T10:16:19+00:00","description":"Die Mikroskopie ist ein Werkzeug, das uns erm\u00f6glicht den Aufbau und die Funktionsweise von Zellen zu studieren.","breadcrumb":{"@id":"https:\/\/nurlernen.de\/biologie\/wie-untersucht-man-zellen\/#breadcrumb"},"inLanguage":"de","potentialAction":[{"@type":"ReadAction","target":["https:\/\/nurlernen.de\/biologie\/wie-untersucht-man-zellen\/"]}]},{"@type":"ImageObject","inLanguage":"de","@id":"https:\/\/nurlernen.de\/biologie\/wie-untersucht-man-zellen\/#primaryimage","url":"https:\/\/nurlernen.de\/biologie\/wp-content\/uploads\/sites\/2\/2025\/11\/test_icon.png","contentUrl":"https:\/\/nurlernen.de\/biologie\/wp-content\/uploads\/sites\/2\/2025\/11\/test_icon.png","width":256,"height":256},{"@type":"BreadcrumbList","@id":"https:\/\/nurlernen.de\/biologie\/wie-untersucht-man-zellen\/#breadcrumb","itemListElement":[{"@type":"ListItem","position":1,"name":"Startseite","item":"https:\/\/nurlernen.de\/biologie\/"},{"@type":"ListItem","position":2,"name":"Wie untersucht man Zellen?"}]},{"@type":"WebSite","@id":"https:\/\/nurlernen.de\/biologie\/#website","url":"https:\/\/nurlernen.de\/biologie\/","name":"Biologie Lernen","description":"\u00dcber 1000 kostenlose \u00dcbungen","publisher":{"@id":"https:\/\/nurlernen.de\/biologie\/#organization"},"potentialAction":[{"@type":"SearchAction","target":{"@type":"EntryPoint","urlTemplate":"https:\/\/nurlernen.de\/biologie\/?s={search_term_string}"},"query-input":{"@type":"PropertyValueSpecification","valueRequired":true,"valueName":"search_term_string"}}],"inLanguage":"de"},{"@type":"Organization","@id":"https:\/\/nurlernen.de\/biologie\/#organization","name":"Biologie Lernen","url":"https:\/\/nurlernen.de\/biologie\/","logo":{"@type":"ImageObject","inLanguage":"de","@id":"https:\/\/nurlernen.de\/biologie\/#\/schema\/logo\/image\/","url":"https:\/\/nurlernen.de\/biologie\/wp-content\/uploads\/sites\/2\/2025\/07\/cropped-zellkern.png","contentUrl":"https:\/\/nurlernen.de\/biologie\/wp-content\/uploads\/sites\/2\/2025\/07\/cropped-zellkern.png","width":512,"height":512,"caption":"Biologie Lernen"},"image":{"@id":"https:\/\/nurlernen.de\/biologie\/#\/schema\/logo\/image\/"},"sameAs":["https:\/\/www.instagram.com\/nurlernen.de\/"]}]}},"_links":{"self":[{"href":"https:\/\/nurlernen.de\/biologie\/wp-json\/wp\/v2\/pages\/2441","targetHints":{"allow":["GET"]}}],"collection":[{"href":"https:\/\/nurlernen.de\/biologie\/wp-json\/wp\/v2\/pages"}],"about":[{"href":"https:\/\/nurlernen.de\/biologie\/wp-json\/wp\/v2\/types\/page"}],"author":[{"embeddable":true,"href":"https:\/\/nurlernen.de\/biologie\/wp-json\/wp\/v2\/users\/1"}],"replies":[{"embeddable":true,"href":"https:\/\/nurlernen.de\/biologie\/wp-json\/wp\/v2\/comments?post=2441"}],"version-history":[{"count":4,"href":"https:\/\/nurlernen.de\/biologie\/wp-json\/wp\/v2\/pages\/2441\/revisions"}],"predecessor-version":[{"id":3239,"href":"https:\/\/nurlernen.de\/biologie\/wp-json\/wp\/v2\/pages\/2441\/revisions\/3239"}],"wp:attachment":[{"href":"https:\/\/nurlernen.de\/biologie\/wp-json\/wp\/v2\/media?parent=2441"}],"curies":[{"name":"wp","href":"https:\/\/api.w.org\/{rel}","templated":true}]}}