{"id":2893,"date":"2025-08-08T10:15:02","date_gmt":"2025-08-08T08:15:02","guid":{"rendered":"https:\/\/nurlernen.de\/biologie\/?page_id=2893"},"modified":"2025-08-14T16:17:13","modified_gmt":"2025-08-14T14:17:13","slug":"der-zellzyklus","status":"publish","type":"page","link":"https:\/\/nurlernen.de\/biologie\/der-zellzyklus\/","title":{"rendered":"Der Zellzyklus"},"content":{"rendered":"<p>Wir Menschen werden geboren und erleben unsere Kindheit, Jugend, das Erwachsenen-Dasein. Anschlie\u00dfend &#8211; wenn wir Gl\u00fcck haben &#8211; werden wir alt und sterben. Das ist unser Lebenszyklus. Genauso kann Mann die unterschiedlichen Phasen des Lebens einer Zelle definieren. Unter dem Zellzyklus verstehen wir also die verschiedenen Lebensphasen einer Zelle; von der Entstehung bis zur n\u00e4chsten Zellteilung und\/oder dem Zelltod.<\/p>\n<p>Ein Zyklus, hat die Eigenschaft, dass sie sich oft wiederholt. Damit wir den Zellzyklus besser verstehen, m\u00fcssen wir schauen, wie Zellen entstehen?<\/p>\n<p>Grunds\u00e4tzlich gibt es zwei Vorg\u00e4nge bei denen neue Zellen entstehen:<\/p>\n<ul>\n<li>Entstehung neuer Zellen aus der Verschmelzung (Fusion) zweier Vorg\u00e4ngerzellen. Der bekannteste dieser Verschmelzungen ist die Befruchtung einer Eizelle durch ein Spermium, was zu einem neune Leben f\u00fchrt.<\/li>\n<li>Entstehung neuer Zellen aus der Teilung von Vorg\u00e4ngerzellen, ist die noch g\u00e4ngigere Art der Zellproduktion. So sind auch alle unsere K\u00f6rperzellen aus einer befruchteten Eizelle (s. o.) durch Tausende von Teilungsvorg\u00e4nge entstanden.<\/li>\n<\/ul>\n<p>Also jeder Zellzyklus beginnt mit der Entstehung einer neun Zelle, deren Zyklus wir beschreiben m\u00f6chten.<\/p>\n<p>Die n\u00e4chste Frage, die wir uns stellen wollen, ist die Frage wie der Zellzyklus &#8211; wenn \u00fcberhaupt &#8211; endet? Eine einfache Antwort hierauf ist, genau wie bei uns Menschen: Mit dem Tod. Wenn eine Zelle stirbt, warum auch immer, dann endet der Zellzyklus.<\/p>\n<p>Was aber wenn sich eine Zelle teilt, oder mit einer anderen Zelle zu einer neuen Zelle verschmilzt, was dann? In diesem Fall beginnt eben ein neuer Zellzyklus und der alte Zyklus setzt sich im Zellzyklus der neuen Zellen fort.<\/p>\n<p>Und was passiert alles dazwischen?<\/p>\n<p>Eine exzellente Frage \ud83d\udc4d.<\/p>\n<p>Der Lebensabschnitt zwischen zwei Zellteilungen bezeichnet man als <strong>Interphase<\/strong>.<\/p>\n<p>Zum Einen muss die neue Zelle wachsen. Dieser Abschnitt der Interphase wird als <strong>G1-Phase oder GAP 1<\/strong> bezeichnet.<\/p>\n<p>Zellen, die sich nicht mehr weiter teilen m\u00fcssen, werden in die sogenannte <strong>Ruhephase auch G0-Phase<\/strong> genannt \u00fcbergehen. In dieser Phase wird sie ihre Funktion erledigen, wie z. B. \u00dcbertragung von Nervensignalen in Neuronen. Diese Phase kann sehr lange und sogar bis zum Tod der Zelle dauern.<\/p>\n<p>Falls die Zelle entscheidet, sich weiter zu teilen, dann muss sie zuerst ihre DNA duplizieren, da sie sonst nach der Zellteilung nur die H\u00e4lfte ihres Genoms zur Verf\u00fcgung h\u00e4tte. Dieser Abschnitt der Interphase bezeichnen wir als<strong> S-Phase oder Synthese-Phase<\/strong>, da hier durch die Verdopplung der DNA neues DNA synthetisiert (hergestellt) wird.<\/p>\n<p>Falls die Zelle sich teilen soll, wird sie sich auch hierauf vorbereiten. Hierzu muss unter anderem das genetische Material (das Genom) f\u00fcr die Zellteilung vorbereitet werden. Diese Phase wird als <strong>GAP 2 oder G2-Phase<\/strong> bezeichnet.<\/p>\n<p>Anschlie\u00dfend werden durch eine Teilung des Zellkerns (Karyokinese) &#8211; in der Regele <strong>Mitose<\/strong> &#8211; zwei neue Tochterzellen entstehen. Die Zellteilungsphase wird auch als <strong>M-Phase<\/strong> bezeichnet.<\/p>\n\n\n<p><button onclick=\"location.href='https:\/\/nurlernen.de\/biologie\/biologie-inhalte\/'\">Lernbereich<\/button>\r\n<button onclick=\"location.href='https:\/\/nurlernen.de\/biologie\/biologie-akademie\/'\">Biologie Akademie<\/button>\r\n<!--button onclick=\"location.href='https:\/\/nurlernen.de\/biologie\/biologie-lernkontrolle\/'\">Lernkontrolle<\/button-->\r\n<!--button onclick=\"location.href='\/biologie-fragenkatalog'\"&gt;Fragenkatalog (F\u00fcr Lehrer)&lt;\/button-->\r\n<\/p>\n","protected":false},"excerpt":{"rendered":"<p>Wir Menschen werden geboren und erleben unsere Kindheit, Jugend, das Erwachsenen-Dasein. Anschlie\u00dfend &#8211; wenn wir Gl\u00fcck haben &#8211; werden wir alt und sterben. Das ist unser Lebenszyklus. Genauso kann Mann die unterschiedlichen Phasen des Lebens einer Zelle definieren. Unter dem Zellzyklus verstehen wir also die verschiedenen Lebensphasen einer Zelle; von der Entstehung bis zur n\u00e4chsten &#8230; <a title=\"Der Zellzyklus\" class=\"read-more\" href=\"https:\/\/nurlernen.de\/biologie\/der-zellzyklus\/\" aria-label=\"Mehr Informationen \u00fcber Der Zellzyklus\">Weiterlesen<\/a><\/p>\n","protected":false},"author":1,"featured_media":0,"parent":0,"menu_order":0,"comment_status":"closed","ping_status":"closed","template":"","meta":{"footnotes":""},"class_list":["post-2893","page","type-page","status-publish"],"yoast_head":"<!-- This site is optimized with the Yoast SEO plugin v27.5 - https:\/\/yoast.com\/product\/yoast-seo-wordpress\/ -->\n<title>Der Zellzyklus<\/title>\n<meta name=\"description\" content=\"Zellzyklus: Lebensphasen einer Zelle von Wachstum (Interphase) bis Zellteilung (Mitose). Phasen G1, S, G2 und M verst\u00e4ndlich erkl\u00e4rt.\" \/>\n<meta name=\"robots\" content=\"index, follow, max-snippet:-1, max-image-preview:large, max-video-preview:-1\" \/>\n<link rel=\"canonical\" href=\"https:\/\/nurlernen.de\/biologie\/der-zellzyklus\/\" \/>\n<meta property=\"og:locale\" content=\"de_DE\" \/>\n<meta property=\"og:type\" content=\"article\" \/>\n<meta property=\"og:title\" content=\"Der Zellzyklus\" \/>\n<meta property=\"og:description\" content=\"Zellzyklus: Lebensphasen einer Zelle von Wachstum (Interphase) bis Zellteilung (Mitose). Phasen G1, S, G2 und M verst\u00e4ndlich erkl\u00e4rt.\" \/>\n<meta property=\"og:url\" content=\"https:\/\/nurlernen.de\/biologie\/der-zellzyklus\/\" \/>\n<meta property=\"og:site_name\" content=\"Biologie verstehen\" \/>\n<meta property=\"article:modified_time\" content=\"2025-08-14T14:17:13+00:00\" \/>\n<meta name=\"twitter:card\" content=\"summary_large_image\" \/>\n<meta name=\"twitter:label1\" content=\"Gesch\u00e4tzte Lesezeit\" \/>\n\t<meta name=\"twitter:data1\" content=\"2\u00a0Minuten\" \/>\n<script type=\"application\/ld+json\" class=\"yoast-schema-graph\">{\"@context\":\"https:\\\/\\\/schema.org\",\"@graph\":[{\"@type\":\"WebPage\",\"@id\":\"https:\\\/\\\/nurlernen.de\\\/biologie\\\/der-zellzyklus\\\/\",\"url\":\"https:\\\/\\\/nurlernen.de\\\/biologie\\\/der-zellzyklus\\\/\",\"name\":\"Der Zellzyklus\",\"isPartOf\":{\"@id\":\"https:\\\/\\\/nurlernen.de\\\/biologie\\\/#website\"},\"datePublished\":\"2025-08-08T08:15:02+00:00\",\"dateModified\":\"2025-08-14T14:17:13+00:00\",\"description\":\"Zellzyklus: Lebensphasen einer Zelle von Wachstum (Interphase) bis Zellteilung (Mitose). Phasen G1, S, G2 und M verst\u00e4ndlich erkl\u00e4rt.\",\"breadcrumb\":{\"@id\":\"https:\\\/\\\/nurlernen.de\\\/biologie\\\/der-zellzyklus\\\/#breadcrumb\"},\"inLanguage\":\"de\",\"potentialAction\":[{\"@type\":\"ReadAction\",\"target\":[\"https:\\\/\\\/nurlernen.de\\\/biologie\\\/der-zellzyklus\\\/\"]}]},{\"@type\":\"BreadcrumbList\",\"@id\":\"https:\\\/\\\/nurlernen.de\\\/biologie\\\/der-zellzyklus\\\/#breadcrumb\",\"itemListElement\":[{\"@type\":\"ListItem\",\"position\":1,\"name\":\"Startseite\",\"item\":\"https:\\\/\\\/nurlernen.de\\\/biologie\\\/\"},{\"@type\":\"ListItem\",\"position\":2,\"name\":\"Der Zellzyklus\"}]},{\"@type\":\"WebSite\",\"@id\":\"https:\\\/\\\/nurlernen.de\\\/biologie\\\/#website\",\"url\":\"https:\\\/\\\/nurlernen.de\\\/biologie\\\/\",\"name\":\"Biologie Lernen\",\"description\":\"\u00dcber 1000 kostenlose \u00dcbungen\",\"publisher\":{\"@id\":\"https:\\\/\\\/nurlernen.de\\\/biologie\\\/#organization\"},\"potentialAction\":[{\"@type\":\"SearchAction\",\"target\":{\"@type\":\"EntryPoint\",\"urlTemplate\":\"https:\\\/\\\/nurlernen.de\\\/biologie\\\/?s={search_term_string}\"},\"query-input\":{\"@type\":\"PropertyValueSpecification\",\"valueRequired\":true,\"valueName\":\"search_term_string\"}}],\"inLanguage\":\"de\"},{\"@type\":\"Organization\",\"@id\":\"https:\\\/\\\/nurlernen.de\\\/biologie\\\/#organization\",\"name\":\"Biologie Lernen\",\"url\":\"https:\\\/\\\/nurlernen.de\\\/biologie\\\/\",\"logo\":{\"@type\":\"ImageObject\",\"inLanguage\":\"de\",\"@id\":\"https:\\\/\\\/nurlernen.de\\\/biologie\\\/#\\\/schema\\\/logo\\\/image\\\/\",\"url\":\"https:\\\/\\\/nurlernen.de\\\/biologie\\\/wp-content\\\/uploads\\\/sites\\\/2\\\/2025\\\/07\\\/cropped-zellkern.png\",\"contentUrl\":\"https:\\\/\\\/nurlernen.de\\\/biologie\\\/wp-content\\\/uploads\\\/sites\\\/2\\\/2025\\\/07\\\/cropped-zellkern.png\",\"width\":512,\"height\":512,\"caption\":\"Biologie Lernen\"},\"image\":{\"@id\":\"https:\\\/\\\/nurlernen.de\\\/biologie\\\/#\\\/schema\\\/logo\\\/image\\\/\"},\"sameAs\":[\"https:\\\/\\\/www.instagram.com\\\/nurlernen.de\\\/\"]}]}<\/script>\n<!-- \/ Yoast SEO plugin. -->","yoast_head_json":{"title":"Der Zellzyklus","description":"Zellzyklus: Lebensphasen einer Zelle von Wachstum (Interphase) bis Zellteilung (Mitose). Phasen G1, S, G2 und M verst\u00e4ndlich erkl\u00e4rt.","robots":{"index":"index","follow":"follow","max-snippet":"max-snippet:-1","max-image-preview":"max-image-preview:large","max-video-preview":"max-video-preview:-1"},"canonical":"https:\/\/nurlernen.de\/biologie\/der-zellzyklus\/","og_locale":"de_DE","og_type":"article","og_title":"Der Zellzyklus","og_description":"Zellzyklus: Lebensphasen einer Zelle von Wachstum (Interphase) bis Zellteilung (Mitose). Phasen G1, S, G2 und M verst\u00e4ndlich erkl\u00e4rt.","og_url":"https:\/\/nurlernen.de\/biologie\/der-zellzyklus\/","og_site_name":"Biologie verstehen","article_modified_time":"2025-08-14T14:17:13+00:00","twitter_card":"summary_large_image","twitter_misc":{"Gesch\u00e4tzte Lesezeit":"2\u00a0Minuten"},"schema":{"@context":"https:\/\/schema.org","@graph":[{"@type":"WebPage","@id":"https:\/\/nurlernen.de\/biologie\/der-zellzyklus\/","url":"https:\/\/nurlernen.de\/biologie\/der-zellzyklus\/","name":"Der Zellzyklus","isPartOf":{"@id":"https:\/\/nurlernen.de\/biologie\/#website"},"datePublished":"2025-08-08T08:15:02+00:00","dateModified":"2025-08-14T14:17:13+00:00","description":"Zellzyklus: Lebensphasen einer Zelle von Wachstum (Interphase) bis Zellteilung (Mitose). Phasen G1, S, G2 und M verst\u00e4ndlich erkl\u00e4rt.","breadcrumb":{"@id":"https:\/\/nurlernen.de\/biologie\/der-zellzyklus\/#breadcrumb"},"inLanguage":"de","potentialAction":[{"@type":"ReadAction","target":["https:\/\/nurlernen.de\/biologie\/der-zellzyklus\/"]}]},{"@type":"BreadcrumbList","@id":"https:\/\/nurlernen.de\/biologie\/der-zellzyklus\/#breadcrumb","itemListElement":[{"@type":"ListItem","position":1,"name":"Startseite","item":"https:\/\/nurlernen.de\/biologie\/"},{"@type":"ListItem","position":2,"name":"Der Zellzyklus"}]},{"@type":"WebSite","@id":"https:\/\/nurlernen.de\/biologie\/#website","url":"https:\/\/nurlernen.de\/biologie\/","name":"Biologie Lernen","description":"\u00dcber 1000 kostenlose \u00dcbungen","publisher":{"@id":"https:\/\/nurlernen.de\/biologie\/#organization"},"potentialAction":[{"@type":"SearchAction","target":{"@type":"EntryPoint","urlTemplate":"https:\/\/nurlernen.de\/biologie\/?s={search_term_string}"},"query-input":{"@type":"PropertyValueSpecification","valueRequired":true,"valueName":"search_term_string"}}],"inLanguage":"de"},{"@type":"Organization","@id":"https:\/\/nurlernen.de\/biologie\/#organization","name":"Biologie Lernen","url":"https:\/\/nurlernen.de\/biologie\/","logo":{"@type":"ImageObject","inLanguage":"de","@id":"https:\/\/nurlernen.de\/biologie\/#\/schema\/logo\/image\/","url":"https:\/\/nurlernen.de\/biologie\/wp-content\/uploads\/sites\/2\/2025\/07\/cropped-zellkern.png","contentUrl":"https:\/\/nurlernen.de\/biologie\/wp-content\/uploads\/sites\/2\/2025\/07\/cropped-zellkern.png","width":512,"height":512,"caption":"Biologie Lernen"},"image":{"@id":"https:\/\/nurlernen.de\/biologie\/#\/schema\/logo\/image\/"},"sameAs":["https:\/\/www.instagram.com\/nurlernen.de\/"]}]}},"_links":{"self":[{"href":"https:\/\/nurlernen.de\/biologie\/wp-json\/wp\/v2\/pages\/2893","targetHints":{"allow":["GET"]}}],"collection":[{"href":"https:\/\/nurlernen.de\/biologie\/wp-json\/wp\/v2\/pages"}],"about":[{"href":"https:\/\/nurlernen.de\/biologie\/wp-json\/wp\/v2\/types\/page"}],"author":[{"embeddable":true,"href":"https:\/\/nurlernen.de\/biologie\/wp-json\/wp\/v2\/users\/1"}],"replies":[{"embeddable":true,"href":"https:\/\/nurlernen.de\/biologie\/wp-json\/wp\/v2\/comments?post=2893"}],"version-history":[{"count":9,"href":"https:\/\/nurlernen.de\/biologie\/wp-json\/wp\/v2\/pages\/2893\/revisions"}],"predecessor-version":[{"id":2989,"href":"https:\/\/nurlernen.de\/biologie\/wp-json\/wp\/v2\/pages\/2893\/revisions\/2989"}],"wp:attachment":[{"href":"https:\/\/nurlernen.de\/biologie\/wp-json\/wp\/v2\/media?parent=2893"}],"curies":[{"name":"wp","href":"https:\/\/api.w.org\/{rel}","templated":true}]}}