{"id":3042,"date":"2025-09-23T10:42:20","date_gmt":"2025-09-23T08:42:20","guid":{"rendered":"https:\/\/nurlernen.de\/biologie\/?page_id=3042"},"modified":"2025-10-29T08:47:48","modified_gmt":"2025-10-29T07:47:48","slug":"genetische-variation","status":"publish","type":"page","link":"https:\/\/nurlernen.de\/biologie\/genetische-variation\/","title":{"rendered":"Genetische Variation"},"content":{"rendered":"<div class=\"prose text-pretty dark:prose-invert inline leading-relaxed break-words min-w-0 [word-break:break-word] prose-strong:font-medium\">\n<h3 class=\"my-2 [&amp;+p]:mt-4 [&amp;_strong:has(+br)]:inline-block [&amp;_strong:has(+br)]:pb-2\">Allelenfrequenz<\/h3>\n<p class=\"my-2 [&amp;+p]:mt-4 [&amp;_strong:has(+br)]:inline-block [&amp;_strong:has(+br)]:pb-2\">Die Allelenfrequenz beschreibt die relative H\u00e4ufigkeit eines bestimmten Allels (genvariante) in einer Population und gibt an, wie oft ein bestimmtes Allel am Genpool einer Population vorkommt. Sie wird berechnet, indem die Anzahl der Kopien des interessierenden Allels durch die Gesamtanzahl aller Kopien des Allels an diesem Genort innerhalb der Population geteilt wird.<\/p>\n<\/div>\n<div class=\"prose text-pretty dark:prose-invert inline leading-relaxed break-words min-w-0 [word-break:break-word] prose-strong:font-medium\">\n<p class=\"my-2 [&amp;+p]:mt-4 [&amp;_strong:has(+br)]:inline-block [&amp;_strong:has(+br)]:pb-2\">In einer Population mit 1000 Individuen und zwei Allelen (A und a) ergibt sich insgesamt 2000 Allelen, falls wir von diploiden Individuen ausgehen, da sie von jedem Gen zwei Allelen besitzen. Kommen nun das Allel A 1200-mal und das Allel a 800-mal vor, dann gilt:<\/p>\n<ul class=\"marker:text-quiet list-disc\">\n<li class=\"py-0 my-0 prose-p:pt-0 prose-p:mb-2 prose-p:my-0 [&amp;&gt;p]:pt-0 [&amp;&gt;p]:mb-2 [&amp;&gt;p]:my-0\">\n<p class=\"my-2 [&amp;+p]:mt-4 [&amp;_strong:has(+br)]:inline-block [&amp;_strong:has(+br)]:pb-2\">Allelenfrequenz f\u00fcr A: f(A) = <span class=\"katex\"><span class=\"katex-mathml\">1200 \/ 2000 = 0,6<\/span><\/span><\/p>\n<\/li>\n<li class=\"py-0 my-0 prose-p:pt-0 prose-p:mb-2 prose-p:my-0 [&amp;&gt;p]:pt-0 [&amp;&gt;p]:mb-2 [&amp;&gt;p]:my-0\">\n<p class=\"my-2 [&amp;+p]:mt-4 [&amp;_strong:has(+br)]:inline-block [&amp;_strong:has(+br)]:pb-2\">Allelenfrequenz f\u00fcr a: f(a) =\u00a0 800 \/ 2000 = 0,4<\/p>\n<\/li>\n<\/ul>\n<p class=\"my-2 [&amp;+p]:mt-4 [&amp;_strong:has(+br)]:inline-block [&amp;_strong:has(+br)]:pb-2\">Allelfrequenzen aller Allele eines Genorts ergeben zusammen stets 1 (in unserem o. g. Beispiel gilt 0,6 + 0,4 = 1).<\/p>\n<\/div>\n<p><strong>Hier eine Frage aus unserem umfangreichen\u00a0<a href=\"https:\/\/nurlernen.de\/biologie\/biologie-lernkontrolle-free\/\">Fragenkatalog<\/a>\u00a0mit \u00fcber 1000 kostenlosen Fragen :<\/strong><\/p>\n<p>Frage: 660 (Thema: Evolution) \u2794 In einer Population von diploiden Erbsenpflanzen besitzen 814 Individuen blaue Bl\u00fctenfarbe (homozygot rezessiv) und 192 Individuen gelbe Bl\u00fctenfarbe. Welche Aussage ist bez\u00fcglich der Allelenfrequenz f f\u00fcr gelbe Bl\u00fctenfarbe (A) und blaue Bl\u00fctenfarbe (a) korrekt?<\/p>\n<div>\n<ol>a) f(A) = 0,1 und f(a) = 0,9<\/ol>\n<ol>b) f(A) = 0,9 und f(a) = 0,1<\/ol>\n<ol>c) f(A) = 0,81 und f(a) = 0,19<\/ol>\n<ol>d) f(A) = 0,19 und f(a) = 0,81<\/ol>\n<ol>Antwort) Die H\u00e4ufigkeit der homozygoten Individuen (blau) in der Population betr\u00e4gt 814:(814+192) = 0,81 (oder auch 81%). Es ist zu beachten, dass bei homozygoten Individuen das Allel f\u00fcr blaue Bl\u00fctenfarbe a jeweils zweimal vorhanden ist (da diploid). Somit ist die Allelenfrequenz f(a) = Wurzel aus 0,81, also f(a) = 0,9. Die Allelenfrequenz vom dominanten Allel betr\u00e4gt dann 1-f(a) = 1-0,9 = 0,1.<\/ol>\n<\/div>\n<h3>Ideale und Reale Populationen und die Evolution<\/h3>\n<p>Wenn sich die Allelenfrequenzen in einer Population ver\u00e4ndern, so spricht man von einer realen Population. Prozesse, die dazu f\u00fchren, dass sich in einer Population die Allelenfrequenzen verschieben, bezeichnet man als Evolutionsmechanismen (z. B. Mutation oder Selektion). Ver\u00e4ndern sich in einer Population die Allelenfrequenzen nicht, so spricht man von einer idealen Population. Diese erf\u00e4hrt keine Evolution.<\/p>\n<p><a href=\"https:\/\/nurlernen.de\/biologie\/biologie-lernfortschritt\/?chapter=chapter_e100020\" rel=\"\">Test zum Thema Allelenfrequenzen und Hardy-Weinberg-Gesetze<\/a><\/p>\n\n\n<p><\/p>\n","protected":false},"excerpt":{"rendered":"<p>Allelenfrequenz Die Allelenfrequenz beschreibt die relative H\u00e4ufigkeit eines bestimmten Allels (genvariante) in einer Population und gibt an, wie oft ein bestimmtes Allel am Genpool einer Population vorkommt. Sie wird berechnet, indem die Anzahl der Kopien des interessierenden Allels durch die Gesamtanzahl aller Kopien des Allels an diesem Genort innerhalb der Population geteilt wird. In einer &#8230; <a title=\"Genetische Variation\" class=\"read-more\" href=\"https:\/\/nurlernen.de\/biologie\/genetische-variation\/\" aria-label=\"Mehr Informationen \u00fcber Genetische Variation\">Weiterlesen<\/a><\/p>\n","protected":false},"author":1,"featured_media":0,"parent":0,"menu_order":0,"comment_status":"closed","ping_status":"closed","template":"","meta":{"footnotes":""},"class_list":["post-3042","page","type-page","status-publish"],"yoast_head":"<!-- This site is optimized with the Yoast SEO plugin v27.5 - https:\/\/yoast.com\/product\/yoast-seo-wordpress\/ -->\n<title>Genetische Variation Allelenfrequenz Ideale vs. Reale Populationen<\/title>\n<meta name=\"description\" content=\"Genetische Variation: Unterschiede im Erbgut von Individuen einer Population, die durch Mutationen, Rekombination und Selektion die Evolution vorantreiben.\" \/>\n<meta name=\"robots\" content=\"index, follow, max-snippet:-1, max-image-preview:large, max-video-preview:-1\" \/>\n<link rel=\"canonical\" href=\"https:\/\/nurlernen.de\/biologie\/genetische-variation\/\" \/>\n<meta property=\"og:locale\" content=\"de_DE\" \/>\n<meta property=\"og:type\" content=\"article\" \/>\n<meta property=\"og:title\" content=\"Genetische Variation Allelenfrequenz Ideale vs. Reale Populationen\" \/>\n<meta property=\"og:description\" content=\"Genetische Variation: Unterschiede im Erbgut von Individuen einer Population, die durch Mutationen, Rekombination und Selektion die Evolution vorantreiben.\" \/>\n<meta property=\"og:url\" content=\"https:\/\/nurlernen.de\/biologie\/genetische-variation\/\" \/>\n<meta property=\"og:site_name\" content=\"Biologie verstehen\" \/>\n<meta property=\"article:modified_time\" content=\"2025-10-29T07:47:48+00:00\" \/>\n<meta name=\"twitter:card\" content=\"summary_large_image\" \/>\n<meta name=\"twitter:label1\" content=\"Gesch\u00e4tzte Lesezeit\" \/>\n\t<meta name=\"twitter:data1\" content=\"2\u00a0Minuten\" \/>\n<script type=\"application\/ld+json\" class=\"yoast-schema-graph\">{\"@context\":\"https:\\\/\\\/schema.org\",\"@graph\":[{\"@type\":\"WebPage\",\"@id\":\"https:\\\/\\\/nurlernen.de\\\/biologie\\\/genetische-variation\\\/\",\"url\":\"https:\\\/\\\/nurlernen.de\\\/biologie\\\/genetische-variation\\\/\",\"name\":\"Genetische Variation Allelenfrequenz Ideale vs. Reale Populationen\",\"isPartOf\":{\"@id\":\"https:\\\/\\\/nurlernen.de\\\/biologie\\\/#website\"},\"datePublished\":\"2025-09-23T08:42:20+00:00\",\"dateModified\":\"2025-10-29T07:47:48+00:00\",\"description\":\"Genetische Variation: Unterschiede im Erbgut von Individuen einer Population, die durch Mutationen, Rekombination und Selektion die Evolution vorantreiben.\",\"breadcrumb\":{\"@id\":\"https:\\\/\\\/nurlernen.de\\\/biologie\\\/genetische-variation\\\/#breadcrumb\"},\"inLanguage\":\"de\",\"potentialAction\":[{\"@type\":\"ReadAction\",\"target\":[\"https:\\\/\\\/nurlernen.de\\\/biologie\\\/genetische-variation\\\/\"]}]},{\"@type\":\"BreadcrumbList\",\"@id\":\"https:\\\/\\\/nurlernen.de\\\/biologie\\\/genetische-variation\\\/#breadcrumb\",\"itemListElement\":[{\"@type\":\"ListItem\",\"position\":1,\"name\":\"Startseite\",\"item\":\"https:\\\/\\\/nurlernen.de\\\/biologie\\\/\"},{\"@type\":\"ListItem\",\"position\":2,\"name\":\"Genetische Variation\"}]},{\"@type\":\"WebSite\",\"@id\":\"https:\\\/\\\/nurlernen.de\\\/biologie\\\/#website\",\"url\":\"https:\\\/\\\/nurlernen.de\\\/biologie\\\/\",\"name\":\"Biologie Lernen\",\"description\":\"\u00dcber 1000 kostenlose \u00dcbungen\",\"publisher\":{\"@id\":\"https:\\\/\\\/nurlernen.de\\\/biologie\\\/#organization\"},\"potentialAction\":[{\"@type\":\"SearchAction\",\"target\":{\"@type\":\"EntryPoint\",\"urlTemplate\":\"https:\\\/\\\/nurlernen.de\\\/biologie\\\/?s={search_term_string}\"},\"query-input\":{\"@type\":\"PropertyValueSpecification\",\"valueRequired\":true,\"valueName\":\"search_term_string\"}}],\"inLanguage\":\"de\"},{\"@type\":\"Organization\",\"@id\":\"https:\\\/\\\/nurlernen.de\\\/biologie\\\/#organization\",\"name\":\"Biologie Lernen\",\"url\":\"https:\\\/\\\/nurlernen.de\\\/biologie\\\/\",\"logo\":{\"@type\":\"ImageObject\",\"inLanguage\":\"de\",\"@id\":\"https:\\\/\\\/nurlernen.de\\\/biologie\\\/#\\\/schema\\\/logo\\\/image\\\/\",\"url\":\"https:\\\/\\\/nurlernen.de\\\/biologie\\\/wp-content\\\/uploads\\\/sites\\\/2\\\/2025\\\/07\\\/cropped-zellkern.png\",\"contentUrl\":\"https:\\\/\\\/nurlernen.de\\\/biologie\\\/wp-content\\\/uploads\\\/sites\\\/2\\\/2025\\\/07\\\/cropped-zellkern.png\",\"width\":512,\"height\":512,\"caption\":\"Biologie Lernen\"},\"image\":{\"@id\":\"https:\\\/\\\/nurlernen.de\\\/biologie\\\/#\\\/schema\\\/logo\\\/image\\\/\"},\"sameAs\":[\"https:\\\/\\\/www.instagram.com\\\/nurlernen.de\\\/\"]}]}<\/script>\n<!-- \/ Yoast SEO plugin. -->","yoast_head_json":{"title":"Genetische Variation Allelenfrequenz Ideale vs. Reale Populationen","description":"Genetische Variation: Unterschiede im Erbgut von Individuen einer Population, die durch Mutationen, Rekombination und Selektion die Evolution vorantreiben.","robots":{"index":"index","follow":"follow","max-snippet":"max-snippet:-1","max-image-preview":"max-image-preview:large","max-video-preview":"max-video-preview:-1"},"canonical":"https:\/\/nurlernen.de\/biologie\/genetische-variation\/","og_locale":"de_DE","og_type":"article","og_title":"Genetische Variation Allelenfrequenz Ideale vs. Reale Populationen","og_description":"Genetische Variation: Unterschiede im Erbgut von Individuen einer Population, die durch Mutationen, Rekombination und Selektion die Evolution vorantreiben.","og_url":"https:\/\/nurlernen.de\/biologie\/genetische-variation\/","og_site_name":"Biologie verstehen","article_modified_time":"2025-10-29T07:47:48+00:00","twitter_card":"summary_large_image","twitter_misc":{"Gesch\u00e4tzte Lesezeit":"2\u00a0Minuten"},"schema":{"@context":"https:\/\/schema.org","@graph":[{"@type":"WebPage","@id":"https:\/\/nurlernen.de\/biologie\/genetische-variation\/","url":"https:\/\/nurlernen.de\/biologie\/genetische-variation\/","name":"Genetische Variation Allelenfrequenz Ideale vs. Reale Populationen","isPartOf":{"@id":"https:\/\/nurlernen.de\/biologie\/#website"},"datePublished":"2025-09-23T08:42:20+00:00","dateModified":"2025-10-29T07:47:48+00:00","description":"Genetische Variation: Unterschiede im Erbgut von Individuen einer Population, die durch Mutationen, Rekombination und Selektion die Evolution vorantreiben.","breadcrumb":{"@id":"https:\/\/nurlernen.de\/biologie\/genetische-variation\/#breadcrumb"},"inLanguage":"de","potentialAction":[{"@type":"ReadAction","target":["https:\/\/nurlernen.de\/biologie\/genetische-variation\/"]}]},{"@type":"BreadcrumbList","@id":"https:\/\/nurlernen.de\/biologie\/genetische-variation\/#breadcrumb","itemListElement":[{"@type":"ListItem","position":1,"name":"Startseite","item":"https:\/\/nurlernen.de\/biologie\/"},{"@type":"ListItem","position":2,"name":"Genetische Variation"}]},{"@type":"WebSite","@id":"https:\/\/nurlernen.de\/biologie\/#website","url":"https:\/\/nurlernen.de\/biologie\/","name":"Biologie Lernen","description":"\u00dcber 1000 kostenlose \u00dcbungen","publisher":{"@id":"https:\/\/nurlernen.de\/biologie\/#organization"},"potentialAction":[{"@type":"SearchAction","target":{"@type":"EntryPoint","urlTemplate":"https:\/\/nurlernen.de\/biologie\/?s={search_term_string}"},"query-input":{"@type":"PropertyValueSpecification","valueRequired":true,"valueName":"search_term_string"}}],"inLanguage":"de"},{"@type":"Organization","@id":"https:\/\/nurlernen.de\/biologie\/#organization","name":"Biologie Lernen","url":"https:\/\/nurlernen.de\/biologie\/","logo":{"@type":"ImageObject","inLanguage":"de","@id":"https:\/\/nurlernen.de\/biologie\/#\/schema\/logo\/image\/","url":"https:\/\/nurlernen.de\/biologie\/wp-content\/uploads\/sites\/2\/2025\/07\/cropped-zellkern.png","contentUrl":"https:\/\/nurlernen.de\/biologie\/wp-content\/uploads\/sites\/2\/2025\/07\/cropped-zellkern.png","width":512,"height":512,"caption":"Biologie Lernen"},"image":{"@id":"https:\/\/nurlernen.de\/biologie\/#\/schema\/logo\/image\/"},"sameAs":["https:\/\/www.instagram.com\/nurlernen.de\/"]}]}},"_links":{"self":[{"href":"https:\/\/nurlernen.de\/biologie\/wp-json\/wp\/v2\/pages\/3042","targetHints":{"allow":["GET"]}}],"collection":[{"href":"https:\/\/nurlernen.de\/biologie\/wp-json\/wp\/v2\/pages"}],"about":[{"href":"https:\/\/nurlernen.de\/biologie\/wp-json\/wp\/v2\/types\/page"}],"author":[{"embeddable":true,"href":"https:\/\/nurlernen.de\/biologie\/wp-json\/wp\/v2\/users\/1"}],"replies":[{"embeddable":true,"href":"https:\/\/nurlernen.de\/biologie\/wp-json\/wp\/v2\/comments?post=3042"}],"version-history":[{"count":7,"href":"https:\/\/nurlernen.de\/biologie\/wp-json\/wp\/v2\/pages\/3042\/revisions"}],"predecessor-version":[{"id":3060,"href":"https:\/\/nurlernen.de\/biologie\/wp-json\/wp\/v2\/pages\/3042\/revisions\/3060"}],"wp:attachment":[{"href":"https:\/\/nurlernen.de\/biologie\/wp-json\/wp\/v2\/media?parent=3042"}],"curies":[{"name":"wp","href":"https:\/\/api.w.org\/{rel}","templated":true}]}}