{"id":1472,"date":"2021-07-17T17:27:03","date_gmt":"2021-07-17T17:27:03","guid":{"rendered":"https:\/\/lernenabitur.de\/?page_id=1472"},"modified":"2025-12-11T09:00:26","modified_gmt":"2025-12-11T08:00:26","slug":"physik-inhalte","status":"publish","type":"page","link":"https:\/\/nurlernen.de\/physik\/physik-inhalte\/","title":{"rendered":"Physik Lernbereich"},"content":{"rendered":"<p>Du befindest dich im Physik-Lernzentrum. Hier siehst du die Inhalte, die dir zur Verf\u00fcgung stehen. Klicke auf Lektionen oder Lernbaum, um eine \u00dcbersicht der f\u00fcr das jeweilige Kapitel zur Verf\u00fcgung stehenden Lektionen zu erhalten. Als Premium-Mitglied siehst du hier auch folgende Statistiken:<\/p>\n<ul>\n<li>Anzahl der Trainings, die du absolviert hast<\/li>\n<li>Dein Notendurchschnitt f\u00fcr dieses Kapitel<\/li>\n<li>Gesamtzahl der beantworteten Fragen<\/li>\n<li>Gesamtzahl deiner korrekten Antworten<\/li>\n<\/ul>\n<p>Nicht Premium-Mitglieder&nbsp; k\u00f6nnen die Texte in allen Kapitel lesen, haben aber nur im Kapitel 1 Zugriff auf alle Fragen.<\/p>\n<hr>\n\n\r\n\t\t<script>\r\n\t\t\tdocument.addEventListener(\"DOMContentLoaded\", function() {\r\n\t\t\t\tnmb_update_player_statistics();\r\n\t\t\t\tloadChaptersFromXML();\r\n\t\t\t});\r\n\t\t<\/script>\r\n\t\t\r\n\t\t<div id =\"nmb_physics_chapters\" >\r\n\t\t\t\r\n\t\t<\/div>\n","protected":false},"excerpt":{"rendered":"<p>Du befindest dich im Physik-Lernzentrum. Hier siehst du die Inhalte, die dir zur Verf\u00fcgung stehen. Klicke auf Lektionen oder Lernbaum, um eine \u00dcbersicht der f\u00fcr das jeweilige Kapitel zur Verf\u00fcgung stehenden Lektionen zu erhalten. Als Premium-Mitglied siehst du hier auch folgende Statistiken: Anzahl der Trainings, die du absolviert hast Dein Notendurchschnitt f\u00fcr dieses Kapitel Gesamtzahl &#8230; <a title=\"Physik Lernbereich\" class=\"read-more\" href=\"https:\/\/nurlernen.de\/physik\/physik-inhalte\/\" aria-label=\"Mehr Informationen \u00fcber Physik Lernbereich\">Weiterlesen<\/a><\/p>\n","protected":false},"author":1,"featured_media":0,"parent":0,"menu_order":0,"comment_status":"closed","ping_status":"closed","template":"","meta":{"footnotes":""},"class_list":["post-1472","page","type-page","status-publish"],"yoast_head":"<!-- This site is optimized with the Yoast SEO plugin v27.5 - https:\/\/yoast.com\/product\/yoast-seo-wordpress\/ -->\n<title>Physik Inhalte<\/title>\n<meta name=\"description\" content=\"Du befindest dich im Physik-Lernzentrum. Hier siehst du die Inhalte, die dir zur Verf\u00fcgung stehen.\" \/>\n<meta name=\"robots\" content=\"index, follow, max-snippet:-1, max-image-preview:large, max-video-preview:-1\" \/>\n<link rel=\"canonical\" href=\"https:\/\/nurlernen.de\/physik\/physik-inhalte\/\" \/>\n<meta property=\"og:locale\" content=\"de_DE\" \/>\n<meta property=\"og:type\" content=\"article\" \/>\n<meta property=\"og:title\" content=\"Physik Inhalte\" \/>\n<meta property=\"og:description\" content=\"Du befindest dich im Physik-Lernzentrum. Hier siehst du die Inhalte, die dir zur Verf\u00fcgung stehen.\" \/>\n<meta property=\"og:url\" content=\"https:\/\/nurlernen.de\/physik\/physik-inhalte\/\" \/>\n<meta property=\"og:site_name\" content=\"Physik Lernen\" \/>\n<meta property=\"article:modified_time\" content=\"2025-12-11T08:00:26+00:00\" \/>\n<meta name=\"twitter:card\" content=\"summary_large_image\" \/>\n<meta name=\"twitter:label1\" content=\"Gesch\u00e4tzte Lesezeit\" \/>\n\t<meta name=\"twitter:data1\" content=\"1\u00a0Minute\" \/>\n<script type=\"application\/ld+json\" class=\"yoast-schema-graph\">{\"@context\":\"https:\\\/\\\/schema.org\",\"@graph\":[{\"@type\":\"WebPage\",\"@id\":\"https:\\\/\\\/nurlernen.de\\\/physik\\\/physik-inhalte\\\/\",\"url\":\"https:\\\/\\\/nurlernen.de\\\/physik\\\/physik-inhalte\\\/\",\"name\":\"Physik Inhalte\",\"isPartOf\":{\"@id\":\"https:\\\/\\\/nurlernen.de\\\/physik\\\/#website\"},\"datePublished\":\"2021-07-17T17:27:03+00:00\",\"dateModified\":\"2025-12-11T08:00:26+00:00\",\"description\":\"Du befindest dich im Physik-Lernzentrum. Hier siehst du die Inhalte, die dir zur Verf\u00fcgung stehen.\",\"breadcrumb\":{\"@id\":\"https:\\\/\\\/nurlernen.de\\\/physik\\\/physik-inhalte\\\/#breadcrumb\"},\"inLanguage\":\"de\",\"potentialAction\":[{\"@type\":\"ReadAction\",\"target\":[\"https:\\\/\\\/nurlernen.de\\\/physik\\\/physik-inhalte\\\/\"]}]},{\"@type\":\"BreadcrumbList\",\"@id\":\"https:\\\/\\\/nurlernen.de\\\/physik\\\/physik-inhalte\\\/#breadcrumb\",\"itemListElement\":[{\"@type\":\"ListItem\",\"position\":1,\"name\":\"Startseite\",\"item\":\"https:\\\/\\\/nurlernen.de\\\/physik\\\/\"},{\"@type\":\"ListItem\",\"position\":2,\"name\":\"Physik Lernbereich\"}]},{\"@type\":\"WebSite\",\"@id\":\"https:\\\/\\\/nurlernen.de\\\/physik\\\/#website\",\"url\":\"https:\\\/\\\/nurlernen.de\\\/physik\\\/\",\"name\":\"Physik Lernen\",\"description\":\"Kostenlose \u00dcbungen zur Klausur- und Abi-Vorbereitung\",\"publisher\":{\"@id\":\"https:\\\/\\\/nurlernen.de\\\/physik\\\/#organization\"},\"potentialAction\":[{\"@type\":\"SearchAction\",\"target\":{\"@type\":\"EntryPoint\",\"urlTemplate\":\"https:\\\/\\\/nurlernen.de\\\/physik\\\/?s={search_term_string}\"},\"query-input\":{\"@type\":\"PropertyValueSpecification\",\"valueRequired\":true,\"valueName\":\"search_term_string\"}}],\"inLanguage\":\"de\"},{\"@type\":\"Organization\",\"@id\":\"https:\\\/\\\/nurlernen.de\\\/physik\\\/#organization\",\"name\":\"Physik Lernen\",\"url\":\"https:\\\/\\\/nurlernen.de\\\/physik\\\/\",\"logo\":{\"@type\":\"ImageObject\",\"inLanguage\":\"de\",\"@id\":\"https:\\\/\\\/nurlernen.de\\\/physik\\\/#\\\/schema\\\/logo\\\/image\\\/\",\"url\":\"https:\\\/\\\/nurlernen.de\\\/physik\\\/wp-content\\\/uploads\\\/sites\\\/3\\\/2025\\\/07\\\/l_100040_a_de.png\",\"contentUrl\":\"https:\\\/\\\/nurlernen.de\\\/physik\\\/wp-content\\\/uploads\\\/sites\\\/3\\\/2025\\\/07\\\/l_100040_a_de.png\",\"width\":530,\"height\":530,\"caption\":\"Physik Lernen\"},\"image\":{\"@id\":\"https:\\\/\\\/nurlernen.de\\\/physik\\\/#\\\/schema\\\/logo\\\/image\\\/\"},\"sameAs\":[\"https:\\\/\\\/www.instagram.com\\\/nurlernen.de\\\/\"]}]}<\/script>\n<!-- \/ Yoast SEO plugin. -->","yoast_head_json":{"title":"Physik Inhalte","description":"Du befindest dich im Physik-Lernzentrum. Hier siehst du die Inhalte, die dir zur Verf\u00fcgung stehen.","robots":{"index":"index","follow":"follow","max-snippet":"max-snippet:-1","max-image-preview":"max-image-preview:large","max-video-preview":"max-video-preview:-1"},"canonical":"https:\/\/nurlernen.de\/physik\/physik-inhalte\/","og_locale":"de_DE","og_type":"article","og_title":"Physik Inhalte","og_description":"Du befindest dich im Physik-Lernzentrum. Hier siehst du die Inhalte, die dir zur Verf\u00fcgung stehen.","og_url":"https:\/\/nurlernen.de\/physik\/physik-inhalte\/","og_site_name":"Physik Lernen","article_modified_time":"2025-12-11T08:00:26+00:00","twitter_card":"summary_large_image","twitter_misc":{"Gesch\u00e4tzte Lesezeit":"1\u00a0Minute"},"schema":{"@context":"https:\/\/schema.org","@graph":[{"@type":"WebPage","@id":"https:\/\/nurlernen.de\/physik\/physik-inhalte\/","url":"https:\/\/nurlernen.de\/physik\/physik-inhalte\/","name":"Physik Inhalte","isPartOf":{"@id":"https:\/\/nurlernen.de\/physik\/#website"},"datePublished":"2021-07-17T17:27:03+00:00","dateModified":"2025-12-11T08:00:26+00:00","description":"Du befindest dich im Physik-Lernzentrum. Hier siehst du die Inhalte, die dir zur Verf\u00fcgung stehen.","breadcrumb":{"@id":"https:\/\/nurlernen.de\/physik\/physik-inhalte\/#breadcrumb"},"inLanguage":"de","potentialAction":[{"@type":"ReadAction","target":["https:\/\/nurlernen.de\/physik\/physik-inhalte\/"]}]},{"@type":"BreadcrumbList","@id":"https:\/\/nurlernen.de\/physik\/physik-inhalte\/#breadcrumb","itemListElement":[{"@type":"ListItem","position":1,"name":"Startseite","item":"https:\/\/nurlernen.de\/physik\/"},{"@type":"ListItem","position":2,"name":"Physik Lernbereich"}]},{"@type":"WebSite","@id":"https:\/\/nurlernen.de\/physik\/#website","url":"https:\/\/nurlernen.de\/physik\/","name":"Physik Lernen","description":"Kostenlose \u00dcbungen zur Klausur- und Abi-Vorbereitung","publisher":{"@id":"https:\/\/nurlernen.de\/physik\/#organization"},"potentialAction":[{"@type":"SearchAction","target":{"@type":"EntryPoint","urlTemplate":"https:\/\/nurlernen.de\/physik\/?s={search_term_string}"},"query-input":{"@type":"PropertyValueSpecification","valueRequired":true,"valueName":"search_term_string"}}],"inLanguage":"de"},{"@type":"Organization","@id":"https:\/\/nurlernen.de\/physik\/#organization","name":"Physik Lernen","url":"https:\/\/nurlernen.de\/physik\/","logo":{"@type":"ImageObject","inLanguage":"de","@id":"https:\/\/nurlernen.de\/physik\/#\/schema\/logo\/image\/","url":"https:\/\/nurlernen.de\/physik\/wp-content\/uploads\/sites\/3\/2025\/07\/l_100040_a_de.png","contentUrl":"https:\/\/nurlernen.de\/physik\/wp-content\/uploads\/sites\/3\/2025\/07\/l_100040_a_de.png","width":530,"height":530,"caption":"Physik Lernen"},"image":{"@id":"https:\/\/nurlernen.de\/physik\/#\/schema\/logo\/image\/"},"sameAs":["https:\/\/www.instagram.com\/nurlernen.de\/"]}]}},"_links":{"self":[{"href":"https:\/\/nurlernen.de\/physik\/wp-json\/wp\/v2\/pages\/1472","targetHints":{"allow":["GET"]}}],"collection":[{"href":"https:\/\/nurlernen.de\/physik\/wp-json\/wp\/v2\/pages"}],"about":[{"href":"https:\/\/nurlernen.de\/physik\/wp-json\/wp\/v2\/types\/page"}],"author":[{"embeddable":true,"href":"https:\/\/nurlernen.de\/physik\/wp-json\/wp\/v2\/users\/1"}],"replies":[{"embeddable":true,"href":"https:\/\/nurlernen.de\/physik\/wp-json\/wp\/v2\/comments?post=1472"}],"version-history":[{"count":2,"href":"https:\/\/nurlernen.de\/physik\/wp-json\/wp\/v2\/pages\/1472\/revisions"}],"predecessor-version":[{"id":2936,"href":"https:\/\/nurlernen.de\/physik\/wp-json\/wp\/v2\/pages\/1472\/revisions\/2936"}],"wp:attachment":[{"href":"https:\/\/nurlernen.de\/physik\/wp-json\/wp\/v2\/media?parent=1472"}],"curies":[{"name":"wp","href":"https:\/\/api.w.org\/{rel}","templated":true}]}}